I/Choreographer( 1200): Skipped 81 frames! The application may be doing too much work on its main thread.
I/Choreographer( 1200): Skipped 74 frames! The application may be doing too much work on its main thread.
I/Choreographer( 482): Skipped 51 frames! The application may be doing too much work on its main thread.
I/Choreographer( 1200): Skipped 115 frames! The application may be doing too much work on its main thread.
D/CordovaActivity( 1200): Incoming Result
D/CordovaActivity( 1200): Request code = 1
D/CordovaActivity( 1200): We have a callback to send this result to
D/CordovaActivity( 1200): Resuming the App
I/Choreographer( 1200): Skipped 98 frames! The application may be doing too much work on its main thread.
I/Choreographer( 1200): Skipped 147 frames! The application may be doing too much work on its main thread.
I/Choreographer( 482): Skipped 43 frames! The application may be doing too much work on its main thread.
I/Choreographer( 482): Skipped 56 frames! The application may be doing too much work on its main thread.
I/Choreographer( 482): Skipped 58 frames! The application may be doing too much work on its main thread.
I/Choreographer( 482): Skipped 60 frames! The application may be doing too much work on its main thread.
I/Choreographer( 482): Skipped 41 frames! The application may be doing too much work on its main thread.
I/Choreographer( 482): Skipped 41 frames! The application may be doing too much work on its main thread.
I/Choreographer( 482): Skipped 45 frames! The application may be doing too much work on its main thread.
I/Choreographer( 482): Skipped 51 frames! The application may be doing too much work on its main thread.
I/Choreographer( 482): Skipped 36 frames! The application may be doing too much work on its main thread.
I/Choreographer( 482): Skipped 42 frames! The application may be doing too much work on its main thread.
I/Choreographer( 482): Skipped 53 frames! The application may be doing too much work on its main thread.
I/Choreographer( 482): Skipped 55 frames! The application may be doing too much work on its main thread.
I/Choreographer( 482): Skipped 65 frames! The application may be doing too much work on its main thread.
I/Choreographer( 482): Skipped 46 frames! The application may be doing too much work on its main thread.
I/Choreographer( 482): Skipped 38 frames! The application may be doing too much work on its main thread.
I/Choreographer( 482): Skipped 52 frames! The application may be doing too much work on its main thread.
I/Choreographer( 482): Skipped 33 frames! The application may be doing too much work on its main thread.
I/Choreographer( 482): Skipped 62 frames! The application may be doing too much work on its main thread.
I/Choreographer( 482): Skipped 159 frames! The application may be doing too much work on its main thread.
I/Choreographer( 482): Skipped 41 frames! The application may be doing too much work on its main thread.
I/Choreographer( 1200): Skipped 1573 frames! The application may be doing too much work on its main thread.
I/Choreographer( 482): Skipped 188 frames! The application may be doing too much work on its main thread.
I/Choreographer( 1200): Skipped 129 frames! The application may be doing too much work on its main thread.
I/Choreographer( 482): Skipped 48 frames! The application may be doing too much work on its main thread.
I/Choreographer( 482): Skipped 36 frames! The application may be doing too much work on its main thread.
I/Choreographer( 482): Skipped 30 frames! The application may be doing too much work on its main thread.
I/dalvikvm( 1200): Jit: resizing JitTable from 4096 to 8192
I/Choreographer( 1200): Skipped 364 frames! The application may be doing too much work on its main thread.
I/Choreographer( 482): Skipped 40 frames! The application may be doing too much work on its main thread.
I/Choreographer( 482): Skipped 44 frames! The application may be doing too much work on its main thread.
I/Choreographer( 482): Skipped 67 frames! The application may be doing too much work on its main thread.
I/Choreographer( 482): Skipped 133 frames! The application may be doing too much work on its main thread.
I/Choreographer( 482): Skipped 33 frames! The application may be doing too much work on its main thread.
D/dalvikvm( 1200): GC_CONCURRENT freed 1572K, 20% free 6802K/8460K, paused 46ms+280ms, total 1915ms
I/Choreographer( 1200): Skipped 681 frames! The application may be doing too much work on its main thread.
W/IdleConnectionHandler( 1200): Removing a connection that never existed!
W/IdleConnectionHandler( 1200): Removing a connection that never existed!
W/IdleConnectionHandler( 1200): Removing a connection that never existed!
I/Choreographer( 1200): Skipped 121 frames! The application may be doing too much work on its main thread.
I/Choreographer( 1200): Skipped 35 frames! The application may be doing too much work on its main thread.
E/SoundPool( 482): error loading /system/media/audio/ui/Effect_Tick.ogg
W/AudioService( 482): Soundpool could not load file: /system/media/audio/ui/Effect_Tick.ogg
E/SoundPool( 482): error loading /system/media/audio/ui/Effect_Tick.ogg
W/AudioService( 482): Soundpool could not load file: /system/media/audio/ui/Effect_Tick.ogg
E/SoundPool( 482): error loading /system/media/audio/ui/Effect_Tick.ogg
W/AudioService( 482): Soundpool could not load file: /system/media/audio/ui/Effect_Tick.ogg
I/Choreographer( 1200): Skipped 95 frames! The application may be doing too much work on its main thread.
E/SoundPool( 482): error loading /system/media/audio/ui/Effect_Tick.ogg
W/AudioService( 482): Soundpool could not load file: /system/media/audio/ui/Effect_Tick.ogg
W/InputMethodManagerService( 482): Window already focused, ignoring focus gain of: com.android.internal.view.IInputMethodClient$Stub$Proxy@b302c220 attribute=null, token = android.os.BinderProxy@b302d948
I/Choreographer( 482): Skipped 45 frames! The application may be doing too much work on its main thread.
E/SoundPool( 482): error loading /system/media/audio/ui/Effect_Tick.ogg
W/AudioService( 482): Soundpool could not load file: /system/media/audio/ui/Effect_Tick.ogg
I/Choreographer( 482): Skipped 72 frames! The application may be doing too much work on its main thread.
E/SoundPool( 482): error loading /system/media/audio/ui/KeypressStandard.ogg
W/AudioService( 482): Soundpool could not load file: /system/media/audio/ui/KeypressStandard.ogg
E/SoundPool( 482): error loading /system/media/audio/ui/KeypressSpacebar.ogg
W/AudioService( 482): Soundpool could not load file: /system/media/audio/ui/KeypressSpacebar.ogg
E/SoundPool( 482): error loading /system/media/audio/ui/KeypressDelete.ogg
W/AudioService( 482): Soundpool could not load file: /system/media/audio/ui/KeypressDelete.ogg
E/SoundPool( 482): error loading /system/media/audio/ui/KeypressReturn.ogg
W/AudioService( 482): Soundpool could not load file: /system/media/audio/ui/KeypressReturn.ogg
E/SoundPool( 482): error loading /system/media/audio/ui/KeypressInvalid.ogg
W/AudioService( 482): Soundpool could not load file: /system/media/audio/ui/KeypressInvalid.ogg
W/AudioService( 482): onLoadSoundEffects(), Error -1 while loading samples
I/Choreographer( 1200): Skipped 128 frames! The application may be doing too much work on its main thread.
I/Choreographer( 482): Skipped 189 frames! The application may be doing too much work on its main thread.
I/Choreographer( 482): Skipped 185 frames! The application may be doing too much work on its main thread.
I/Choreographer( 1200): Skipped 40 frames! The application may be doing too much work on its main thread.
W/ProcessCpuTracker( 482): Skipping unknown process pid 2096
E/SoundPool( 482): error loading /system/media/audio/ui/Effect_Tick.ogg
W/AudioService( 482): Soundpool could not load file: /system/media/audio/ui/Effect_Tick.ogg
E/SoundPool( 482): error loading /system/media/audio/ui/Effect_Tick.ogg
W/AudioService( 482): Soundpool could not load file: /system/media/audio/ui/Effect_Tick.ogg
E/SoundPool( 482): error loading /system/media/audio/ui/Effect_Tick.ogg
W/AudioService( 482): Soundpool could not load file: /system/media/audio/ui/Effect_Tick.ogg
I/Choreographer( 1200): Skipped 93 frames! The application may be doing too much work on its main thread.
E/SoundPool( 482): error loading /system/media/audio/ui/Effect_Tick.ogg
W/AudioService( 482): Soundpool could not load file: /system/media/audio/ui/Effect_Tick.ogg
I/Choreographer( 482): Skipped 41 frames! The application may be doing too much work on its main thread.
W/InputMethodManagerService( 482): Window already focused, ignoring focus gain of: com.android.internal.view.IInputMethodClient$Stub$Proxy@b3076eb0 attribute=null, token = android.os.BinderProxy@b302d948
E/SoundPool( 482): error loading /system/media/audio/ui/Effect_Tick.ogg
W/AudioService( 482): Soundpool could not load file: /system/media/audio/ui/Effect_Tick.ogg
E/SoundPool( 482): error loading /system/media/audio/ui/KeypressStandard.ogg
W/AudioService( 482): Soundpool could not load file: /system/media/audio/ui/KeypressStandard.ogg
E/SoundPool( 482): error loading /system/media/audio/ui/KeypressSpacebar.ogg
W/AudioService( 482): Soundpool could not load file: /system/media/audio/ui/KeypressSpacebar.ogg
E/SoundPool( 482): error loading /system/media/audio/ui/KeypressDelete.ogg
W/AudioService( 482): Soundpool could not load file: /system/media/audio/ui/KeypressDelete.ogg
I/Choreographer( 482): Skipped 72 frames! The application may be doing too much work on its main thread.
E/SoundPool( 482): error loading /system/media/audio/ui/KeypressReturn.ogg
W/AudioService( 482): Soundpool could not load file: /system/media/audio/ui/KeypressReturn.ogg
E/SoundPool( 482): error loading /system/media/audio/ui/KeypressInvalid.ogg
W/AudioService( 482): Soundpool could not load file: /system/media/audio/ui/KeypressInvalid.ogg
W/AudioService( 482): onLoadSoundEffects(), Error -1 while loading samples
I/Choreographer( 482): Skipped 75 frames! The application may be doing too much work on its main thread.
D/dalvikvm( 482): GC_CONCURRENT freed 601K, 11% free 5686K/6380K, paused 21ms+15ms, total 300ms
I/ActivityManager( 482): START u0 {cmp=com.finys.prototype.insured/com.paypal.android.sdk.payments.PaymentActivity (has extras)} from pid 1200
D/CordovaActivity( 1200): Paused the application!
D/CordovaWebView( 1200): Handle the pause
W/PluginManager( 1200): THREAD WARNING: exec() call to PayPalMobile.renderSinglePaymentUI blocked the main thread for 221ms. Plugin should use CordovaInterface.getThreadPool().
D/dalvikvm( 1200): GC_FOR_ALLOC freed 1317K, 21% free 6700K/8460K, paused 227ms, total 232ms
I/dalvikvm-heap( 1200): Grow heap (frag case) to 6.940MB for 330016-byte allocation
I/Choreographer( 482): Skipped 40 frames! The application may be doing too much work on its main thread.
D/dalvikvm( 1200): GC_FOR_ALLOC freed 1K, 21% free 7021K/8784K, paused 1209ms, total 1209ms
I/Choreographer( 482): Skipped 35 frames! The application may be doing too much work on its main thread.
W/paypal.sdk( 1200): PayPalService created. PayPalSDK/PayPal-Android-SDK 2.10.0 (Android 4.4.4; unknown sdk; )
I/Choreographer( 482): Skipped 45 frames! The application may be doing too much work on its main thread.
I/Choreographer( 482): Skipped 43 frames! The application may be doing too much work on its main thread.
I/Choreographer( 482): Skipped 33 frames! The application may be doing too much work on its main thread.
I/Choreographer( 1200): Skipped 988 frames! The application may be doing too much work on its main thread.
I/Choreographer( 482): Skipped 47 frames! The application may be doing too much work on its main thread.
I/Choreographer( 482): Skipped 66 frames! The application may be doing too much work on its main thread.
W/PaymentActivity( 1200): Please add PayPalService.EXTRA_PAYPAL_CONFIGURATION to this activity for restart resiliency.
I/Choreographer( 482): Skipped 35 frames! The application may be doing too much work on its main thread.
I/Choreographer( 482): Skipped 32 frames! The application may be doing too much work on its main thread.
I/Choreographer( 1200): Skipped 310 frames! The application may be doing too much work on its main thread.
I/Choreographer( 482): Skipped 91 frames! The application may be doing too much work on its main thread.
I/Choreographer( 482): Skipped 173 frames! The application may be doing too much work on its main thread.
I/Choreographer( 482): Skipped 76 frames! The application may be doing too much work on its main thread.
I/Choreographer( 482): Skipped 58 frames! The application may be doing too much work on its main thread.
I/Choreographer( 482): Skipped 84 frames! The application may be doing too much work on its main thread.
I/ActivityManager( 482): Displayed com.finys.prototype.insured/com.paypal.android.sdk.payments.PaymentActivity: +5s975ms
I/Choreographer( 482): Skipped 158 frames! The application may be doing too much work on its main thread.
I/Choreographer( 482): Skipped 45 frames! The application may be doing too much work on its main thread.
I/Choreographer( 1200): Skipped 580 frames! The application may be doing too much work on its main thread.
I/Choreographer( 1200): Skipped 70 frames! The application may be doing too much work on its main thread.
I/Choreographer( 1200): Skipped 59 frames! The application may be doing too much work on its main thread.
I/Choreographer( 1200): Skipped 54 frames! The application may be doing too much work on its main thread.
I/Choreographer( 1200): Skipped 52 frames! The application may be doing too much work on its main thread.
I/Choreographer( 1200): Skipped 32 frames! The application may be doing too much work on its main thread.
I/Choreographer( 1200): Skipped 38 frames! The application may be doing too much work on its main thread.
I/Choreographer( 1200): Skipped 33 frames! The application may be doing too much work on its main thread.
I/Choreographer( 1200): Skipped 83 frames! The application may be doing too much work on its main thread.
I/Choreographer( 1200): Skipped 55 frames! The application may be doing too much work on its main thread.
I/Choreographer( 1200): Skipped 135 frames! The application may be doing too much work on its main thread.
I/Choreographer( 1200): Skipped 31 frames! The application may be doing too much work on its main thread.
I/Choreographer( 1200): Skipped 56 frames! The application may be doing too much work on its main thread.
I/Choreographer( 1200): Skipped 30 frames! The application may be doing too much work on its main thread.
I/Choreographer( 1200): Skipped 35 frames! The application may be doing too much work on its main thread.
I/Choreographer( 1200): Skipped 42 frames! The application may be doing too much work on its main thread.
I/Choreographer( 1200): Skipped 45 frames! The application may be doing too much work on its main thread.
I/Choreographer( 1200): Skipped 35 frames! The application may be doing too much work on its main thread.
I/Choreographer( 1200): Skipped 53 frames! The application may be doing too much work on its main thread.
I/Choreographer( 1200): Skipped 56 frames! The application may be doing too much work on its main thread.
I/Choreographer( 1200): Skipped 42 frames! The application may be doing too much work on its main thread.
I/Choreographer( 1200): Skipped 73 frames! The application may be doing too much work on its main thread.
I/Choreographer( 1200): Skipped 37 frames! The application may be doing too much work on its main thread.
I/Choreographer( 1200): Skipped 41 frames! The application may be doing too much work on its main thread.
I/Choreographer( 1200): Skipped 38 frames! The application may be doing too much work on its main thread.
I/Choreographer( 1200): Skipped 32 frames! The application may be doing too much work on its main thread.
I/Choreographer( 1200): Skipped 33 frames! The application may be doing too much work on its main thread.
I/Choreographer( 1200): Skipped 32 frames! The application may be doing too much work on its main thread.
I/Choreographer( 1200): Skipped 34 frames! The application may be doing too much work on its main thread.
I/Choreographer( 1200): Skipped 38 frames! The application may be doing too much work on its main thread.
I/Choreographer( 1200): Skipped 39 frames! The application may be doing too much work on its main thread.
I/Choreographer( 1200): Skipped 44 frames! The application may be doing too much work on its main thread.
I/Choreographer( 1200): Skipped 38 frames! The application may be doing too much work on its main thread.
I/Choreographer( 1200): Skipped 37 frames! The application may be doing too much work on its main thread.
I/Choreographer( 1200): Skipped 40 frames! The application may be doing too much work on its main thread.
I/Choreographer( 1200): Skipped 33 frames! The application may be doing too much work on its main thread.
I/Choreographer( 1200): Skipped 53 frames! The application may be doing too much work on its main thread.
I/Choreographer( 1200): Skipped 101 frames! The application may be doing too much work on its main thread.
I/Choreographer( 1200): Skipped 105 frames! The application may be doing too much work on its main thread.
I/Choreographer( 1200): Skipped 77 frames! The application may be doing too much work on its main thread.
I/Choreographer( 1200): Skipped 44 frames! The application may be doing too much work on its main thread.
I/Choreographer( 1200): Skipped 44 frames! The application may be doing too much work on its main thread.
I/Choreographer( 1200): Skipped 40 frames! The application may be doing too much work on its main thread.
I/Choreographer( 1200): Skipped 31 frames! The application may be doing too much work on its main thread.
I/Choreographer( 1200): Skipped 32 frames! The application may be doing too much work on its main thread.
I/Choreographer( 1200): Skipped 37 frames! The application may be doing too much work on its main thread.
I/Choreographer( 1200): Skipped 32 frames! The application may be doing too much work on its main thread.
I/Choreographer( 1200): Skipped 40 frames! The application may be doing too much work on its main thread.
I/Choreographer( 1200): Skipped 39 frames! The application may be doing too much work on its main thread.
I/Choreographer( 1200): Skipped 37 frames! The application may be doing too much work on its main thread.
I/Choreographer( 1200): Skipped 41 frames! The application may be doing too much work on its main thread.
I/Choreographer( 1200): Skipped 35 frames! The application may be doing too much work on its main thread.
I/Choreographer( 1200): Skipped 30 frames! The application may be doing too much work on its main thread.
I/Choreographer( 1200): Skipped 41 frames! The application may be doing too much work on its main thread.
I/Choreographer( 1200): Skipped 39 frames! The application may be doing too much work on its main thread.
I/Choreographer( 1200): Skipped 33 frames! The application may be doing too much work on its main thread.
I/Choreographer( 1200): Skipped 30 frames! The application may be doing too much work on its main thread.
I/Choreographer( 1200): Skipped 33 frames! The application may be doing too much work on its main thread.
I/Choreographer( 1200): Skipped 49 frames! The application may be doing too much work on its main thread.
I/Choreographer( 1200): Skipped 34 frames! The application may be doing too much work on its main thread.
I/Choreographer( 1200): Skipped 62 frames! The application may be doing too much work on its main thread.
I/Choreographer( 1200): Skipped 41 frames! The application may be doing too much work on its main thread.
I/Choreographer( 1200): Skipped 34 frames! The application may be doing too much work on its main thread.
I/Choreographer( 1200): Skipped 126 frames! The application may be doing too much work on its main thread.
I/Choreographer( 1200): Skipped 31 frames! The application may be doing too much work on its main thread.
I/Choreographer( 1200): Skipped 31 frames! The application may be doing too much work on its main thread.
I/Choreographer( 1200): Skipped 49 frames! The application may be doing too much work on its main thread.
I/Choreographer( 1200): Skipped 41 frames! The application may be doing too much work on its main thread.
I/Choreographer( 1200): Skipped 51 frames! The application may be doing too much work on its main thread.
I/Choreographer( 1200): Skipped 60 frames! The application may be doing too much work on its main thread.
I/Choreographer( 1200): Skipped 39 frames! The application may be doing too much work on its main thread.
D/dalvikvm( 1200): GC_CONCURRENT freed 2609K, 34% free 5846K/8784K, paused 96ms+83ms, total 2660ms
I/Choreographer( 1200): Skipped 36 frames! The application may be doing too much work on its main thread.
I/Choreographer( 1200): Skipped 33 frames! The application may be doing too much work on its main thread.
I/Choreographer( 1200): Skipped 41 frames! The application may be doing too much work on its main thread.
I/Choreographer( 1200): Skipped 35 frames! The application may be doing too much work on its main thread.
I/Choreographer( 1200): Skipped 37 frames! The application may be doing too much work on its main thread.
I/Choreographer( 1200): Skipped 34 frames! The application may be doing too much work on its main thread.
W/paypal.sdk( 1200): cv SN:35 PayPal Debug-ID: 1d98eabbdc145 [sandbox, 2.10.0;release]
I/ActivityManager( 482): START u0 {cmp=com.finys.prototype.insured/com.paypal.android.sdk.payments.PaymentMethodActivity (has extras)} from pid 1200
I/Choreographer( 1200): Skipped 89 frames! The application may be doing too much work on its main thread.
I/Choreographer( 1200): Skipped 88 frames! The application may be doing too much work on its main thread.
I/Choreographer( 1200): Skipped 830 frames! The application may be doing too much work on its main thread.
I/Choreographer( 482): Skipped 30 frames! The application may be doing too much work on its main thread.
I/Choreographer( 482): Skipped 30 frames! The application may be doing too much work on its main thread.
I/Choreographer( 482): Skipped 35 frames! The application may be doing too much work on its main thread.
I/Choreographer( 482): Skipped 31 frames! The application may be doing too much work on its main thread.
I/Choreographer( 1200): Skipped 965 frames! The application may be doing too much work on its main thread.
I/Choreographer( 482): Skipped 42 frames! The application may be doing too much work on its main thread.
I/Choreographer( 482): Skipped 36 frames! The application may be doing too much work on its main thread.
I/Choreographer( 482): Skipped 79 frames! The application may be doing too much work on its main thread.
I/Choreographer( 482): Skipped 47 frames! The application may be doing too much work on its main thread.
I/Choreographer( 482): Skipped 45 frames! The application may be doing too much work on its main thread.
I/ActivityManager( 482): START u0 {cmp=com.finys.prototype.insured/com.paypal.android.sdk.payments.PaymentConfirmActivity (has extras)} from pid 1200
I/Choreographer( 482): Skipped 91 frames! The application may be doing too much work on its main thread.
I/Choreographer( 1200): Skipped 582 frames! The application may be doing too much work on its main thread.
I/Choreographer( 482): Skipped 82 frames! The application may be doing too much work on its main thread.
W/ActivityManager( 482): Activity pause timeout for ActivityRecord{b2ff3ac0 u0 com.finys.prototype.insured/com.paypal.android.sdk.payments.PaymentMethodActivity t2}
I/Choreographer( 1200): Skipped 535 frames! The application may be doing too much work on its main thread.
I/Choreographer( 482): Skipped 126 frames! The application may be doing too much work on its main thread.
I/Choreographer( 482): Skipped 51 frames! The application may be doing too much work on its main thread.
I/Choreographer( 482): Skipped 30 frames! The application may be doing too much work on its main thread.
D/dalvikvm( 1200): GC_CONCURRENT freed 446K, 27% free 6450K/8780K, paused 13ms+72ms, total 942ms
D/dalvikvm( 1200): WAIT_FOR_CONCURRENT_GC blocked 263ms
I/Choreographer( 1200): Skipped 833 frames! The application may be doing too much work on its main thread.
I/Choreographer( 482): Skipped 33 frames! The application may be doing too much work on its main thread.
I/Choreographer( 482): Skipped 35 frames! The application may be doing too much work on its main thread.
I/Choreographer( 482): Skipped 35 frames! The application may be doing too much work on its main thread.
I/Choreographer( 482): Skipped 44 frames! The application may be doing too much work on its main thread.
I/Choreographer( 482): Skipped 60 frames! The application may be doing too much work on its main thread.
I/Choreographer( 482): Skipped 78 frames! The application may be doing too much work on its main thread.
I/Choreographer( 1200): Skipped 546 frames! The application may be doing too much work on its main thread.
I/Choreographer( 482): Skipped 39 frames! The application may be doing too much work on its main thread.
I/Choreographer( 482): Skipped 51 frames! The application may be doing too much work on its main thread.
I/Choreographer( 482): Skipped 320 frames! The application may be doing too much work on its main thread.
I/Choreographer( 482): Skipped 46 frames! The application may be doing too much work on its main thread.
I/Choreographer( 482): Skipped 88 frames! The application may be doing too much work on its main thread.
I/Choreographer( 1200): Skipped 687 frames! The application may be doing too much work on its main thread.
I/Choreographer( 482): Skipped 115 frames! The application may be doing too much work on its main thread.
I/Choreographer( 482): Skipped 194 frames! The application may be doing too much work on its main thread.
I/Choreographer( 1200): Skipped 431 frames! The application may be doing too much work on its main thread.
E/NetdConnector( 482): NDC Command {74 bandwidth gettetherstats} took too long (536ms)
I/Choreographer( 482): Skipped 37 frames! The application may be doing too much work on its main thread.
I/ActivityManager( 482): Displayed com.finys.prototype.insured/com.paypal.android.sdk.payments.PaymentConfirmActivity: +4s981ms (total +9s326ms)
I/Choreographer( 482): Skipped 59 frames! The application may be doing too much work on its main thread.
I/Choreographer( 482): Skipped 65 frames! The application may be doing too much work on its main thread.
I/Choreographer( 482): Skipped 48 frames! The application may be doing too much work on its main thread.
I/Choreographer( 1200): Skipped 198 frames! The application may be doing too much work on its main thread.
I/Choreographer( 482): Skipped 124 frames! The application may be doing too much work on its main thread.
W/ActivityManager( 482): Launch timeout has expired, giving up wake lock!
I/Choreographer( 1200): Skipped 226 frames! The application may be doing too much work on its main thread.
I/Choreographer( 1200): Skipped 156 frames! The application may be doing too much work on its main thread.
I/Choreographer( 1200): Skipped 64 frames! The application may be doing too much work on its main thread.
I/Choreographer( 1200): Skipped 38 frames! The application may be doing too much work on its main thread.
I/Choreographer( 1200): Skipped 34 frames! The application may be doing too much work on its main thread.
D/MobileDataStateTracker( 482): default: setPolicyDataEnable(enabled=true)
I/Choreographer( 1200): Skipped 55 frames! The application may be doing too much work on its main thread.
I/Choreographer( 1200): Skipped 32 frames! The application may be doing too much work on its main thread.
I/Choreographer( 1200): Skipped 32 frames! The application may be doing too much work on its main thread.
I/Choreographer( 1200): Skipped 31 frames! The application may be doing too much work on its main thread.
I/Choreographer( 1200): Skipped 43 frames! The application may be doing too much work on its main thread.
I/Choreographer( 1200): Skipped 58 frames! The application may be doing too much work on its main thread.
I/Choreographer( 1200): Skipped 46 frames! The application may be doing too much work on its main thread.
I/Choreographer( 1200): Skipped 61 frames! The application may be doing too much work on its main thread.
I/Choreographer( 1200): Skipped 56 frames! The application may be doing too much work on its main thread.
I/Choreographer( 1200): Skipped 34 frames! The application may be doing too much work on its main thread.
I/Choreographer( 1200): Skipped 46 frames! The application may be doing too much work on its main thread.
I/Choreographer( 1200): Skipped 47 frames! The application may be doing too much work on its main thread.
I/Choreographer( 1200): Skipped 38 frames! The application may be doing too much work on its main thread.
I/Choreographer( 1200): Skipped 35 frames! The application may be doing too much work on its main thread.
I/Choreographer( 1200): Skipped 355 frames! The application may be doing too much work on its main thread.
I/Choreographer( 1200): Skipped 95 frames! The application may be doing too much work on its main thread.
I/Choreographer( 1200): Skipped 52 frames! The application may be doing too much work on its main thread.
I/Choreographer( 1200): Skipped 97 frames! The application may be doing too much work on its main thread.
I/Choreographer( 1200): Skipped 36 frames! The application may be doing too much work on its main thread.
I/Choreographer( 1200): Skipped 51 frames! The application may be doing too much work on its main thread.
I/Choreographer( 1200): Skipped 47 frames! The application may be doing too much work on its main thread.
I/Choreographer( 1200): Skipped 42 frames! The application may be doing too much work on its main thread.
I/Choreographer( 1200): Skipped 43 frames! The application may be doing too much work on its main thread.
I/Choreographer( 1200): Skipped 38 frames! The application may be doing too much work on its main thread.
I/Choreographer( 1200): Skipped 81 frames! The application may be doing too much work on its main thread.
I/Choreographer( 1200): Skipped 37 frames! The application may be doing too much work on its main thread.
I/Choreographer( 1200): Skipped 60 frames! The application may be doing too much work on its main thread.
I/Choreographer( 1200): Skipped 75 frames! The application may be doing too much work on its main thread.
I/Choreographer( 1200): Skipped 41 frames! The application may be doing too much work on its main thread.
I/Choreographer( 1200): Skipped 42 frames! The application may be doing too much work on its main thread.
I/Choreographer( 1200): Skipped 41 frames! The application may be doing too much work on its main thread.
I/Choreographer( 1200): Skipped 67 frames! The application may be doing too much work on its main thread.
I/Choreographer( 1200): Skipped 31 frames! The application may be doing too much work on its main thread.
I/Choreographer( 1200): Skipped 47 frames! The application may be doing too much work on its main thread.
I/Choreographer( 1200): Skipped 32 frames! The application may be doing too much work on its main thread.
I/Choreographer( 1200): Skipped 41 frames! The application may be doing too much work on its main thread.
I/Choreographer( 1200): Skipped 60 frames! The application may be doing too much work on its main thread.
W/paypal.sdk( 1200): ck SN:42 PayPal Debug-ID: edcaf0b2e0d1a [sandbox, 2.10.0;release]
I/Choreographer( 1200): Skipped 101 frames! The application may be doing too much work on its main thread.
I/Choreographer( 1200): Skipped 40 frames! The application may be doing too much work on its main thread.
I/Choreographer( 1200): Skipped 211 frames! The application may be doing too much work on its main thread.
I/Choreographer( 482): Skipped 35 frames! The application may be doing too much work on its main thread.
I/Choreographer( 482): Skipped 42 frames! The application may be doing too much work on its main thread.
I/Choreographer( 482): Skipped 49 frames! The application may be doing too much work on its main thread.
W/InputMethodManagerService( 482): Window already focused, ignoring focus gain of: com.android.internal.view.IInputMethodClient$Stub$Proxy@b306a2d8 attribute=null, token = android.os.BinderProxy@b2fbbe58
I/Choreographer( 1200): Skipped 156 frames! The application may be doing too much work on its main thread.
E/SoundPool( 482): error loading /system/media/audio/ui/Effect_Tick.ogg
W/AudioService( 482): Soundpool could not load file: /system/media/audio/ui/Effect_Tick.ogg
E/SoundPool( 482): error loading /system/media/audio/ui/Effect_Tick.ogg
W/AudioService( 482): Soundpool could not load file: /system/media/audio/ui/Effect_Tick.ogg
E/SoundPool( 482): error loading /system/media/audio/ui/Effect_Tick.ogg
W/AudioService( 482): Soundpool could not load file: /system/media/audio/ui/Effect_Tick.ogg
I/Choreographer( 1200): Skipped 78 frames! The application may be doing too much work on its main thread.
E/SoundPool( 482): error loading /system/media/audio/ui/Effect_Tick.ogg
W/AudioService( 482): Soundpool could not load file: /system/media/audio/ui/Effect_Tick.ogg
E/SoundPool( 482): error loading /system/media/audio/ui/Effect_Tick.ogg
W/AudioService( 482): Soundpool could not load file: /system/media/audio/ui/Effect_Tick.ogg
E/SoundPool( 482): error loading /system/media/audio/ui/KeypressStandard.ogg
W/AudioService( 482): Soundpool could not load file: /system/media/audio/ui/KeypressStandard.ogg
E/SoundPool( 482): error loading /system/media/audio/ui/KeypressSpacebar.ogg
W/AudioService( 482): Soundpool could not load file: /system/media/audio/ui/KeypressSpacebar.ogg
E/SoundPool( 482): error loading /system/media/audio/ui/KeypressDelete.ogg
W/AudioService( 482): Soundpool could not load file: /system/media/audio/ui/KeypressDelete.ogg
E/SoundPool( 482): error loading /system/media/audio/ui/KeypressReturn.ogg
W/AudioService( 482): Soundpool could not load file: /system/media/audio/ui/KeypressReturn.ogg
E/SoundPool( 482): error loading /system/media/audio/ui/KeypressInvalid.ogg
W/AudioService( 482): Soundpool could not load file: /system/media/audio/ui/KeypressInvalid.ogg
W/AudioService( 482): onLoadSoundEffects(), Error -1 while loading samples
I/Choreographer( 1200): Skipped 149 frames! The application may be doing too much work on its main thread.
I/Choreographer( 482): Skipped 81 frames! The application may be doing too much work on its main thread.
I/Choreographer( 1200): Skipped 43 frames! The application may be doing too much work on its main thread.
I/Choreographer( 482): Skipped 53 frames! The application may be doing too much work on its main thread.
I/Choreographer( 1200): Skipped 73 frames! The application may be doing too much work on its main thread.
I/Choreographer( 482): Skipped 88 frames! The application may be doing too much work on its main thread.
I/Choreographer( 1200): Skipped 100 frames! The application may be doing too much work on its main thread.
I/Choreographer( 482): Skipped 35 frames! The application may be doing too much work on its main thread.
I/Choreographer( 1200): Skipped 31 frames! The application may be doing too much work on its main thread.
I/Choreographer( 482): Skipped 64 frames! The application may be doing too much work on its main thread.
I/Choreographer( 1200): Skipped 58 frames! The application may be doing too much work on its main thread.
I/Choreographer( 1200): Skipped 109 frames! The application may be doing too much work on its main thread.
I/Choreographer( 1200): Skipped 45 frames! The application may be doing too much work on its main thread.
I/Choreographer( 1200): Skipped 94 frames! The application may be doing too much work on its main thread.
I/Choreographer( 1200): Skipped 52 frames! The application may be doing too much work on its main thread.
I/Choreographer( 1200): Skipped 56 frames! The application may be doing too much work on its main thread.
I/Choreographer( 1200): Skipped 30 frames! The application may be doing too much work on its main thread.
I/Choreographer( 1200): Skipped 36 frames! The application may be doing too much work on its main thread.
I/Choreographer( 1200): Skipped 43 frames! The application may be doing too much work on its main thread.
I/Choreographer( 1200): Skipped 58 frames! The application may be doing too much work on its main thread.
I/Choreographer( 1200): Skipped 31 frames! The application may be doing too much work on its main thread.
I/Choreographer( 1200): Skipped 31 frames! The application may be doing too much work on its main thread.
I/Choreographer( 1200): Skipped 43 frames! The application may be doing too much work on its main thread.
I/Choreographer( 1200): Skipped 38 frames! The application may be doing too much work on its main thread.
I/Choreographer( 1200): Skipped 82 frames! The application may be doing too much work on its main thread.
I/Choreographer( 1200): Skipped 39 frames! The application may be doing too much work on its main thread.
I/Choreographer( 1200): Skipped 43 frames! The application may be doing too much work on its main thread.
I/Choreographer( 1200): Skipped 42 frames! The application may be doing too much work on its main thread.
I/Choreographer( 1200): Skipped 69 frames! The application may be doing too much work on its main thread.
I/Choreographer( 1200): Skipped 34 frames! The application may be doing too much work on its main thread.
I/Choreographer( 1200): Skipped 38 frames! The application may be doing too much work on its main thread.
I/Choreographer( 1200): Skipped 134 frames! The application may be doing too much work on its main thread.
I/Choreographer( 1200): Skipped 55 frames! The application may be doing too much work on its main thread.
I/Choreographer( 1200): Skipped 45 frames! The application may be doing too much work on its main thread.
I/Choreographer( 1200): Skipped 33 frames! The application may be doing too much work on its main thread.
I/Choreographer( 1200): Skipped 60 frames! The application may be doing too much work on its main thread.
I/Choreographer( 1200): Skipped 44 frames! The application may be doing too much work on its main thread.
I/Choreographer( 1200): Skipped 62 frames! The application may be doing too much work on its main thread.
I/Choreographer( 1200): Skipped 48 frames! The application may be doing too much work on its main thread.
I/Choreographer( 1200): Skipped 66 frames! The application may be doing too much work on its main thread.
I/Choreographer( 1200): Skipped 57 frames! The application may be doing too much work on its main thread.
I/Choreographer( 1200): Skipped 55 frames! The application may be doing too much work on its main thread.
I/Choreographer( 1200): Skipped 47 frames! The application may be doing too much work on its main thread.
I/Choreographer( 1200): Skipped 177 frames! The application may be doing too much work on its main thread.
I/Choreographer( 1200): Skipped 52 frames! The application may be doing too much work on its main thread.
I/Choreographer( 1200): Skipped 48 frames! The application may be doing too much work on its main thread.
I/Choreographer( 1200): Skipped 67 frames! The application may be doing too much work on its main thread.
I/Choreographer( 1200): Skipped 75 frames! The application may be doing too much work on its main thread.
I/Choreographer( 1200): Skipped 31 frames! The application may be doing too much work on its main thread.
I/Choreographer( 1200): Skipped 44 frames! The application may be doing too much work on its main thread.
I/Choreographer( 1200): Skipped 42 frames! The application may be doing too much work on its main thread.
I/Choreographer( 1200): Skipped 39 frames! The application may be doing too much work on its main thread.
I/Choreographer( 1200): Skipped 37 frames! The application may be doing too much work on its main thread.
I/Choreographer( 1200): Skipped 41 frames! The application may be doing too much work on its main thread.
I/Choreographer( 1200): Skipped 40 frames! The application may be doing too much work on its main thread.
I/Choreographer( 1200): Skipped 43 frames! The application may be doing too much work on its main thread.
I/Choreographer( 1200): Skipped 44 frames! The application may be doing too much work on its main thread.
I/Choreographer( 1200): Skipped 33 frames! The application may be doing too much work on its main thread.
I/Choreographer( 1200): Skipped 34 frames! The application may be doing too much work on its main thread.
I/Choreographer( 1200): Skipped 48 frames! The application may be doing too much work on its main thread.
I/Choreographer( 1200): Skipped 39 frames! The application may be doing too much work on its main thread.
I/Choreographer( 1200): Skipped 33 frames! The application may be doing too much work on its main thread.
I/Choreographer( 1200): Skipped 48 frames! The application may be doing too much work on its main thread.
I/Choreographer( 1200): Skipped 31 frames! The application may be doing too much work on its main thread.
I/Choreographer( 1200): Skipped 49 frames! The application may be doing too much work on its main thread.
I/Choreographer( 1200): Skipped 50 frames! The application may be doing too much work on its main thread.
I/Choreographer( 1200): Skipped 35 frames! The application may be doing too much work on its main thread.
I/Choreographer( 1200): Skipped 38 frames! The application may be doing too much work on its main thread.
I/Choreographer( 1200): Skipped 31 frames! The application may be doing too much work on its main thread.
I/Choreographer( 1200): Skipped 49 frames! The application may be doing too much work on its main thread.
I/Choreographer( 1200): Skipped 55 frames! The application may be doing too much work on its main thread.
W/paypal.sdk( 1200): ch SN:43 PayPal Debug-ID: df81240de2348 [sandbox, 2.10.0;release]
I/Choreographer( 1200): Skipped 45 frames! The application may be doing too much work on its main thread.
I/Choreographer( 1200): Skipped 41 frames! The application may be doing too much work on its main thread.
I/Choreographer( 1200): Skipped 34 frames! The application may be doing too much work on its main thread.
I/Choreographer( 1200): Skipped 118 frames! The application may be doing too much work on its main thread.
I/Choreographer( 1200): Skipped 36 frames! The application may be doing too much work on its main thread.
I/Choreographer( 1200): Skipped 31 frames! The application may be doing too much work on its main thread.
I/Choreographer( 1200): Skipped 45 frames! The application may be doing too much work on its main thread.
I/Choreographer( 1200): Skipped 46 frames! The application may be doing too much work on its main thread.
I/Choreographer( 1200): Skipped 146 frames! The application may be doing too much work on its main thread.
I/Choreographer( 1200): Skipped 132 frames! The application may be doing too much work on its main thread.
I/Choreographer( 1200): Skipped 49 frames! The application may be doing too much work on its main thread.
I/Choreographer( 1200): Skipped 47 frames! The application may be doing too much work on its main thread.
I/Choreographer( 1200): Skipped 47 frames! The application may be doing too much work on its main thread.
I/Choreographer( 1200): Skipped 31 frames! The application may be doing too much work on its main thread.
I/Choreographer( 1200): Skipped 44 frames! The application may be doing too much work on its main thread.
I/Choreographer( 1200): Skipped 61 frames! The application may be doing too much work on its main thread.
I/Choreographer( 1200): Skipped 33 frames! The application may be doing too much work on its main thread.
I/Choreographer( 1200): Skipped 43 frames! The application may be doing too much work on its main thread.
I/Choreographer( 1200): Skipped 48 frames! The application may be doing too much work on its main thread.
I/Choreographer( 1200): Skipped 38 frames! The application may be doing too much work on its main thread.
I/Choreographer( 1200): Skipped 35 frames! The application may be doing too much work on its main thread.
I/Choreographer( 1200): Skipped 42 frames! The application may be doing too much work on its main thread.
I/Choreographer( 1200): Skipped 32 frames! The application may be doing too much work on its main thread.
I/Choreographer( 1200): Skipped 69 frames! The application may be doing too much work on its main thread.
I/Choreographer( 1200): Skipped 37 frames! The application may be doing too much work on its main thread.
I/Choreographer( 1200): Skipped 32 frames! The application may be doing too much work on its main thread.
I/Choreographer( 1200): Skipped 76 frames! The application may be doing too much work on its main thread.
I/Choreographer( 1200): Skipped 40 frames! The application may be doing too much work on its main thread.
I/Choreographer( 1200): Skipped 55 frames! The application may be doing too much work on its main thread.
I/Choreographer( 1200): Skipped 31 frames! The application may be doing too much work on its main thread.
I/Choreographer( 1200): Skipped 36 frames! The application may be doing too much work on its main thread.
I/Choreographer( 1200): Skipped 45 frames! The application may be doing too much work on its main thread.
I/Choreographer( 1200): Skipped 30 frames! The application may be doing too much work on its main thread.
I/Choreographer( 1200): Skipped 42 frames! The application may be doing too much work on its main thread.
I/Choreographer( 1200): Skipped 51 frames! The application may be doing too much work on its main thread.
I/Choreographer( 1200): Skipped 68 frames! The application may be doing too much work on its main thread.
I/Choreographer( 1200): Skipped 41 frames! The application may be doing too much work on its main thread.
I/Choreographer( 1200): Skipped 32 frames! The application may be doing too much work on its main thread.
I/Choreographer( 1200): Skipped 94 frames! The application may be doing too much work on its main thread.
I/Choreographer( 1200): Skipped 60 frames! The application may be doing too much work on its main thread.
I/Choreographer( 1200): Skipped 39 frames! The application may be doing too much work on its main thread.
I/Choreographer( 1200): Skipped 231 frames! The application may be doing too much work on its main thread.
I/Choreographer( 1200): Skipped 57 frames! The application may be doing too much work on its main thread.
I/Choreographer( 1200): Skipped 30 frames! The application may be doing too much work on its main thread.
I/Choreographer( 1200): Skipped 148 frames! The application may be doing too much work on its main thread.
I/Choreographer( 1200): Skipped 189 frames! The application may be doing too much work on its main thread.
I/Choreographer( 482): Skipped 53 frames! The application may be doing too much work on its main thread.
I/Choreographer( 482): Skipped 37 frames! The application may be doing too much work on its main thread.
I/Choreographer( 1200): Skipped 126 frames! The application may be doing too much work on its main thread.
I/Choreographer( 482): Skipped 54 frames! The application may be doing too much work on its main thread.
W/ActivityManager( 482): Activity pause timeout for ActivityRecord{b2ff3ac0 u0 com.finys.prototype.insured/com.paypal.android.sdk.payments.PaymentMethodActivity t2 f}
D/dalvikvm( 1200): GC_CONCURRENT freed 1119K, 26% free 6582K/8780K, paused 425ms+163ms, total 2053ms
D/dalvikvm( 1200): WAIT_FOR_CONCURRENT_GC blocked 736ms
D/dalvikvm( 1200): WAIT_FOR_CONCURRENT_GC blocked 747ms
D/dalvikvm( 1200): WAIT_FOR_CONCURRENT_GC blocked 711ms
I/Choreographer( 1200): Skipped 82 frames! The application may be doing too much work on its main thread.
D/dalvikvm( 1200): WAIT_FOR_CONCURRENT_GC blocked 624ms
D/dalvikvm( 1200): WAIT_FOR_CONCURRENT_GC blocked 610ms
D/dalvikvm( 1200): WAIT_FOR_CONCURRENT_GC blocked 245ms
I/Choreographer( 482): Skipped 106 frames! The application may be doing too much work on its main thread.
I/Choreographer( 1200): Skipped 88 frames! The application may be doing too much work on its main thread.
I/Choreographer( 482): Skipped 34 frames! The application may be doing too much work on its main thread.
I/Choreographer( 482): Skipped 34 frames! The application may be doing too much work on its main thread.
I/Choreographer( 1200): Skipped 136 frames! The application may be doing too much work on its main thread.
D/CordovaActivity( 1200): Incoming Result
D/CordovaActivity( 1200): Request code = 1
D/CordovaActivity( 1200): We have a callback to send this result to
D/CordovaActivity( 1200): Resuming the App
I/Choreographer( 1200): Skipped 78 frames! The application may be doing too much work on its main thread.
I/Choreographer( 1200): Skipped 79 frames! The application may be doing too much work on its main thread.
I/Choreographer( 482): Skipped 74 frames! The application may be doing too much work on its main thread.
I/Choreographer( 482): Skipped 59 frames! The application may be doing too much work on its main thread.
I/Choreographer( 482): Skipped 53 frames! The application may be doing too much work on its main thread.
I/Choreographer( 482): Skipped 71 frames! The application may be doing too much work on its main thread.
I/Choreographer( 482): Skipped 44 frames! The application may be doing too much work on its main thread.
I/Choreographer( 482): Skipped 39 frames! The application may be doing too much work on its main thread.
I/Choreographer( 482): Skipped 51 frames! The application may be doing too much work on its main thread.
I/Choreographer( 482): Skipped 39 frames! The application may be doing too much work on its main thread.
I/Choreographer( 482): Skipped 30 frames! The application may be doing too much work on its main thread.
I/Choreographer( 482): Skipped 38 frames! The application may be doing too much work on its main thread.
