--------- beginning of /dev/log/main
D/dalvikvm( 58): GC_EXPLICIT freed 29K, 4% free 841K/872K, paused 2ms+2ms, total 175ms
D/TextLayoutCache( 58): Using debug level = 0 - Debug Enabled = 0
D/AndroidRuntime( 220):
D/AndroidRuntime( 220): >>>>>> AndroidRuntime START com.android.internal.os.RuntimeInit <<<<<<
D/dalvikvm( 58): GC_EXPLICIT freed 19K, 3% free 881K/904K, paused 2ms+53ms, total 120ms
D/AndroidRuntime( 229):
D/AndroidRuntime( 229): >>>>>> AndroidRuntime START com.android.internal.os.RuntimeInit <<<<<<
D/AndroidRuntime( 220): CheckJNI is ON
D/AndroidRuntime( 229): CheckJNI is ON
D/dalvikvm( 220): Trying to load lib libjavacore.so 0x0
D/dalvikvm( 220): Added shared lib libjavacore.so 0x0
D/dalvikvm( 229): Trying to load lib libjavacore.so 0x0
D/dalvikvm( 229): Added shared lib libjavacore.so 0x0
D/dalvikvm( 220): Trying to load lib libnativehelper.so 0x0
D/dalvikvm( 220): Added shared lib libnativehelper.so 0x0
D/dalvikvm( 220): No JNI_OnLoad found in libnativehelper.so 0x0, skipping init
I/dalvikvm( 58): threadid=1: recursive native library load attempt (/system/lib/libmedia_jni.so)
D/MtpDeviceJNI( 58): register_android_mtp_MtpDevice
I/dalvikvm( 58): threadid=1: recursive native library load attempt (/system/lib/libmedia_jni.so)
I/dalvikvm( 58): threadid=1: recursive native library load attempt (/system/lib/libmedia_jni.so)
I/dalvikvm( 58): threadid=1: recursive native library load attempt (/system/lib/libmedia_jni.so)
D/dalvikvm( 229): Trying to load lib libnativehelper.so 0x0
D/dalvikvm( 229): Added shared lib libnativehelper.so 0x0
D/dalvikvm( 229): No JNI_OnLoad found in libnativehelper.so 0x0, skipping init
D/dalvikvm( 58): GC_EXPLICIT freed 19K, 3% free 917K/940K, paused 2ms+2ms, total 57ms
W/dalvikvm( 58): Exception Ljava/lang/UnsatisfiedLinkError; thrown while initializing Landroid/media/videoeditor/MediaArtistNativeHelper;
W/Zygote ( 58): Class not found for preloading: android.media.videoeditor.MediaArtistNativeHelper
D/dalvikvm( 58): WAIT_FOR_CONCURRENT_GC blocked 1ms
D/dalvikvm( 58): GC_EXPLICIT freed 25K, 3% free 948K/976K, paused 70ms+55ms, total 190ms
D/dalvikvm( 220): Note: class Landroid/app/ActivityManagerNative; has 179 unimplemented (abstract) methods
D/dalvikvm( 229): Note: class Landroid/app/ActivityManagerNative; has 179 unimplemented (abstract) methods
D/dalvikvm( 58): GC_EXPLICIT freed 16K, 2% free 985K/1004K, paused 3ms+1ms, total 72ms
D/dalvikvm( 58): GC_EXPLICIT freed 27K, 4% free 1012K/1044K, paused 4ms+2ms, total 119ms
D/dalvikvm( 58): GC_EXPLICIT freed 12K, 2% free 1063K/1080K, paused 3ms+40ms, total 102ms
E/EmojiFactory_jni( 58): Failed to load libemoji.so: dlopen failed: library "libemoji.so" not found
D/dalvikvm( 58): GC_EXPLICIT freed 30K, 3% free 1380K/1412K, paused 4ms+51ms, total 162ms
E/memtrack( 220): Couldn't load memtrack module (No such file or directory)
E/android.os.Debug( 220): failed to load memtrack module: -2
E/memtrack( 229): Couldn't load memtrack module (No such file or directory)
E/android.os.Debug( 229): failed to load memtrack module: -2
D/dalvikvm( 58): GC_EXPLICIT freed 35K, 3% free 1404K/1444K, paused 3ms+3ms, total 208ms
D/AndroidRuntime( 220): Calling main entry com.android.commands.pm.Pm
D/AndroidRuntime( 220): Shutting down VM
D/dalvikvm( 220): GC_CONCURRENT freed 94K, 15% free 555K/652K, paused 30ms+46ms, total 205ms
D/dalvikvm( 58): GC_EXPLICIT freed 30K, 3% free 1429K/1464K, paused 79ms+2ms, total 268ms
D/AndroidRuntime( 229): Calling main entry com.android.commands.pm.Pm
D/AndroidRuntime( 229): Shutting down VM
D/dalvikvm( 229): GC_CONCURRENT freed 94K, 15% free 555K/652K, paused 4ms+35ms, total 85ms
D/dalvikvm( 58): WAIT_FOR_CONCURRENT_GC blocked 1ms
D/dalvikvm( 58): GC_EXPLICIT freed 38K, 3% free 1445K/1488K, paused 35ms+4ms, total 100ms
I/LibraryLoader( 58): Loading: webviewchromium
I/LibraryLoader( 58): Time to load native libraries: 1964 ms (timestamps 4744-6708)
I/LibraryLoader( 58): Expected native library version number "",actual native library version number ""
D/dalvikvm( 58): GC_EXPLICIT freed 15K, 2% free 1487K/1504K, paused 4ms+4ms, total 92ms
V/NatController( 54): runCmd(/system/bin/iptables -F natctrl_FORWARD) res=0
V/NatController( 54): runCmd(/system/bin/iptables -A natctrl_FORWARD -j DROP) res=0
V/NatController( 54): runCmd(/system/bin/iptables -t nat -F natctrl_nat_POSTROUTING) res=0
E/logwrapper( 363): executing /system/bin/ip failed: No such file or directory
V/NatController( 54): runCmd(/system/bin/ip rule flush) res=255
E/logwrapper( 364): executing /system/bin/ip failed: No such file or directory
V/NatController( 54): runCmd(/system/bin/ip -6 rule flush) res=255
E/logwrapper( 365): executing /system/bin/ip failed: No such file or directory
V/NatController( 54): runCmd(/system/bin/ip rule add from all lookup default prio 32767) res=255
E/logwrapper( 366): executing /system/bin/ip failed: No such file or directory
V/NatController( 54): runCmd(/system/bin/ip rule add from all lookup main prio 32766) res=255
E/logwrapper( 367): executing /system/bin/ip failed: No such file or directory
V/NatController( 54): runCmd(/system/bin/ip -6 rule add from all lookup default prio 32767) res=255
E/logwrapper( 368): executing /system/bin/ip failed: No such file or directory
V/NatController( 54): runCmd(/system/bin/ip -6 rule add from all lookup main prio 32766) res=255
E/logwrapper( 369): executing /system/bin/ip failed: No such file or directory
V/NatController( 54): runCmd(/system/bin/ip route flush cache) res=255
V/NatController( 54): runCmd(/system/bin/iptables -F natctrl_tether_counters) res=1
V/NatController( 54): runCmd(/system/bin/iptables -X natctrl_tether_counters) res=1
V/NatController( 54): runCmd(/system/bin/iptables -N natctrl_tether_counters) res=0
D/dalvikvm( 58): GC_EXPLICIT freed 21K, 2% free 1518K/1544K, paused 4ms+3ms, total 102ms
D/dalvikvm( 58): GC_EXPLICIT freed 86K, 6% free 1569K/1660K, paused 7ms+3ms, total 139ms
D/dalvikvm( 58): GC_EXPLICIT freed 36K, 5% free 1588K/1660K, paused 15ms+15ms, total 99ms
D/dalvikvm( 58): GC_EXPLICIT freed 31K, 3% free 1613K/1660K, paused 46ms+29ms, total 180ms
D/dalvikvm( 58): GC_EXPLICIT freed 19K, 2% free 1676K/1700K, paused 33ms+4ms, total 171ms
D/dalvikvm( 58): GC_EXPLICIT freed 23K, 2% free 1707K/1736K, paused 4ms+18ms, total 124ms
D/dalvikvm( 58): GC_EXPLICIT freed 28K, 2% free 1733K/1768K, paused 40ms+3ms, total 190ms
D/dalvikvm( 58): GC_FOR_ALLOC freed 251K, 12% free 1994K/2248K, paused 148ms, total 149ms
D/dalvikvm( 58): GC_EXPLICIT freed 209K, 10% free 2115K/2332K, paused 5ms+5ms, total 150ms
D/dalvikvm( 58): GC_EXPLICIT freed 35K, 9% free 2134K/2332K, paused 18ms+62ms, total 288ms
D/dalvikvm( 58): GC_EXPLICIT freed 25K, 8% free 2167K/2340K, paused 36ms+24ms, total 264ms
W/Zygote ( 58): Class not found for preloading: java.lang.UnsafeByteSequence
D/dalvikvm( 58): GC_EXPLICIT freed 37K, 7% free 2187K/2340K, paused 5ms+5ms, total 142ms
D/dalvikvm( 58): GC_EXPLICIT freed 40K, 6% free 2203K/2340K, paused 5ms+4ms, total 118ms
D/dalvikvm( 58): GC_EXPLICIT freed 41K, 6% free 2216K/2340K, paused 43ms+4ms, total 177ms
I/System ( 58): Loaded time zone names for "" in 1899ms (1792ms in ICU)
I/System ( 58): Loaded time zone names for "en_US" in 1256ms (1120ms in ICU)
D/dalvikvm( 58): GC_EXPLICIT freed 204K, 9% free 2383K/2604K, paused 13ms+16ms, total 166ms
D/dalvikvm( 58): GC_EXPLICIT freed 14K, 7% free 2447K/2604K, paused 5ms+18ms, total 170ms
D/dalvikvm( 58): GC_EXPLICIT freed 30K, 6% free 2473K/2604K, paused 37ms+24ms, total 189ms
D/dalvikvm( 58): GC_EXPLICIT freed 34K, 5% free 2493K/2604K, paused 5ms+23ms, total 165ms
D/dalvikvm( 58): GC_EXPLICIT freed 32K, 4% free 2515K/2604K, paused 5ms+5ms, total 151ms
D/dalvikvm( 58): GC_EXPLICIT freed 29K, 3% free 2540K/2604K, paused 6ms+46ms, total 330ms
I/Zygote ( 58): ...preloaded 2776 classes in 51618ms.
D/MDnsDS ( 54): MDnsSdListener::Hander starting up
D/MDnsDS ( 54): MDnsSdListener starting to monitor
D/MDnsDS ( 54): Going to poll with pollCount 1
D/dalvikvm( 58): GC_EXPLICIT freed 18K, 3% free 2542K/2604K, paused 5ms+9ms, total 311ms
I/Zygote ( 58): Preloading resources...
W/Resources( 58): Preloaded drawable resource #0x1080096 (android:drawable/toast_frame) that varies with configuration!!
W/Resources( 58): Preloaded drawable resource #0x1080105 (android:drawable/btn_check_on_pressed_holo_light) that varies with configuration!!
W/Resources( 58): Preloaded drawable resource #0x1080104 (android:drawable/btn_check_on_pressed_holo_dark) that varies with configuration!!
W/Resources( 58): Preloaded drawable resource #0x1080102 (android:drawable/btn_check_on_holo_light) that varies with configuration!!
W/Resources( 58): Preloaded drawable resource #0x1080101 (android:drawable/btn_check_on_holo_dark) that varies with configuration!!
W/Resources( 58): Preloaded drawable resource #0x10800ff (android:drawable/btn_check_on_focused_holo_light) that varies with configuration!!
W/Resources( 58): Preloaded drawable resource #0x10800fe (android:drawable/btn_check_on_focused_holo_dark) that varies with configuration!!
D/dalvikvm( 58): GC_EXPLICIT freed 34K, 3% free 2562K/2640K, paused 9ms+4ms, total 108ms
W/Resources( 58): Preloaded drawable resource #0x10800fd (android:drawable/btn_check_on_disabled_holo_light) that varies with configuration!!
W/Resources( 58): Preloaded drawable resource #0x10800fc (android:drawable/btn_check_on_disabled_holo_dark) that varies with configuration!!
W/Resources( 58): Preloaded drawable resource #0x10800fb (android:drawable/btn_check_on_disabled_focused_holo_light) that varies with configuration!!
W/Resources( 58): Preloaded drawable resource #0x10800fa (android:drawable/btn_check_on_disabled_focused_holo_dark) that varies with configuration!!
W/Resources( 58): Preloaded drawable resource #0x10800f2 (android:drawable/btn_check_off_pressed_holo_light) that varies with configuration!!
W/Resources( 58): Preloaded drawable resource #0x10800f1 (android:drawable/btn_check_off_pressed_holo_dark) that varies with configuration!!
W/Resources( 58): Preloaded drawable resource #0x10800ed (android:drawable/btn_check_off_holo_light) that varies with configuration!!
W/Resources( 58): Preloaded drawable resource #0x10800ec (android:drawable/btn_check_off_holo_dark) that varies with configuration!!
W/Resources( 58): Preloaded drawable resource #0x10800ea (android:drawable/btn_check_off_focused_holo_light) that varies with configuration!!
D/dalvikvm( 58): GC_EXPLICIT freed 59K, 4% free 2555K/2656K, paused 5ms+15ms, total 108ms
W/Resources( 58): Preloaded drawable resource #0x10800e9 (android:drawable/btn_check_off_focused_holo_dark) that varies with configuration!!
W/Resources( 58): Preloaded drawable resource #0x10800e8 (android:drawable/btn_check_off_disabled_holo_light) that varies with configuration!!
W/Resources( 58): Preloaded drawable resource #0x10800e7 (android:drawable/btn_check_off_disabled_holo_dark) that varies with configuration!!
W/Resources( 58): Preloaded drawable resource #0x10800e6 (android:drawable/btn_check_off_disabled_focused_holo_light) that varies with configuration!!
W/Resources( 58): Preloaded drawable resource #0x10800e5 (android:drawable/btn_check_off_disabled_focused_holo_dark) that varies with configuration!!
W/Resources( 58): Preloaded drawable resource #0x1080102 (android:drawable/btn_check_on_holo_light) that varies with configuration!!
W/Resources( 58): Preloaded drawable resource #0x10800ed (android:drawable/btn_check_off_holo_light) that varies with configuration!!
W/Resources( 58): Preloaded drawable resource #0x1080105 (android:drawable/btn_check_on_pressed_holo_light) that varies with configuration!!
W/Resources( 58): Preloaded drawable resource #0x10800f2 (android:drawable/btn_check_off_pressed_holo_light) that varies with configuration!!
W/Resources( 58): Preloaded drawable resource #0x10800ff (android:drawable/btn_check_on_focused_holo_light) that varies with configuration!!
W/Resources( 58): Preloaded drawable resource #0x10800ea (android:drawable/btn_check_off_focused_holo_light) that varies with configuration!!
W/Resources( 58): Preloaded drawable resource #0x10800ed (android:drawable/btn_check_off_holo_light) that varies with configuration!!
W/Resources( 58): Preloaded drawable resource #0x1080102 (android:drawable/btn_check_on_holo_light) that varies with configuration!!
W/Resources( 58): Preloaded drawable resource #0x10800fd (android:drawable/btn_check_on_disabled_holo_light) that varies with configuration!!
W/Resources( 58): Preloaded drawable resource #0x10800e8 (android:drawable/btn_check_off_disabled_holo_light) that varies with configuration!!
W/Resources( 58): Preloaded drawable resource #0x10800fb (android:drawable/btn_check_on_disabled_focused_holo_light) that varies with configuration!!
W/Resources( 58): Preloaded drawable resource #0x10800e6 (android:drawable/btn_check_off_disabled_focused_holo_light) that varies with configuration!!
W/Resources( 58): Preloaded drawable resource #0x10800e8 (android:drawable/btn_check_off_disabled_holo_light) that varies with configuration!!
W/Resources( 58): Preloaded drawable resource #0x10800fd (android:drawable/btn_check_on_disabled_holo_light) that varies with configuration!!
W/Resources( 58): Preloaded drawable resource #0x10800dc (android:drawable/btn_check_holo_light) that varies with configuration!!
D/dalvikvm( 58): GC_EXPLICIT freed 108K, 5% free 2560K/2684K, paused 24ms+5ms, total 102ms
W/Resources( 58): Preloaded drawable resource #0x1080101 (android:drawable/btn_check_on_holo_dark) that varies with configuration!!
W/Resources( 58): Preloaded drawable resource #0x10800ec (android:drawable/btn_check_off_holo_dark) that varies with configuration!!
W/Resources( 58): Preloaded drawable resource #0x1080104 (android:drawable/btn_check_on_pressed_holo_dark) that varies with configuration!!
W/Resources( 58): Preloaded drawable resource #0x10800f1 (android:drawable/btn_check_off_pressed_holo_dark) that varies with configuration!!
W/Resources( 58): Preloaded drawable resource #0x10800fe (android:drawable/btn_check_on_focused_holo_dark) that varies with configuration!!
W/Resources( 58): Preloaded drawable resource #0x10800e9 (android:drawable/btn_check_off_focused_holo_dark) that varies with configuration!!
W/Resources( 58): Preloaded drawable resource #0x10800ec (android:drawable/btn_check_off_holo_dark) that varies with configuration!!
W/Resources( 58): Preloaded drawable resource #0x1080101 (android:drawable/btn_check_on_holo_dark) that varies with configuration!!
W/Resources( 58): Preloaded drawable resource #0x10800fc (android:drawable/btn_check_on_disabled_holo_dark) that varies with configuration!!
W/Resources( 58): Preloaded drawable resource #0x10800e7 (android:drawable/btn_check_off_disabled_holo_dark) that varies with configuration!!
W/Resources( 58): Preloaded drawable resource #0x10800fa (android:drawable/btn_check_on_disabled_focused_holo_dark) that varies with configuration!!
W/Resources( 58): Preloaded drawable resource #0x10800e5 (android:drawable/btn_check_off_disabled_focused_holo_dark) that varies with configuration!!
W/Resources( 58): Preloaded drawable resource #0x10800e7 (android:drawable/btn_check_off_disabled_holo_dark) that varies with configuration!!
W/Resources( 58): Preloaded drawable resource #0x10800fc (android:drawable/btn_check_on_disabled_holo_dark) that varies with configuration!!
W/Resources( 58): Preloaded drawable resource #0x10800db (android:drawable/btn_check_holo_dark) that varies with configuration!!
D/dalvikvm( 58): GC_EXPLICIT freed 83K, 5% free 2559K/2684K, paused 19ms+10ms, total 89ms
W/Resources( 58): Preloaded drawable resource #0x1080195 (android:drawable/btn_radio_on_pressed_holo_light) that varies with configuration!!
W/Resources( 58): Preloaded drawable resource #0x1080194 (android:drawable/btn_radio_on_pressed_holo_dark) that varies with configuration!!
W/Resources( 58): Preloaded drawable resource #0x1080192 (android:drawable/btn_radio_on_holo_light) that varies with configuration!!
W/Resources( 58): Preloaded drawable resource #0x1080191 (android:drawable/btn_radio_on_holo_dark) that varies with configuration!!
W/Resources( 58): Preloaded drawable resource #0x108018f (android:drawable/btn_radio_on_focused_holo_light) that varies with configuration!!
W/Resources( 58): Preloaded drawable resource #0x108018e (android:drawable/btn_radio_on_focused_holo_dark) that varies with configuration!!
W/Resources( 58): Preloaded drawable resource #0x108018d (android:drawable/btn_radio_on_disabled_holo_light) that varies with configuration!!
W/Resources( 58): Preloaded drawable resource #0x108018c (android:drawable/btn_radio_on_disabled_holo_dark) that varies with configuration!!
W/Resources( 58): Preloaded drawable resource #0x108018b (android:drawable/btn_radio_on_disabled_focused_holo_light) that varies with configuration!!
D/dalvikvm( 58): GC_EXPLICIT freed 53K, 5% free 2559K/2684K, paused 10ms+5ms, total 106ms
W/Resources( 58): Preloaded drawable resource #0x108018a (android:drawable/btn_radio_on_disabled_focused_holo_dark) that varies with configuration!!
W/Resources( 58): Preloaded drawable resource #0x1080187 (android:drawable/btn_radio_off_pressed_holo_light) that varies with configuration!!
W/Resources( 58): Preloaded drawable resource #0x1080186 (android:drawable/btn_radio_off_pressed_holo_dark) that varies with configuration!!
W/Resources( 58): Preloaded drawable resource #0x1080184 (android:drawable/btn_radio_off_holo_light) that varies with configuration!!
W/Resources( 58): Preloaded drawable resource #0x1080183 (android:drawable/btn_radio_off_holo_dark) that varies with configuration!!
W/Resources( 58): Preloaded drawable resource #0x1080181 (android:drawable/btn_radio_off_focused_holo_light) that varies with configuration!!
W/Resources( 58): Preloaded drawable resource #0x1080180 (android:drawable/btn_radio_off_focused_holo_dark) that varies with configuration!!
W/Resources( 58): Preloaded drawable resource #0x108017f (android:drawable/btn_radio_off_disabled_holo_light) that varies with configuration!!
W/Resources( 58): Preloaded drawable resource #0x108017e (android:drawable/btn_radio_off_disabled_holo_dark) that varies with configuration!!
D/dalvikvm( 58): GC_EXPLICIT freed 51K, 5% free 2560K/2684K, paused 7ms+5ms, total 130ms
W/Resources( 58): Preloaded drawable resource #0x108017d (android:drawable/btn_radio_off_disabled_focused_holo_light) that varies with configuration!!
W/Resources( 58): Preloaded drawable resource #0x108017c (android:drawable/btn_radio_off_disabled_focused_holo_dark) that varies with configuration!!
W/Resources( 58): Preloaded drawable resource #0x1080128 (android:drawable/btn_default_pressed_holo_light) that varies with configuration!!
W/Resources( 58): Preloaded drawable resource #0x1080127 (android:drawable/btn_default_pressed_holo_dark) that varies with configuration!!
W/Resources( 58): Preloaded drawable resource #0x1080124 (android:drawable/btn_default_normal_holo_light) that varies with configuration!!
W/Resources( 58): Preloaded drawable resource #0x1080123 (android:drawable/btn_default_normal_holo_dark) that varies with configuration!!
W/Resources( 58): Preloaded drawable resource #0x108011c (android:drawable/btn_default_focused_holo_light) that varies with configuration!!
W/Resources( 58): Preloaded drawable resource #0x108011b (android:drawable/btn_default_focused_holo_dark) that varies with configuration!!
W/Resources( 58): Preloaded drawable resource #0x1080119 (android:drawable/btn_default_disabled_holo_light) that varies with configuration!!
W/Resources( 58): Preloaded drawable resource #0x1080118 (android:drawable/btn_default_disabled_holo_dark) that varies with configuration!!
D/dalvikvm( 58): GC_EXPLICIT freed 24K, 4% free 2589K/2684K, paused 24ms+13ms, total 115ms
W/Resources( 58): Preloaded drawable resource #0x1080116 (android:drawable/btn_default_disabled_focused_holo_light) that varies with configuration!!
W/Resources( 58): Preloaded drawable resource #0x1080115 (android:drawable/btn_default_disabled_focused_holo_dark) that varies with configuration!!
W/Resources( 58): Preloaded drawable resource #0x1080123 (android:drawable/btn_default_normal_holo_dark) that varies with configuration!!
W/Resources( 58): Preloaded drawable resource #0x1080118 (android:drawable/btn_default_disabled_holo_dark) that varies with configuration!!
W/Resources( 58): Preloaded drawable resource #0x1080127 (android:drawable/btn_default_pressed_holo_dark) that varies with configuration!!
W/Resources( 58): Preloaded drawable resource #0x108011b (android:drawable/btn_default_focused_holo_dark) that varies with configuration!!
W/Resources( 58): Preloaded drawable resource #0x1080123 (android:drawable/btn_default_normal_holo_dark) that varies with configuration!!
W/Resources( 58): Preloaded drawable resource #0x1080115 (android:drawable/btn_default_disabled_focused_holo_dark) that varies with configuration!!
W/Resources( 58): Preloaded drawable resource #0x1080118 (android:drawable/btn_default_disabled_holo_dark) that varies with configuration!!
W/Resources( 58): Preloaded drawable resource #0x108011d (android:drawable/btn_default_holo_dark) that varies with configuration!!
W/Resources( 58): Preloaded drawable resource #0x1080124 (android:drawable/btn_default_normal_holo_light) that varies with configuration!!
W/Resources( 58): Preloaded drawable resource #0x1080119 (android:drawable/btn_default_disabled_holo_light) that varies with configuration!!
W/Resources( 58): Preloaded drawable resource #0x1080128 (android:drawable/btn_default_pressed_holo_light) that varies with configuration!!
W/Resources( 58): Preloaded drawable resource #0x108011c (android:drawable/btn_default_focused_holo_light) that varies with configuration!!
W/Resources( 58): Preloaded drawable resource #0x1080124 (android:drawable/btn_default_normal_holo_light) that varies with configuration!!
W/Resources( 58): Preloaded drawable resource #0x1080116 (android:drawable/btn_default_disabled_focused_holo_light) that varies with configuration!!
W/Resources( 58): Preloaded drawable resource #0x1080119 (android:drawable/btn_default_disabled_holo_light) that varies with configuration!!
W/Resources( 58): Preloaded drawable resource #0x108011e (android:drawable/btn_default_holo_light) that varies with configuration!!
D/dalvikvm( 58): WAIT_FOR_CONCURRENT_GC blocked 1ms
D/dalvikvm( 58): GC_EXPLICIT freed 52K, 3% free 2623K/2692K, paused 18ms+6ms, total 133ms
W/Resources( 58): Preloaded drawable resource #0x10801d1 (android:drawable/btn_star_off_normal_holo_light) that varies with configuration!!
W/Resources( 58): Preloaded drawable resource #0x10801db (android:drawable/btn_star_on_normal_holo_light) that varies with configuration!!
W/Resources( 58): Preloaded drawable resource #0x10801d7 (android:drawable/btn_star_on_disabled_holo_light) that varies with configuration!!
W/Resources( 58): Preloaded drawable resource #0x10801cd (android:drawable/btn_star_off_disabled_holo_light) that varies with configuration!!
W/Resources( 58): Preloaded drawable resource #0x10801dd (android:drawable/btn_star_on_pressed_holo_light) that varies with configuration!!
W/Resources( 58): Preloaded drawable resource #0x10801d3 (android:drawable/btn_star_off_pressed_holo_light) that varies with configuration!!
W/Resources( 58): Preloaded drawable resource #0x10801d9 (android:drawable/btn_star_on_focused_holo_light) that varies with configuration!!
W/Resources( 58): Preloaded drawable resource #0x10801cf (android:drawable/btn_star_off_focused_holo_light) that varies with configuration!!
W/Resources( 58): Preloaded drawable resource #0x10801d5 (android:drawable/btn_star_on_disabled_focused_holo_light) that varies with configuration!!
D/dalvikvm( 58): GC_EXPLICIT freed 112K, 6% free 2565K/2708K, paused 7ms+38ms, total 276ms
W/Resources( 58): Preloaded drawable resource #0x10801cb (android:drawable/btn_star_off_disabled_focused_holo_light) that varies with configuration!!
W/Resources( 58): Preloaded drawable resource #0x10801d1 (android:drawable/btn_star_off_normal_holo_light) that varies with configuration!!
W/Resources( 58): Preloaded drawable resource #0x10801db (android:drawable/btn_star_on_normal_holo_light) that varies with configuration!!
W/Resources( 58): Preloaded drawable resource #0x10801d7 (android:drawable/btn_star_on_disabled_holo_light) that varies with configuration!!
W/Resources( 58): Preloaded drawable resource #0x10801cd (android:drawable/btn_star_off_disabled_holo_light) that varies with configuration!!
W/Resources( 58): Preloaded drawable resource #0x10801dd (android:drawable/btn_star_on_pressed_holo_light) that varies with configuration!!
W/Resources( 58): Preloaded drawable resource #0x10801d3 (android:drawable/btn_star_off_pressed_holo_light) that varies with configuration!!
W/Resources( 58): Preloaded drawable resource #0x10801d9 (android:drawable/btn_star_on_focused_holo_light) that varies with configuration!!
W/Resources( 58): Preloaded drawable resource #0x10801cf (android:drawable/btn_star_off_focused_holo_light) that varies with configuration!!
W/Resources( 58): Preloaded drawable resource #0x10801d5 (android:drawable/btn_star_on_disabled_focused_holo_light) that varies with configuration!!
W/Resources( 58): Preloaded drawable resource #0x10801d7 (android:drawable/btn_star_on_disabled_holo_light) that varies with configuration!!
W/Resources( 58): Preloaded drawable resource #0x10801cb (android:drawable/btn_star_off_disabled_focused_holo_light) that varies with configuration!!
W/Resources( 58): Preloaded drawable resource #0x10801cd (android:drawable/btn_star_off_disabled_holo_light) that varies with configuration!!
W/Resources( 58): Preloaded drawable resource #0x10801d1 (android:drawable/btn_star_off_normal_holo_light) that varies with configuration!!
W/Resources( 58): Preloaded drawable resource #0x10801db (android:drawable/btn_star_on_normal_holo_light) that varies with configuration!!
W/Resources( 58): Preloaded drawable resource #0x10801c8 (android:drawable/btn_star_holo_light) that varies with configuration!!
D/dalvikvm( 58): GC_EXPLICIT freed 86K, 6% free 2568K/2708K, paused 9ms+7ms, total 129ms
W/Resources( 58): Preloaded drawable resource #0x10801d0 (android:drawable/btn_star_off_normal_holo_dark) that varies with configuration!!
W/Resources( 58): Preloaded drawable resource #0x10801da (android:drawable/btn_star_on_normal_holo_dark) that varies with configuration!!
W/Resources( 58): Preloaded drawable resource #0x10801d6 (android:drawable/btn_star_on_disabled_holo_dark) that varies with configuration!!
W/Resources( 58): Preloaded drawable resource #0x10801cc (android:drawable/btn_star_off_disabled_holo_dark) that varies with configuration!!
W/Resources( 58): Preloaded drawable resource #0x10801dc (android:drawable/btn_star_on_pressed_holo_dark) that varies with configuration!!
W/Resources( 58): Preloaded drawable resource #0x10801d2 (android:drawable/btn_star_off_pressed_holo_dark) that varies with configuration!!
W/Resources( 58): Preloaded drawable resource #0x10801d8 (android:drawable/btn_star_on_focused_holo_dark) that varies with configuration!!
W/Resources( 58): Preloaded drawable resource #0x10801ce (android:drawable/btn_star_off_focused_holo_dark) that varies with configuration!!
W/Resources( 58): Preloaded drawable resource #0x10801d4 (android:drawable/btn_star_on_disabled_focused_holo_dark) that varies with configuration!!
D/dalvikvm( 58): GC_EXPLICIT freed 53K, 6% free 2567K/2708K, paused 10ms+15ms, total 138ms
W/Resources( 58): Preloaded drawable resource #0x10801ca (android:drawable/btn_star_off_disabled_focused_holo_dark) that varies with configuration!!
W/Resources( 58): Preloaded drawable resource #0x10801d0 (android:drawable/btn_star_off_normal_holo_dark) that varies with configuration!!
W/Resources( 58): Preloaded drawable resource #0x10801da (android:drawable/btn_star_on_normal_holo_dark) that varies with configuration!!
W/Resources( 58): Preloaded drawable resource #0x10801d6 (android:drawable/btn_star_on_disabled_holo_dark) that varies with configuration!!
W/Resources( 58): Preloaded drawable resource #0x10801cc (android:drawable/btn_star_off_disabled_holo_dark) that varies with configuration!!
W/Resources( 58): Preloaded drawable resource #0x10801dc (android:drawable/btn_star_on_pressed_holo_dark) that varies with configuration!!
W/Resources( 58): Preloaded drawable resource #0x10801d2 (android:drawable/btn_star_off_pressed_holo_dark) that varies with configuration!!
W/Resources( 58): Preloaded drawable resource #0x10801d8 (android:drawable/btn_star_on_focused_holo_dark) that varies with configuration!!
W/Resources( 58): Preloaded drawable resource #0x10801ce (android:drawable/btn_star_off_focused_holo_dark) that varies with configuration!!
W/Resources( 58): Preloaded drawable resource #0x10801d4 (android:drawable/btn_star_on_disabled_focused_holo_dark) that varies with configuration!!
W/Resources( 58): Preloaded drawable resource #0x10801d6 (android:drawable/btn_star_on_disabled_holo_dark) that varies with configuration!!
W/Resources( 58): Preloaded drawable resource #0x10801ca (android:drawable/btn_star_off_disabled_focused_holo_dark) that varies with configuration!!
W/Resources( 58): Preloaded drawable resource #0x10801cc (android:drawable/btn_star_off_disabled_holo_dark) that varies with configuration!!
W/Resources( 58): Preloaded drawable resource #0x10801d0 (android:drawable/btn_star_off_normal_holo_dark) that varies with configuration!!
W/Resources( 58): Preloaded drawable resource #0x10801da (android:drawable/btn_star_on_normal_holo_dark) that varies with configuration!!
W/Resources( 58): Preloaded drawable resource #0x10801c7 (android:drawable/btn_star_holo_dark) that varies with configuration!!
D/dalvikvm( 58): GC_EXPLICIT freed 86K, 6% free 2569K/2708K, paused 18ms+6ms, total 129ms
W/Resources( 58): Preloaded drawable resource #0x10801f7 (android:drawable/btn_toggle_on_pressed_holo_light) that varies with configuration!!
W/Resources( 58): Preloaded drawable resource #0x10801f6 (android:drawable/btn_toggle_on_pressed_holo_dark) that varies with configuration!!
W/Resources( 58): Preloaded drawable resource #0x10801f5 (android:drawable/btn_toggle_on_normal_holo_light) that varies with configuration!!
W/Resources( 58): Preloaded drawable resource #0x10801f4 (android:drawable/btn_toggle_on_normal_holo_dark) that varies with configuration!!
W/Resources( 58): Preloaded drawable resource #0x10801f3 (android:drawable/btn_toggle_on_focused_holo_light) that varies with configuration!!
W/Resources( 58): Preloaded drawable resource #0x10801f2 (android:drawable/btn_toggle_on_focused_holo_dark) that varies with configuration!!
W/Resources( 58): Preloaded drawable resource #0x10801f1 (android:drawable/btn_toggle_on_disabled_holo_light) that varies with configuration!!
W/Resources( 58): Preloaded drawable resource #0x10801f0 (android:drawable/btn_toggle_on_disabled_holo_dark) that varies with configuration!!
W/Resources( 58): Preloaded drawable resource #0x10801ef (android:drawable/btn_toggle_on_disabled_focused_holo_light) that varies with configuration!!
W/Resources( 58): Preloaded drawable resource #0x10801ee (android:drawable/btn_toggle_on_disabled_focused_holo_dark) that varies with configuration!!
D/dalvikvm( 58): GC_EXPLICIT freed 18K, 4% free 2604K/2708K, paused 6ms+12ms, total 115ms
W/Resources( 58): Preloaded drawable resource #0x10801ec (android:drawable/btn_toggle_off_pressed_holo_light) that varies with configuration!!
W/Resources( 58): Preloaded drawable resource #0x10801eb (android:drawable/btn_toggle_off_pressed_holo_dark) that varies with configuration!!
W/Resources( 58): Preloaded drawable resource #0x10801ea (android:drawable/btn_toggle_off_normal_holo_light) that varies with configuration!!
W/Resources( 58): Preloaded drawable resource #0x10801e9 (android:drawable/btn_toggle_off_normal_holo_dark) that varies with configuration!!
W/Resources( 58): Preloaded drawable resource #0x10801e8 (android:drawable/btn_toggle_off_focused_holo_light) that varies with configuration!!
W/Resources( 58): Preloaded drawable resource #0x10801e7 (android:drawable/btn_toggle_off_focused_holo_dark) that varies with configuration!!
W/Resources( 58): Preloaded drawable resource #0x10801e6 (android:drawable/btn_toggle_off_disabled_holo_light) that varies with configuration!!
W/Resources( 58): Preloaded drawable resource #0x10801e5 (android:drawable/btn_toggle_off_disabled_holo_dark) that varies with configuration!!
W/Resources( 58): Preloaded drawable resource #0x10801e4 (android:drawable/btn_toggle_off_disabled_focused_holo_light) that varies with configuration!!
W/Resources( 58): Preloaded drawable resource #0x10801e3 (android:drawable/btn_toggle_off_disabled_focused_holo_dark) that varies with configuration!!
D/dalvikvm( 58): GC_EXPLICIT freed 51K, 4% free 2606K/2708K, paused 10ms+5ms, total 112ms
W/Resources( 58): Preloaded drawable resource #0x10801f5 (android:drawable/btn_toggle_on_normal_holo_light) that varies with configuration!!
W/Resources( 58): Preloaded drawable resource #0x10801f1 (android:drawable/btn_toggle_on_disabled_holo_light) that varies with configuration!!
W/Resources( 58): Preloaded drawable resource #0x10801f7 (android:drawable/btn_toggle_on_pressed_holo_light) that varies with configuration!!
W/Resources( 58): Preloaded drawable resource #0x10801f3 (android:drawable/btn_toggle_on_focused_holo_light) that varies with configuration!!
W/Resources( 58): Preloaded drawable resource #0x10801f5 (android:drawable/btn_toggle_on_normal_holo_light) that varies with configuration!!
W/Resources( 58): Preloaded drawable resource #0x10801ef (android:drawable/btn_toggle_on_disabled_focused_holo_light) that varies with configuration!!
W/Resources( 58): Preloaded drawable resource #0x10801f1 (android:drawable/btn_toggle_on_disabled_holo_light) that varies with configuration!!
W/Resources( 58): Preloaded drawable resource #0x10801ea (android:drawable/btn_toggle_off_normal_holo_light) that varies with configuration!!
W/Resources( 58): Preloaded drawable resource #0x10801e6 (android:drawable/btn_toggle_off_disabled_holo_light) that varies with configuration!!
W/Resources( 58): Preloaded drawable resource #0x10801ec (android:drawable/btn_toggle_off_pressed_holo_light) that varies with configuration!!
W/Resources( 58): Preloaded drawable resource #0x10801e8 (android:drawable/btn_toggle_off_focused_holo_light) that varies with configuration!!
W/Resources( 58): Preloaded drawable resource #0x10801ea (android:drawable/btn_toggle_off_normal_holo_light) that varies with configuration!!
W/Resources( 58): Preloaded drawable resource #0x10801e4 (android:drawable/btn_toggle_off_disabled_focused_holo_light) that varies with configuration!!
W/Resources( 58): Preloaded drawable resource #0x10801e6 (android:drawable/btn_toggle_off_disabled_holo_light) that varies with configuration!!
W/Resources( 58): Preloaded drawable resource #0x10801e1 (android:drawable/btn_toggle_holo_light) that varies with configuration!!
D/dalvikvm( 58): GC_EXPLICIT freed 59K, 4% free 2621K/2708K, paused 5ms+7ms, total 120ms
W/Resources( 58): Preloaded drawable resource #0x10801f4 (android:drawable/btn_toggle_on_normal_holo_dark) that varies with configuration!!
W/Resources( 58): Preloaded drawable resource #0x10801f0 (android:drawable/btn_toggle_on_disabled_holo_dark) that varies with configuration!!
W/Resources( 58): Preloaded drawable resource #0x10801f6 (android:drawable/btn_toggle_on_pressed_holo_dark) that varies with configuration!!
W/Resources( 58): Preloaded drawable resource #0x10801f2 (android:drawable/btn_toggle_on_focused_holo_dark) that varies with configuration!!
W/Resources( 58): Preloaded drawable resource #0x10801f4 (android:drawable/btn_toggle_on_normal_holo_dark) that varies with configuration!!
W/Resources( 58): Preloaded drawable resource #0x10801ee (android:drawable/btn_toggle_on_disabled_focused_holo_dark) that varies with configuration!!
W/Resources( 58): Preloaded drawable resource #0x10801f0 (android:drawable/btn_toggle_on_disabled_holo_dark) that varies with configuration!!
W/Resources( 58): Preloaded drawable resource #0x10801e9 (android:drawable/btn_toggle_off_normal_holo_dark) that varies with configuration!!
W/Resources( 58): Preloaded drawable resource #0x10801e5 (android:drawable/btn_toggle_off_disabled_holo_dark) that varies with configuration!!
W/Resources( 58): Preloaded drawable resource #0x10801eb (android:drawable/btn_toggle_off_pressed_holo_dark) that varies with configuration!!
W/Resources( 58): Preloaded drawable resource #0x10801e7 (android:drawable/btn_toggle_off_focused_holo_dark) that varies with configuration!!
W/Resources( 58): Preloaded drawable resource #0x10801e9 (android:drawable/btn_toggle_off_normal_holo_dark) that varies with configuration!!
W/Resources( 58): Preloaded drawable resource #0x10801e3 (android:drawable/btn_toggle_off_disabled_focused_holo_dark) that varies with configuration!!
W/Resources( 58): Preloaded drawable resource #0x10801e5 (android:drawable/btn_toggle_off_disabled_holo_dark) that varies with configuration!!
W/Resources( 58): Preloaded drawable resource #0x10801e0 (android:drawable/btn_toggle_holo_dark) that varies with configuration!!
D/dalvikvm( 58): GC_EXPLICIT freed 75K, 4% free 2621K/2712K, paused 6ms+10ms, total 129ms
W/Resources( 58): Preloaded drawable resource #0x108064c (android:drawable/textfield_multiline_default_holo_light) that varies with configuration!!
W/Resources( 58): Preloaded drawable resource #0x1080650 (android:drawable/textfield_multiline_disabled_holo_light) that varies with configuration!!
W/Resources( 58): Preloaded drawable resource #0x108064a (android:drawable/textfield_multiline_activated_holo_light) that varies with configuration!!
W/Resources( 58): Preloaded drawable resource #0x1080652 (android:drawable/textfield_multiline_focused_holo_light) that varies with configuration!!
W/Resources( 58): Preloaded drawable resource #0x108064c (android:drawable/textfield_multiline_default_holo_light) that varies with configuration!!
W/Resources( 58): Preloaded drawable resource #0x108064e (android:drawable/textfield_multiline_disabled_focused_holo_light) that varies with configuration!!
W/Resources( 58): Preloaded drawable resource #0x1080650 (android:drawable/textfield_multiline_disabled_holo_light) that varies with configuration!!
W/Resources( 58): Preloaded drawable resource #0x108063f (android:drawable/textfield_default_holo_light) that varies with configuration!!
W/Resources( 58): Preloaded drawable resource #0x1080644 (android:drawable/textfield_disabled_holo_light) that varies with configuration!!
W/Resources( 58): Preloaded drawable resource #0x1080637 (android:drawable/textfield_activated_holo_light) that varies with configuration!!
W/Resources( 58): Preloaded drawable resource #0x1080647 (android:drawable/textfield_focused_holo_light) that varies with configuration!!
W/Resources( 58): Preloaded drawable resource #0x108063f (android:drawable/textfield_default_holo_light) that varies with configuration!!
W/Resources( 58): Preloaded drawable resource #0x1080642 (android:drawable/textfield_disabled_focused_holo_light) that varies with configuration!!
W/Resources( 58): Preloaded drawable resource #0x1080644 (android:drawable/textfield_disabled_holo_light) that varies with configuration!!
W/Resources( 58): Preloaded drawable resource #0x1080258 (android:drawable/edit_text_holo_light) that varies with configuration!!
D/dalvikvm( 58): GC_EXPLICIT freed 75K, 4% free 2622K/2712K, paused 9ms+5ms, total 115ms
W/Resources( 58): Preloaded drawable resource #0x108064b (android:drawable/textfield_multiline_default_holo_dark) that varies with configuration!!
W/Resources( 58): Preloaded drawable resource #0x108064f (android:drawable/textfield_multiline_disabled_holo_dark) that varies with configuration!!
W/Resources( 58): Preloaded drawable resource #0x1080649 (android:drawable/textfield_multiline_activated_holo_dark) that varies with configuration!!
W/Resources( 58): Preloaded drawable resource #0x1080651 (android:drawable/textfield_multiline_focused_holo_dark) that varies with configuration!!
W/Resources( 58): Preloaded drawable resource #0x108064b (android:drawable/textfield_multiline_default_holo_dark) that varies with configuration!!
W/Resources( 58): Preloaded drawable resource #0x108064d (android:drawable/textfield_multiline_disabled_focused_holo_dark) that varies with configuration!!
W/Resources( 58): Preloaded drawable resource #0x108064f (android:drawable/textfield_multiline_disabled_holo_dark) that varies with configuration!!
W/Resources( 58): Preloaded drawable resource #0x108063e (android:drawable/textfield_default_holo_dark) that varies with configuration!!
W/Resources( 58): Preloaded drawable resource #0x1080643 (android:drawable/textfield_disabled_holo_dark) that varies with configuration!!
W/Resources( 58): Preloaded drawable resource #0x1080636 (android:drawable/textfield_activated_holo_dark) that varies with configuration!!
W/Resources( 58): Preloaded drawable resource #0x1080646 (android:drawable/textfield_focused_holo_dark) that varies with configuration!!
W/Resources( 58): Preloaded drawable resource #0x108063e (android:drawable/textfield_default_holo_dark) that varies with configuration!!
W/Resources( 58): Preloaded drawable resource #0x1080641 (android:drawable/textfield_disabled_focused_holo_dark) that varies with configuration!!
W/Resources( 58): Preloaded drawable resource #0x1080643 (android:drawable/textfield_disabled_holo_dark) that varies with configuration!!
W/Resources( 58): Preloaded drawable resource #0x1080257 (android:drawable/edit_text_holo_dark) that varies with configuration!!
D/dalvikvm( 58): GC_EXPLICIT freed 74K, 4% free 2624K/2716K, paused 72ms+26ms, total 353ms
W/Resources( 58): Preloaded drawable resource #0x1080633 (android:drawable/text_select_handle_left) that varies with configuration!!
W/Resources( 58): Preloaded drawable resource #0x1080635 (android:drawable/text_select_handle_right) that varies with configuration!!
W/Resources( 58): Preloaded drawable resource #0x1080630 (android:drawable/text_edit_paste_window) that varies with configuration!!
W/Resources( 58): Preloaded drawable resource #0x108026d (android:drawable/expander_close_holo_dark) that varies with configuration!!
W/Resources( 58): Preloaded drawable resource #0x108026e (android:drawable/expander_close_holo_light) that varies with configuration!!
W/Resources( 58): Preloaded drawable resource #0x108026d (android:drawable/expander_close_holo_dark) that varies with configuration!!
W/Resources( 58): Preloaded drawable resource #0x1080274 (android:drawable/expander_open_holo_dark) that varies with configuration!!
W/Resources( 58): Preloaded drawable resource #0x1080270 (android:drawable/expander_group_holo_dark) that varies with configuration!!
D/dalvikvm( 58): GC_EXPLICIT freed 85K, 5% free 2597K/2716K, paused 8ms+12ms, total 150ms
W/Resources( 58): Preloaded drawable resource #0x108026e (android:drawable/expander_close_holo_light) that varies with configuration!!
W/Resources( 58): Preloaded drawable resource #0x1080275 (android:drawable/expander_open_holo_light) that varies with configuration!!
W/Resources( 58): Preloaded drawable resource #0x1080271 (android:drawable/expander_group_holo_light) that varies with configuration!!
W/Resources( 58): Preloaded drawable resource #0x108041d (android:drawable/list_selector_disabled_holo_dark) that varies with configuration!!
W/Resources( 58): Preloaded drawable resource #0x108041d (android:drawable/list_selector_disabled_holo_dark) that varies with configuration!!
W/Resources( 58): Preloaded drawable resource #0x10803fe (android:drawable/list_pressed_holo_dark) that varies with configuration!!
W/Resources( 58): Preloaded drawable resource #0x10803fc (android:drawable/list_longpressed_holo_dark) that varies with configuration!!
W/Resources( 58): Preloaded drawable resource #0x108041a (android:drawable/list_selector_background_transition_holo_dark) that varies with configuration!!
W/Resources( 58): Preloaded drawable resource #0x10803fe (android:drawable/list_pressed_holo_dark) that varies with configuration!!
W/Resources( 58): Preloaded drawable resource #0x10803fc (android:drawable/list_longpressed_holo_dark) that varies with configuration!!
W/Resources( 58): Preloaded drawable resource #0x108041a (android:drawable/list_selector_background_transition_holo_dark) that varies with configuration!!
W/Resources( 58): Preloaded drawable resource #0x10803f7 (android:drawable/list_focused_holo) that varies with configuration!!
W/Resources( 58): Preloaded drawable resource #0x1080421 (android:drawable/list_selector_holo_dark) that varies with configuration!!
W/Resources( 58): Preloaded drawable resource #0x108041e (android:drawable/list_selector_disabled_holo_light) that varies with configuration!!
W/Resources( 58): Preloaded drawable resource #0x108041e (android:drawable/list_selector_disabled_holo_light) that varies with configuration!!
W/Resources( 58): Preloaded drawable resource #0x10803ff (android:drawable/list_pressed_holo_light) that varies with configuration!!
W/Resources( 58): Preloaded drawable resource #0x10803fd (android:drawable/list_longpressed_holo_light) that varies with configuration!!
W/Resources( 58): Preloaded drawable resource #0x108041b (android:drawable/list_selector_background_transition_holo_light) that varies with configuration!!
W/Resources( 58): Preloaded drawable resource #0x10803ff (android:drawable/list_pressed_holo_light) that varies with configuration!!
W/Resources( 58): Preloaded drawable resource #0x10803fd (android:drawable/list_longpressed_holo_light) that varies with configuration!!
W/Resources( 58): Preloaded drawable resource #0x108041b (android:drawable/list_selector_background_transition_holo_light) that varies with configuration!!
W/Resources( 58): Preloaded drawable resource #0x10803f7 (android:drawable/list_focused_holo) that varies with configuration!!
W/Resources( 58): Preloaded drawable resource #0x1080422 (android:drawable/list_selector_holo_light) that varies with configuration!!
D/dalvikvm( 58): GC_EXPLICIT freed 54K, 5% free 2603K/2716K, paused 17ms+6ms, total 99ms
W/Resources( 58): Preloaded drawable resource #0x1080401 (android:drawable/list_section_divider_holo_light) that varies with configuration!!
W/Resources( 58): Preloaded drawable resource #0x1080400 (android:drawable/list_section_divider_holo_dark) that varies with configuration!!
W/Resources( 58): Preloaded drawable resource #0x1080432 (android:drawable/menu_hardkey_panel_holo_dark) that varies with configuration!!
W/Resources( 58): Preloaded drawable resource #0x1080433 (android:drawable/menu_hardkey_panel_holo_light) that varies with configuration!!
W/Resources( 58): Preloaded drawable resource #0x108043a (android:drawable/menu_submenu_background) that varies with configuration!!
W/Resources( 58): Preloaded drawable resource #0x1080431 (android:drawable/menu_dropdown_panel_holo_light) that varies with configuration!!
W/Resources( 58): Preloaded drawable resource #0x1080430 (android:drawable/menu_dropdown_panel_holo_dark) that varies with configuration!!
D/dalvikvm( 58): GC_EXPLICIT freed 35K, 4% free 2621K/2716K, paused 13ms+6ms, total 100ms
W/Resources( 58): Preloaded drawable resource #0x1080437 (android:drawable/menu_popup_panel_holo_light) that varies with configuration!!
W/Resources( 58): Preloaded drawable resource #0x1080436 (android:drawable/menu_popup_panel_holo_dark) that varies with configuration!!
W/Resources( 58): Preloaded drawable resource #0x1080437 (android:drawable/menu_popup_panel_holo_light) that varies with configuration!!
W/Resources( 58): Preloaded drawable resource #0x1080431 (android:drawable/menu_dropdown_panel_holo_light) that varies with configuration!!
W/Resources( 58): Preloaded drawable resource #0x1080435 (android:drawable/menu_panel_holo_light) that varies with configuration!!
W/Resources( 58): Preloaded drawable resource #0x1080436 (android:drawable/menu_popup_panel_holo_dark) that varies with configuration!!
W/Resources( 58): Preloaded drawable resource #0x1080430 (android:drawable/menu_dropdown_panel_holo_dark) that varies with configuration!!
W/Resources( 58): Preloaded drawable resource #0x1080434 (android:drawable/menu_panel_holo_dark) that varies with configuration!!
D/dalvikvm( 58): GC_EXPLICIT freed 53K, 5% free 2631K/2752K, paused 7ms+6ms, total 113ms
W/Resources( 58): Preloaded drawable resource #0x108047c (android:drawable/overscroll_edge) that varies with configuration!!
W/Resources( 58): Preloaded drawable resource #0x108047d (android:drawable/overscroll_glow) that varies with configuration!!
D/dalvikvm( 58): GC_EXPLICIT freed 354K, 15% free 2580K/3028K, paused 11ms+17ms, total 119ms
W/Resources( 58): Preloaded drawable resource #0x1080545 (android:drawable/spinner_16_outer_holo) that varies with configuration!!
W/Resources( 58): Preloaded drawable resource #0x1080544 (android:drawable/spinner_16_inner_holo) that varies with configuration!!
W/Resources( 58): Preloaded drawable resource #0x1080549 (android:drawable/spinner_48_outer_holo) that varies with configuration!!
W/Resources( 58): Preloaded drawable resource #0x1080548 (android:drawable/spinner_48_inner_holo) that varies with configuration!!
W/Resources( 58): Preloaded drawable resource #0x108054b (android:drawable/spinner_76_outer_holo) that varies with configuration!!
D/dalvikvm( 58): GC_EXPLICIT freed 50K, 15% free 2581K/3028K, paused 28ms+6ms, total 113ms
W/Resources( 58): Preloaded drawable resource #0x108054a (android:drawable/spinner_76_inner_holo) that varies with configuration!!
W/Resources( 58): Preloaded drawable resource #0x10804c5 (android:drawable/progress_bg_holo_dark) that varies with configuration!!
