D/dalvikvm( 1476): Note: class Landroid/app/ActivityManagerNative; has 179 unimplemented (abstract) methods
E/CordovaWebView( 1200): CordovaWebView: TIMEOUT ERROR!
E/memtrack( 1476): Couldn't load memtrack module (No such file or directory)
E/android.os.Debug( 1476): failed to load memtrack module: -2
D/AndroidRuntime( 1476): Calling main entry com.android.commands.am.Am
D/JsMessageQueue( 1200): Set native->JS mode to OnlineEventsBridgeMode
D/CordovaLog( 1200): file:///data/data/com.finys.prototype.insured/files/12590FAA-5EDD-4B12-856D-F52A0A1599F2/cordova.js: Line 1169 : deviceready has not fired after 5 seconds.
I/chromium( 1200): [INFO:CONSOLE(1169)] "deviceready has not fired after 5 seconds.", source: file:///data/data/com.finys.prototype.insured/files/12590FAA-5EDD-4B12-856D-F52A0A1599F2/cordova.js (1169)
D/CordovaLog( 1200): file:///data/data/com.finys.prototype.insured/files/12590FAA-5EDD-4B12-856D-F52A0A1599F2/cordova.js: Line 1162 : Channel not fired: onPluginsReady
I/chromium( 1200): [INFO:CONSOLE(1162)] "Channel not fired: onPluginsReady", source: file:///data/data/com.finys.prototype.insured/files/12590FAA-5EDD-4B12-856D-F52A0A1599F2/cordova.js (1162)
D/CordovaLog( 1200): file:///data/data/com.finys.prototype.insured/files/12590FAA-5EDD-4B12-856D-F52A0A1599F2/cordova.js: Line 1162 : Channel not fired: onCordovaReady
I/chromium( 1200): [INFO:CONSOLE(1162)] "Channel not fired: onCordovaReady", source: file:///data/data/com.finys.prototype.insured/files/12590FAA-5EDD-4B12-856D-F52A0A1599F2/cordova.js (1162)
D/CordovaLog( 1200): file:///data/data/com.finys.prototype.insured/files/12590FAA-5EDD-4B12-856D-F52A0A1599F2/cordova.js: Line 1162 : Channel not fired: onDOMContentLoaded
I/chromium( 1200): [INFO:CONSOLE(1162)] "Channel not fired: onDOMContentLoaded", source: file:///data/data/com.finys.prototype.insured/files/12590FAA-5EDD-4B12-856D-F52A0A1599F2/cordova.js (1162)
D/CountryDetector( 482): The first listener is added
V/MmsConfig( 1478): mnc/mcc: 310260
V/MmsConfig( 1478): tag: bool value: enabledMMS - true
V/MmsConfig( 1478): tag: int value: maxMessageSize - 307200
V/MmsConfig( 1478): tag: int value: maxImageHeight - 480
V/MmsConfig( 1478): tag: int value: maxImageWidth - 640
V/MmsConfig( 1478): tag: int value: defaultSMSMessagesPerThread - 10000
V/MmsConfig( 1478): tag: int value: defaultMMSMessagesPerThread - 1000
V/MmsConfig( 1478): tag: int value: minMessageCountPerThread - 10
V/MmsConfig( 1478): tag: int value: maxMessageCountPerThread - 5000
V/MmsConfig( 1478): tag: string value: uaProfUrl - http://www.google.com/oha/rdf/ua-profile-kila.xml
V/MmsConfig( 1478): tag: int value: recipientLimit - -1
V/MmsConfig( 1478): tag: bool value: enableMultipartSMS - true
V/MmsConfig( 1478): tag: int value: smsToMmsTextThreshold - -1
V/MmsConfig( 1478): tag: bool value: enableSlideDuration - true
V/MmsConfig( 1478): tag: int value: maxMessageTextSize - -1
V/StatusBar( 1200): Executing action: _ready
W/CordovaPlugin( 1200): Attempted to send a second callback for ID: StatusBar509020753
W/CordovaPlugin( 1200): Result was: "Invalid action"
D/CordovaActivity( 1200): onMessage(spinner,stop)
W/PluginManager( 1200): THREAD WARNING: exec() call to File.requestAllPaths blocked the main thread for 64ms. Plugin should use CordovaInterface.getThreadPool().
D/CordovaNetworkManager( 1200): Connection Type: 3g
D/CordovaNetworkManager( 1200): Connection Extra Info: epc.tmobile.com
W/PluginManager( 1200): THREAD WARNING: exec() call to NetworkStatus.getConnectionInfo blocked the main thread for 46ms. Plugin should use CordovaInterface.getThreadPool().
I/ActivityManager( 482): Delay finish: com.android.mms/.transaction.MmsSystemEventReceiver
I/Choreographer( 1200): Skipped 30 frames! The application may be doing too much work on its main thread.
I/Choreographer( 1200): Skipped 106 frames! The application may be doing too much work on its main thread.
I/Choreographer( 1200): Skipped 41 frames! The application may be doing too much work on its main thread.
I/Choreographer( 1200): Skipped 38 frames! The application may be doing too much work on its main thread.
I/ActivityManager( 482): Waited long enough for: ServiceRecord{b3010168 u0 com.android.mms/.transaction.TransactionService}
I/ActivityManager( 482): Resuming delayed broadcast
D/CordovaActivity( 1200): onMessage(splashscreen,hide)
I/App ( 1200): WARNING: Back Button Default Behavior will be overridden. The backbutton event will be fired!
I/Choreographer( 1200): Skipped 188 frames! The application may be doing too much work on its main thread.
D/dalvikvm( 1102): GC_CONCURRENT freed 208K, 10% free 2884K/3180K, paused 525ms+9ms, total 2613ms
I/ActivityManager( 482): Delay finish: com.android.mms/.transaction.SmsReceiver
D/Mms:app ( 1478): cancelNotification
D/dalvikvm( 1478): GC_CONCURRENT freed 245K, 11% free 2851K/3184K, paused 23ms+6ms, total 147ms
D/MmsSmsDatabaseHelper( 677): [MmsSmsDb] tableName: threads hasAutoIncrement: CREATE TABLE threads (_id INTEGER PRIMARY KEY AUTOINCREMENT,date INTEGER DEFAULT 0,message_count INTEGER DEFAULT 0,recipient_ids TEXT,snippet TEXT,snippet_cs INTEGER DEFAULT 0,read INTEGER DEFAULT 1,type INTEGER DEFAULT 0,error INTEGER DEFAULT 0,has_attachment INTEGER DEFAULT 0) result: true
D/MmsSmsDatabaseHelper( 677): [MmsSmsDb] tableName: canonical_addresses hasAutoIncrement: CREATE TABLE canonical_addresses (_id INTEGER PRIMARY KEY AUTOINCREMENT,address TEXT) result: true
D/MmsSmsDatabaseHelper( 677): [MmsSmsDb] tableName: part hasAutoIncrement: CREATE TABLE part (_id INTEGER PRIMARY KEY AUTOINCREMENT,mid INTEGER,seq INTEGER DEFAULT 0,ct TEXT,name TEXT,chset INTEGER,cd TEXT,fn TEXT,cid TEXT,cl TEXT,ctt_s INTEGER,ctt_t TEXT,_data TEXT,text TEXT) result: true
D/MmsSmsDatabaseHelper( 677): [MmsSmsDb] tableName: pdu hasAutoIncrement: CREATE TABLE pdu (_id INTEGER PRIMARY KEY AUTOINCREMENT,thread_id INTEGER,date INTEGER,date_sent INTEGER DEFAULT 0,msg_box INTEGER,read INTEGER DEFAULT 0,m_id TEXT,sub TEXT,sub_cs INTEGER,ct_t TEXT,ct_l TEXT,exp INTEGER,m_cls TEXT,m_type INTEGER,v INTEGER,m_size INTEGER,pri INTEGER,rr INTEGER,rpt_a INTEGER,resp_st INTEGER,st INTEGER,tr_id TEXT,retr_st INTEGER,retr_txt TEXT,retr_txt_cs INTEGER,read_status INTEGER,ct_cls INTEGER,resp_txt TEXT,d_tm INTEGER,d_rpt INTEGER,locked INTEGER DEFAULT 0,seen INTEGER DEFAULT 0,text_only INTEGER DEFAULT 0) result: true
D/MmsSmsDatabaseHelper( 677): [getWritableDatabase] hasAutoIncrementThreads: true hasAutoIncrementAddresses: true hasAutoIncrementPart: true hasAutoIncrementPdu: true
D/Mms:app ( 1478): cancelNotification
I/ActivityManager( 482): Resuming delayed broadcast
I/ActivityManager( 482): Start proc com.android.calendar for broadcast com.android.calendar/.alerts.AlertReceiver: pid=1557 uid=10016 gids={50016, 3003}
D/CordovaLog( 1200): : Line 0 : event.returnValue is deprecated. Please use the standard event.preventDefault() instead.
I/chromium( 1200): [INFO:CONSOLE(0)] "event.returnValue is deprecated. Please use the standard event.preventDefault() instead.", source: (0)
D/dalvikvm( 846): GC_CONCURRENT freed 1929K, 28% free 7163K/9816K, paused 8ms+53ms, total 322ms
I/Choreographer( 1200): Skipped 40 frames! The application may be doing too much work on its main thread.
D/ExtensionsFactory( 1557): No custom extensions.
D/AlertReceiver( 1557): onReceive: a=android.intent.action.BOOT_COMPLETED Intent { act=android.intent.action.BOOT_COMPLETED flg=0x8000010 cmp=com.android.calendar/.alerts.AlertReceiver (has extras) }
I/ActivityManager( 482): Delay finish: com.android.calendar/.alerts.AlertReceiver
D/AlertUtils( 1557): Flushing old alerts from shared prefs table
I/Choreographer( 1200): Skipped 30 frames! The application may be doing too much work on its main thread.
D/AlertService( 1557): 0 Action = android.intent.action.BOOT_COMPLETED
D/AlertService( 1557): Scheduling next alarm with AlarmScheduler. sEventReminderReceived: null
I/ActivityManager( 482): Start proc com.android.providers.calendar for content provider com.android.providers.calendar/.CalendarProvider2: pid=1582 uid=10001 gids={50001, 3003, 1028, 1015}
I/Choreographer( 1200): Skipped 60 frames! The application may be doing too much work on its main thread.
I/Choreographer( 1200): Skipped 32 frames! The application may be doing too much work on its main thread.
I/Choreographer( 1200): Skipped 36 frames! The application may be doing too much work on its main thread.
I/CalendarProvider2( 1582): Created com.android.providers.calendar.CalendarAlarmManager@b2d48630(com.android.providers.calendar.CalendarProvider2@b2d3f840)
I/Choreographer( 1200): Skipped 38 frames! The application may be doing too much work on its main thread.
I/Choreographer( 1200): Skipped 31 frames! The application may be doing too much work on its main thread.
D/AlarmScheduler( 1557): No events found starting within 1 week.
V/MediaScanner( 1102): pruneDeadThumbnailFiles... android.database.sqlite.SQLiteCursor@b2d20320
V/MediaScanner( 1102): /pruneDeadThumbnailFiles... android.database.sqlite.SQLiteCursor@b2d20320
I/CalendarProvider2( 1582): Sending notification intent: Intent { act=android.intent.action.PROVIDER_CHANGED dat=content://com.android.calendar }
W/ContentResolver( 1582): Failed to get type for: content://com.android.calendar (Unknown URL content://com.android.calendar)
I/Choreographer( 1200): Skipped 30 frames! The application may be doing too much work on its main thread.
I/Choreographer( 1200): Skipped 57 frames! The application may be doing too much work on its main thread.
I/Choreographer( 1200): Skipped 38 frames! The application may be doing too much work on its main thread.
I/Choreographer( 1200): Skipped 37 frames! The application may be doing too much work on its main thread.
I/Choreographer( 1200): Skipped 32 frames! The application may be doing too much work on its main thread.
I/Choreographer( 1200): Skipped 36 frames! The application may be doing too much work on its main thread.
I/Choreographer( 1200): Skipped 40 frames! The application may be doing too much work on its main thread.
I/Choreographer( 1200): Skipped 40 frames! The application may be doing too much work on its main thread.
I/Choreographer( 1200): Skipped 50 frames! The application may be doing too much work on its main thread.
I/Choreographer( 1200): Skipped 45 frames! The application may be doing too much work on its main thread.
I/Choreographer( 1200): Skipped 38 frames! The application may be doing too much work on its main thread.
I/Choreographer( 1200): Skipped 42 frames! The application may be doing too much work on its main thread.
I/Choreographer( 1200): Skipped 87 frames! The application may be doing too much work on its main thread.
D/MobileDataStateTracker( 482): default: setPolicyDataEnable(enabled=true)
I/Choreographer( 1200): Skipped 34 frames! The application may be doing too much work on its main thread.
I/Choreographer( 1200): Skipped 32 frames! The application may be doing too much work on its main thread.
I/Choreographer( 1200): Skipped 38 frames! The application may be doing too much work on its main thread.
I/Choreographer( 1200): Skipped 40 frames! The application may be doing too much work on its main thread.
I/Choreographer( 1200): Skipped 36 frames! The application may be doing too much work on its main thread.
I/Choreographer( 1200): Skipped 39 frames! The application may be doing too much work on its main thread.
I/Choreographer( 1200): Skipped 32 frames! The application may be doing too much work on its main thread.
I/Choreographer( 1200): Skipped 30 frames! The application may be doing too much work on its main thread.
I/Choreographer( 1200): Skipped 43 frames! The application may be doing too much work on its main thread.
I/Choreographer( 1200): Skipped 39 frames! The application may be doing too much work on its main thread.
I/Choreographer( 1200): Skipped 35 frames! The application may be doing too much work on its main thread.
I/Choreographer( 1200): Skipped 31 frames! The application may be doing too much work on its main thread.
I/ActivityManager( 482): Waited long enough for: ServiceRecord{b3055a88 u0 com.android.calendar/.alerts.InitAlarmsService}
I/ActivityManager( 482): Resuming delayed broadcast
I/ActivityManager( 482): Start proc com.android.deskclock for broadcast com.android.deskclock/.AlarmInitReceiver: pid=1618 uid=10020 gids={50020, 1028}
I/Choreographer( 1200): Skipped 156 frames! The application may be doing too much work on its main thread.
I/Choreographer( 1200): Skipped 42 frames! The application may be doing too much work on its main thread.
V/AlarmClock( 1618): AlarmInitReceiver android.intent.action.BOOT_COMPLETED
V/AlarmClock( 1618): AlarmInitReceiver - Reset timers and clear stopwatch data
I/Choreographer( 1200): Skipped 34 frames! The application may be doing too much work on its main thread.
I/AlarmClock( 1618): Displaying next alarm time: ''
V/AlarmClock( 1618): AlarmInitReceiver finished
I/ActivityManager( 482): Start proc com.android.email for broadcast com.android.email/.service.EmailBroadcastReceiver: pid=1635 uid=10024 gids={50024, 3003, 1028, 1015}
D/dalvikvm( 58): GC_EXPLICIT freed 41K, 5% free 2705K/2836K, paused 45ms+16ms, total 172ms
D/dalvikvm( 58): GC_EXPLICIT freed <1K, 5% free 2705K/2836K, paused 20ms+16ms, total 127ms
D/dalvikvm( 58): GC_EXPLICIT freed <1K, 5% free 2705K/2836K, paused 25ms+17ms, total 129ms
I/Choreographer( 1200): Skipped 43 frames! The application may be doing too much work on its main thread.
I/Choreographer( 1200): Skipped 33 frames! The application may be doing too much work on its main thread.
D/ActivityThread( 1635): Loading provider com.android.email.provider;com.android.email.notifier: com.android.email.provider.EmailProvider
I/ActivityManager( 482): Delay finish: com.android.email/.service.EmailBroadcastReceiver
I/Choreographer( 1200): Skipped 32 frames! The application may be doing too much work on its main thread.
D/dalvikvm( 1635): GC_CONCURRENT freed 264K, 12% free 2860K/3216K, paused 47ms+170ms, total 519ms
W/ActivityManager( 482): Unable to start service Intent { cmp=com.android.email/.service.AttachmentDownloadService } U=0: not found
I/Choreographer( 1200): Skipped 34 frames! The application may be doing too much work on its main thread.
I/ActivityManager( 482): Delaying start of: ServiceRecord{b2f9cdb0 u0 com.android.exchange/.service.EmailSyncAdapterService}
I/Email ( 1635): Observing account changes for notifications
I/ActivityManager( 482): Start proc com.android.exchange for service com.android.exchange/.service.EmailSyncAdapterService: pid=1658 uid=10025 gids={50025, 3003, 1028, 1015}
W/ActivityManager( 482): Unable to start service Intent { cmp=com.android.email/.service.AttachmentDownloadService } U=0: not found
I/Choreographer( 1200): Skipped 40 frames! The application may be doing too much work on its main thread.
I/Choreographer( 1200): Skipped 46 frames! The application may be doing too much work on its main thread.
I/Choreographer( 1200): Skipped 37 frames! The application may be doing too much work on its main thread.
I/ActivityManager( 482): Resuming delayed broadcast
I/LauncherIconVisibilityManager( 662): Boot has been completed
I/LauncherIconVisibilityManager( 662): Activity has already been disabled: ComponentInfo{com.android.inputmethod.latin/com.android.inputmethod.latin.setup.SetupActivity}
I/Choreographer( 1200): Skipped 39 frames! The application may be doing too much work on its main thread.
E/BluetoothAdapter( 1044): Bluetooth binder is null
E/BluetoothAdapter( 1044): Bluetooth binder is null
I/Choreographer( 1200): Skipped 122 frames! The application may be doing too much work on its main thread.
D/MobileDataStateTracker( 482): default: setPolicyDataEnable(enabled=true)
D/ConnectivityService( 482): Sampling interval elapsed, updating statistics ..
D/ ( 482): Setting time of day to sec=1442381767
D/ConnectivityService( 482): Done.
D/ConnectivityService( 482): Setting timer for 720seconds
D/dalvikvm( 677): GC_CONCURRENT freed 345K, 15% free 3294K/3832K, paused 90ms+9ms, total 748ms
D/dalvikvm( 482): GC_CONCURRENT freed 1289K, 21% free 5624K/7048K, paused 10ms+42ms, total 1094ms
I/Choreographer( 1200): Skipped 34 frames! The application may be doing too much work on its main thread.
I/ActivityManager( 482): Delay finish: com.android.settings/.widget.SettingsAppWidgetProvider
D/dalvikvm( 482): GC_EXPLICIT freed 47K, 21% free 5604K/7048K, paused 100ms+35ms, total 863ms
I/Choreographer( 1200): Skipped 97 frames! The application may be doing too much work on its main thread.
I/Choreographer( 1200): Skipped 71 frames! The application may be doing too much work on its main thread.
I/ActivityManager( 482): Resuming delayed broadcast
E/BluetoothAdapter( 1044): Bluetooth binder is null
I/ActivityManager( 482): Delay finish: com.android.mms/.transaction.SmsReceiver
D/AndroidRuntime( 1476): Shutting down VM
V/SmsReceiverService( 1478): onStart: #1 mResultCode: -1 = Activity.RESULT_OK
D/dalvikvm( 1476): GC_CONCURRENT freed 96K, 15% free 587K/688K, paused 14ms+3ms, total 43ms
I/ActivityManager( 482): Resuming delayed broadcast
D/AlertReceiver( 1557): onReceive: a=android.intent.action.PROVIDER_CHANGED Intent { act=android.intent.action.PROVIDER_CHANGED dat=content://com.android.calendar flg=0x10 cmp=com.android.calendar/.alerts.AlertReceiver }
I/ActivityManager( 482): Delay finish: com.android.calendar/.alerts.AlertReceiver
D/AlertService( 1557): 0 Action = android.intent.action.PROVIDER_CHANGED
D/InitAlarmsService( 1557): Clearing and rescheduling alarms.
D/AndroidRuntime( 1703):
D/AndroidRuntime( 1703): >>>>>> AndroidRuntime START com.android.internal.os.RuntimeInit <<<<<<
D/AndroidRuntime( 1703): CheckJNI is ON
D/dalvikvm( 1703): Trying to load lib libjavacore.so 0x0
D/dalvikvm( 1703): Added shared lib libjavacore.so 0x0
D/dalvikvm( 1703): Trying to load lib libnativehelper.so 0x0
D/dalvikvm( 1703): Added shared lib libnativehelper.so 0x0
D/dalvikvm( 1703): No JNI_OnLoad found in libnativehelper.so 0x0, skipping init
D/dalvikvm( 1703): Note: class Landroid/app/ActivityManagerNative; has 179 unimplemented (abstract) methods
I/Choreographer( 1200): Skipped 159 frames! The application may be doing too much work on its main thread.
I/Choreographer( 1200): Skipped 95 frames! The application may be doing too much work on its main thread.
I/Choreographer( 1200): Skipped 103 frames! The application may be doing too much work on its main thread.
E/memtrack( 1703): Couldn't load memtrack module (No such file or directory)
E/android.os.Debug( 1703): failed to load memtrack module: -2
I/Choreographer( 1200): Skipped 133 frames! The application may be doing too much work on its main thread.
I/GlobalDismissManager( 1557): no sender configured
D/AlertService( 1557): Beginning updateAlertNotification
I/Choreographer( 1200): Skipped 147 frames! The application may be doing too much work on its main thread.
I/Choreographer( 1200): Skipped 87 frames! The application may be doing too much work on its main thread.
D/AndroidRuntime( 1703): Calling main entry com.android.commands.am.Am
I/Choreographer( 1200): Skipped 41 frames! The application may be doing too much work on its main thread.
D/AlertService( 1557): No fired or scheduled alerts
D/AlertService( 1557): Scheduling next alarm with AlarmScheduler. sEventReminderReceived: null
I/Choreographer( 1200): Skipped 37 frames! The application may be doing too much work on its main thread.
D/AlarmScheduler( 1557): No events found starting within 1 week.
I/ActivityManager( 482): Resuming delayed broadcast
D/dalvikvm( 1557): GC_CONCURRENT freed 304K, 13% free 2790K/3180K, paused 10ms+16ms, total 190ms
I/Choreographer( 1200): Skipped 37 frames! The application may be doing too much work on its main thread.
V/AlarmClock( 1618): AlarmInitReceiver android.intent.action.TIME_SET
D/dalvikvm( 1618): GC_CONCURRENT freed 373K, 15% free 2797K/3260K, paused 22ms+6ms, total 250ms
I/AlarmClock( 1618): Displaying next alarm time: ''
V/AlarmClock( 1618): AlarmInitReceiver finished
I/Choreographer( 1200): Skipped 39 frames! The application may be doing too much work on its main thread.
I/ActivityManager( 482): Delay finish: com.android.providers.calendar/.CalendarProviderBroadcastReceiver
I/ActivityManager( 482): Resuming delayed broadcast
I/Choreographer( 1200): Skipped 41 frames! The application may be doing too much work on its main thread.
I/ActivityManager( 482): Delay finish: com.android.providers.calendar/.CalendarProviderBroadcastReceiver
I/ActivityManager( 482): Resuming delayed broadcast
D/AndroidRuntime( 1703): Shutting down VM
D/dalvikvm( 1703): GC_CONCURRENT freed 96K, 15% free 587K/688K, paused 24ms+23ms, total 59ms
I/Choreographer( 1200): Skipped 49 frames! The application may be doing too much work on its main thread.
I/Choreographer( 1200): Skipped 89 frames! The application may be doing too much work on its main thread.
I/Choreographer( 1200): Skipped 81 frames! The application may be doing too much work on its main thread.
I/Choreographer( 1200): Skipped 86 frames! The application may be doing too much work on its main thread.
D/AndroidRuntime( 1736):
D/AndroidRuntime( 1736): >>>>>> AndroidRuntime START com.android.internal.os.RuntimeInit <<<<<<
D/AndroidRuntime( 1736): CheckJNI is ON
I/Choreographer( 1200): Skipped 100 frames! The application may be doing too much work on its main thread.
D/dalvikvm( 1736): Trying to load lib libjavacore.so 0x0
D/dalvikvm( 1736): Added shared lib libjavacore.so 0x0
D/dalvikvm( 1736): Trying to load lib libnativehelper.so 0x0
D/dalvikvm( 1736): Added shared lib libnativehelper.so 0x0
D/dalvikvm( 1736): No JNI_OnLoad found in libnativehelper.so 0x0, skipping init
I/Choreographer( 1200): Skipped 81 frames! The application may be doing too much work on its main thread.
D/dalvikvm( 1736): Note: class Landroid/app/ActivityManagerNative; has 179 unimplemented (abstract) methods
I/Choreographer( 1200): Skipped 260 frames! The application may be doing too much work on its main thread.
I/Choreographer( 1200): Skipped 119 frames! The application may be doing too much work on its main thread.
I/Choreographer( 1200): Skipped 81 frames! The application may be doing too much work on its main thread.
I/Choreographer( 1200): Skipped 102 frames! The application may be doing too much work on its main thread.
E/memtrack( 1736): Couldn't load memtrack module (No such file or directory)
E/android.os.Debug( 1736): failed to load memtrack module: -2
I/Choreographer( 1200): Skipped 77 frames! The application may be doing too much work on its main thread.
I/Choreographer( 1200): Skipped 105 frames! The application may be doing too much work on its main thread.
D/AndroidRuntime( 1736): Calling main entry com.android.commands.am.Am
I/Choreographer( 1200): Skipped 101 frames! The application may be doing too much work on its main thread.
D/AndroidRuntime( 1736): Shutting down VM
D/dalvikvm( 1736): GC_CONCURRENT freed 96K, 15% free 587K/688K, paused 3ms+4ms, total 30ms
I/Choreographer( 1200): Skipped 42 frames! The application may be doing too much work on its main thread.
I/Choreographer( 1200): Skipped 43 frames! The application may be doing too much work on its main thread.
I/Choreographer( 1200): Skipped 39 frames! The application may be doing too much work on its main thread.
I/Choreographer( 1200): Skipped 43 frames! The application may be doing too much work on its main thread.
I/Choreographer( 1200): Skipped 44 frames! The application may be doing too much work on its main thread.
I/Choreographer( 1200): Skipped 42 frames! The application may be doing too much work on its main thread.
I/Choreographer( 1200): Skipped 41 frames! The application may be doing too much work on its main thread.
I/Choreographer( 1200): Skipped 30 frames! The application may be doing too much work on its main thread.
I/Choreographer( 1200): Skipped 41 frames! The application may be doing too much work on its main thread.
I/Choreographer( 1200): Skipped 95 frames! The application may be doing too much work on its main thread.
I/Choreographer( 1200): Skipped 40 frames! The application may be doing too much work on its main thread.
I/Choreographer( 1200): Skipped 39 frames! The application may be doing too much work on its main thread.
I/Choreographer( 1200): Skipped 45 frames! The application may be doing too much work on its main thread.
I/Choreographer( 1200): Skipped 41 frames! The application may be doing too much work on its main thread.
I/Choreographer( 1200): Skipped 42 frames! The application may be doing too much work on its main thread.
I/Choreographer( 1200): Skipped 81 frames! The application may be doing too much work on its main thread.
I/Choreographer( 1200): Skipped 39 frames! The application may be doing too much work on its main thread.
I/Choreographer( 1200): Skipped 40 frames! The application may be doing too much work on its main thread.
I/Choreographer( 1200): Skipped 43 frames! The application may be doing too much work on its main thread.
I/Choreographer( 1200): Skipped 30 frames! The application may be doing too much work on its main thread.
I/Choreographer( 1200): Skipped 30 frames! The application may be doing too much work on its main thread.
I/Choreographer( 1200): Skipped 81 frames! The application may be doing too much work on its main thread.
I/Choreographer( 1200): Skipped 38 frames! The application may be doing too much work on its main thread.
I/Choreographer( 1200): Skipped 41 frames! The application may be doing too much work on its main thread.
I/Choreographer( 1200): Skipped 64 frames! The application may be doing too much work on its main thread.
I/Choreographer( 1200): Skipped 40 frames! The application may be doing too much work on its main thread.
I/Choreographer( 1200): Skipped 41 frames! The application may be doing too much work on its main thread.
I/Choreographer( 1200): Skipped 41 frames! The application may be doing too much work on its main thread.
I/Choreographer( 1200): Skipped 42 frames! The application may be doing too much work on its main thread.
I/Choreographer( 1200): Skipped 32 frames! The application may be doing too much work on its main thread.
I/Choreographer( 1200): Skipped 31 frames! The application may be doing too much work on its main thread.
I/Choreographer( 1200): Skipped 30 frames! The application may be doing too much work on its main thread.
I/Choreographer( 1200): Skipped 41 frames! The application may be doing too much work on its main thread.
I/Choreographer( 1200): Skipped 92 frames! The application may be doing too much work on its main thread.
I/Choreographer( 1200): Skipped 39 frames! The application may be doing too much work on its main thread.
I/Choreographer( 1200): Skipped 43 frames! The application may be doing too much work on its main thread.
I/Choreographer( 1200): Skipped 39 frames! The application may be doing too much work on its main thread.
I/Choreographer( 1200): Skipped 111 frames! The application may be doing too much work on its main thread.
I/Choreographer( 1200): Skipped 215 frames! The application may be doing too much work on its main thread.
I/Choreographer( 1200): Skipped 30 frames! The application may be doing too much work on its main thread.
I/Choreographer( 1200): Skipped 47 frames! The application may be doing too much work on its main thread.
I/Choreographer( 1200): Skipped 42 frames! The application may be doing too much work on its main thread.
I/Choreographer( 1200): Skipped 42 frames! The application may be doing too much work on its main thread.
I/Choreographer( 1200): Skipped 31 frames! The application may be doing too much work on its main thread.
I/Choreographer( 1200): Skipped 40 frames! The application may be doing too much work on its main thread.
I/dalvikvm( 482): Jit: resizing JitTable from 4096 to 8192
I/Choreographer( 1200): Skipped 45 frames! The application may be doing too much work on its main thread.
I/Choreographer( 1200): Skipped 50 frames! The application may be doing too much work on its main thread.
I/Choreographer( 1200): Skipped 141 frames! The application may be doing too much work on its main thread.
I/Choreographer( 1200): Skipped 46 frames! The application may be doing too much work on its main thread.
I/Choreographer( 1200): Skipped 48 frames! The application may be doing too much work on its main thread.
I/Choreographer( 1200): Skipped 50 frames! The application may be doing too much work on its main thread.
I/Choreographer( 1200): Skipped 34 frames! The application may be doing too much work on its main thread.
I/Choreographer( 1200): Skipped 38 frames! The application may be doing too much work on its main thread.
I/Choreographer( 1200): Skipped 69 frames! The application may be doing too much work on its main thread.
I/Choreographer( 1200): Skipped 45 frames! The application may be doing too much work on its main thread.
I/Choreographer( 1200): Skipped 122 frames! The application may be doing too much work on its main thread.
I/Choreographer( 1200): Skipped 44 frames! The application may be doing too much work on its main thread.
I/Choreographer( 1200): Skipped 36 frames! The application may be doing too much work on its main thread.
I/Choreographer( 1200): Skipped 42 frames! The application may be doing too much work on its main thread.
I/Choreographer( 1200): Skipped 37 frames! The application may be doing too much work on its main thread.
I/Choreographer( 1200): Skipped 58 frames! The application may be doing too much work on its main thread.
I/Choreographer( 1200): Skipped 51 frames! The application may be doing too much work on its main thread.
I/Choreographer( 1200): Skipped 36 frames! The application may be doing too much work on its main thread.
I/Choreographer( 1200): Skipped 33 frames! The application may be doing too much work on its main thread.
I/Choreographer( 1200): Skipped 38 frames! The application may be doing too much work on its main thread.
I/Choreographer( 1200): Skipped 40 frames! The application may be doing too much work on its main thread.
I/Choreographer( 1200): Skipped 40 frames! The application may be doing too much work on its main thread.
I/Choreographer( 1200): Skipped 124 frames! The application may be doing too much work on its main thread.
I/Choreographer( 1200): Skipped 42 frames! The application may be doing too much work on its main thread.
I/Choreographer( 1200): Skipped 43 frames! The application may be doing too much work on its main thread.
I/Choreographer( 1200): Skipped 42 frames! The application may be doing too much work on its main thread.
I/Choreographer( 1200): Skipped 44 frames! The application may be doing too much work on its main thread.
I/Choreographer( 1200): Skipped 41 frames! The application may be doing too much work on its main thread.
I/Choreographer( 1200): Skipped 41 frames! The application may be doing too much work on its main thread.
I/Choreographer( 1200): Skipped 44 frames! The application may be doing too much work on its main thread.
I/Choreographer( 1200): Skipped 40 frames! The application may be doing too much work on its main thread.
I/Choreographer( 1200): Skipped 53 frames! The application may be doing too much work on its main thread.
I/Choreographer( 1200): Skipped 41 frames! The application may be doing too much work on its main thread.
I/Choreographer( 1200): Skipped 46 frames! The application may be doing too much work on its main thread.
I/Choreographer( 1200): Skipped 62 frames! The application may be doing too much work on its main thread.
I/Choreographer( 1200): Skipped 110 frames! The application may be doing too much work on its main thread.
I/Choreographer( 1200): Skipped 45 frames! The application may be doing too much work on its main thread.
I/Choreographer( 1200): Skipped 42 frames! The application may be doing too much work on its main thread.
I/Choreographer( 1200): Skipped 43 frames! The application may be doing too much work on its main thread.
I/Choreographer( 1200): Skipped 48 frames! The application may be doing too much work on its main thread.
I/Choreographer( 1200): Skipped 57 frames! The application may be doing too much work on its main thread.
I/Choreographer( 1200): Skipped 42 frames! The application may be doing too much work on its main thread.
I/Choreographer( 1200): Skipped 44 frames! The application may be doing too much work on its main thread.
I/Choreographer( 1200): Skipped 273 frames! The application may be doing too much work on its main thread.
I/Choreographer( 1200): Skipped 84 frames! The application may be doing too much work on its main thread.
I/Choreographer( 1200): Skipped 52 frames! The application may be doing too much work on its main thread.
D/dalvikvm( 1200): GC_CONCURRENT freed 574K, 29% free 3283K/4592K, paused 35ms+93ms, total 555ms
I/Choreographer( 1200): Skipped 41 frames! The application may be doing too much work on its main thread.
I/Choreographer( 1200): Skipped 43 frames! The application may be doing too much work on its main thread.
I/Choreographer( 1200): Skipped 51 frames! The application may be doing too much work on its main thread.
I/Choreographer( 1200): Skipped 39 frames! The application may be doing too much work on its main thread.
I/Choreographer( 1200): Skipped 121 frames! The application may be doing too much work on its main thread.
I/Choreographer( 1200): Skipped 55 frames! The application may be doing too much work on its main thread.
I/Choreographer( 1200): Skipped 60 frames! The application may be doing too much work on its main thread.
I/Choreographer( 1200): Skipped 159 frames! The application may be doing too much work on its main thread.
I/Choreographer( 1200): Skipped 147 frames! The application may be doing too much work on its main thread.
I/Choreographer( 1200): Skipped 217 frames! The application may be doing too much work on its main thread.
I/Choreographer( 1200): Skipped 78 frames! The application may be doing too much work on its main thread.
I/Choreographer( 1200): Skipped 46 frames! The application may be doing too much work on its main thread.
I/Choreographer( 1200): Skipped 40 frames! The application may be doing too much work on its main thread.
I/Choreographer( 1200): Skipped 104 frames! The application may be doing too much work on its main thread.
I/Choreographer( 1200): Skipped 48 frames! The application may be doing too much work on its main thread.
I/Choreographer( 1200): Skipped 42 frames! The application may be doing too much work on its main thread.
I/Choreographer( 1200): Skipped 35 frames! The application may be doing too much work on its main thread.
I/Choreographer( 1200): Skipped 41 frames! The application may be doing too much work on its main thread.
I/Choreographer( 1200): Skipped 43 frames! The application may be doing too much work on its main thread.
I/Choreographer( 1200): Skipped 48 frames! The application may be doing too much work on its main thread.
I/Choreographer( 1200): Skipped 50 frames! The application may be doing too much work on its main thread.
I/Choreographer( 1200): Skipped 75 frames! The application may be doing too much work on its main thread.
I/Choreographer( 1200): Skipped 66 frames! The application may be doing too much work on its main thread.
I/Choreographer( 1200): Skipped 31 frames! The application may be doing too much work on its main thread.
I/Choreographer( 1200): Skipped 35 frames! The application may be doing too much work on its main thread.
I/Choreographer( 1200): Skipped 47 frames! The application may be doing too much work on its main thread.
I/Choreographer( 1200): Skipped 42 frames! The application may be doing too much work on its main thread.
I/Choreographer( 1200): Skipped 40 frames! The application may be doing too much work on its main thread.
I/Choreographer( 1200): Skipped 42 frames! The application may be doing too much work on its main thread.
I/Choreographer( 1200): Skipped 65 frames! The application may be doing too much work on its main thread.
I/Choreographer( 1200): Skipped 81 frames! The application may be doing too much work on its main thread.
I/Choreographer( 1200): Skipped 104 frames! The application may be doing too much work on its main thread.
I/Choreographer( 1200): Skipped 56 frames! The application may be doing too much work on its main thread.
I/Choreographer( 1200): Skipped 60 frames! The application may be doing too much work on its main thread.
I/Choreographer( 1200): Skipped 72 frames! The application may be doing too much work on its main thread.
I/Choreographer( 1200): Skipped 59 frames! The application may be doing too much work on its main thread.
I/Choreographer( 1200): Skipped 47 frames! The application may be doing too much work on its main thread.
I/Choreographer( 1200): Skipped 43 frames! The application may be doing too much work on its main thread.
I/Choreographer( 1200): Skipped 47 frames! The application may be doing too much work on its main thread.
I/Choreographer( 1200): Skipped 86 frames! The application may be doing too much work on its main thread.
W/paypal.sdk( 1200): PayPalService created. PayPalSDK/PayPal-Android-SDK 2.10.0 (Android 4.4.4; unknown sdk; )
W/CordovaPlugin( 1200): Attempted to send a second callback for ID: PayPalMobile509020761
W/CordovaPlugin( 1200): Result was: "Paypal Service class destroyed, Activity is closed."
W/PluginManager( 1200): THREAD WARNING: exec() call to PayPalMobile.prepareToRender blocked the main thread for 161ms. Plugin should use CordovaInterface.getThreadPool().
I/dalvikvm( 1200): Could not find method com.google.android.gms.common.GooglePlayServicesUtil.isGooglePlayServicesAvailable, referenced from method com.paypal.android.sdk.au.a
W/dalvikvm( 1200): VFY: unable to resolve static method 911: Lcom/google/android/gms/common/GooglePlayServicesUtil;.isGooglePlayServicesAvailable (Landroid/content/Context;)I
D/dalvikvm( 1200): VFY: replacing opcode 0x71 at 0x0006
D/dalvikvm( 1200): GC_CONCURRENT freed 333K, 25% free 3461K/4592K, paused 10ms+11ms, total 432ms
D/dalvikvm( 1200): WAIT_FOR_CONCURRENT_GC blocked 56ms
D/dalvikvm( 1200): WAIT_FOR_CONCURRENT_GC blocked 75ms
D/dalvikvm( 1200): WAIT_FOR_CONCURRENT_GC blocked 77ms
D/dalvikvm( 1200): GC_CONCURRENT freed 313K, 21% free 3647K/4592K, paused 9ms+19ms, total 668ms
D/dalvikvm( 1200): GC_CONCURRENT freed 266K, 16% free 3892K/4592K, paused 11ms+33ms, total 241ms
D/dalvikvm( 1200): WAIT_FOR_CONCURRENT_GC blocked 181ms
D/dalvikvm( 1200): WAIT_FOR_CONCURRENT_GC blocked 201ms
D/dalvikvm( 1200): WAIT_FOR_CONCURRENT_GC blocked 183ms
D/dalvikvm( 1200): GC_CONCURRENT freed 140K, 8% free 4264K/4592K, paused 58ms+22ms, total 234ms
D/dalvikvm( 1200): WAIT_FOR_CONCURRENT_GC blocked 110ms
D/dalvikvm( 1200): WAIT_FOR_CONCURRENT_GC blocked 120ms
D/dalvikvm( 1200): WAIT_FOR_CONCURRENT_GC blocked 144ms
D/dalvikvm( 1200): GC_CONCURRENT freed 101K, 4% free 4683K/4872K, paused 60ms+11ms, total 155ms
D/dalvikvm( 1200): WAIT_FOR_CONCURRENT_GC blocked 85ms
D/dalvikvm( 1200): WAIT_FOR_CONCURRENT_GC blocked 83ms
D/dalvikvm( 1200): WAIT_FOR_CONCURRENT_GC blocked 69ms
D/dalvikvm( 1200): WAIT_FOR_CONCURRENT_GC blocked 117ms
D/dalvikvm( 1200): GC_CONCURRENT freed 193K, 6% free 5153K/5432K, paused 57ms+19ms, total 257ms
D/dalvikvm( 1200): WAIT_FOR_CONCURRENT_GC blocked 157ms
D/dalvikvm( 1200): WAIT_FOR_CONCURRENT_GC blocked 180ms
D/dalvikvm( 1200): WAIT_FOR_CONCURRENT_GC blocked 193ms
D/dalvikvm( 1200): GC_CONCURRENT freed 777K, 15% free 5195K/6060K, paused 94ms+10ms, total 429ms
D/dalvikvm( 1200): WAIT_FOR_CONCURRENT_GC blocked 221ms
D/dalvikvm( 1200): WAIT_FOR_CONCURRENT_GC blocked 228ms
D/dalvikvm( 1200): WAIT_FOR_CONCURRENT_GC blocked 235ms
D/dalvikvm( 1200): WAIT_FOR_CONCURRENT_GC blocked 256ms
D/dalvikvm( 1200): GC_CONCURRENT freed 841K, 16% free 5186K/6116K, paused 62ms+9ms, total 231ms
D/dalvikvm( 1200): WAIT_FOR_CONCURRENT_GC blocked 145ms
D/dalvikvm( 1200): WAIT_FOR_CONCURRENT_GC blocked 156ms
D/dalvikvm( 1200): WAIT_FOR_CONCURRENT_GC blocked 128ms
D/dalvikvm( 1200): WAIT_FOR_CONCURRENT_GC blocked 105ms
I/Choreographer( 1200): Skipped 4089 frames! The application may be doing too much work on its main thread.
I/Choreographer( 1200): Skipped 239 frames! The application may be doing too much work on its main thread.
I/Choreographer( 482): Skipped 84 frames! The application may be doing too much work on its main thread.
I/Choreographer( 482): Skipped 31 frames! The application may be doing too much work on its main thread.
I/Choreographer( 482): Skipped 69 frames! The application may be doing too much work on its main thread.
I/Choreographer( 482): Skipped 64 frames! The application may be doing too much work on its main thread.
I/Choreographer( 1200): Skipped 434 frames! The application may be doing too much work on its main thread.
D/dalvikvm( 1200): GC_CONCURRENT freed 652K, 14% free 5295K/6116K, paused 52ms+18ms, total 306ms
I/Choreographer( 1200): Skipped 43 frames! The application may be doing too much work on its main thread.
W/InputMethodManagerService( 482): Window already focused, ignoring focus gain of: com.android.internal.view.IInputMethodClient$Stub$Proxy@b3035b08 attribute=null, token = android.os.BinderProxy@b302d948
E/SoundPool( 482): error loading /system/media/audio/ui/Effect_Tick.ogg
W/AudioService( 482): Soundpool could not load file: /system/media/audio/ui/Effect_Tick.ogg
E/SoundPool( 482): error loading /system/media/audio/ui/Effect_Tick.ogg
W/AudioService( 482): Soundpool could not load file: /system/media/audio/ui/Effect_Tick.ogg
E/SoundPool( 482): error loading /system/media/audio/ui/Effect_Tick.ogg
W/AudioService( 482): Soundpool could not load file: /system/media/audio/ui/Effect_Tick.ogg
E/SoundPool( 482): error loading /system/media/audio/ui/Effect_Tick.ogg
W/AudioService( 482): Soundpool could not load file: /system/media/audio/ui/Effect_Tick.ogg
E/SoundPool( 482): error loading /system/media/audio/ui/Effect_Tick.ogg
W/AudioService( 482): Soundpool could not load file: /system/media/audio/ui/Effect_Tick.ogg
E/SoundPool( 482): error loading /system/media/audio/ui/KeypressStandard.ogg
W/AudioService( 482): Soundpool could not load file: /system/media/audio/ui/KeypressStandard.ogg
E/SoundPool( 482): error loading /system/media/audio/ui/KeypressSpacebar.ogg
W/AudioService( 482): Soundpool could not load file: /system/media/audio/ui/KeypressSpacebar.ogg
E/SoundPool( 482): error loading /system/media/audio/ui/KeypressDelete.ogg
W/AudioService( 482): Soundpool could not load file: /system/media/audio/ui/KeypressDelete.ogg
E/SoundPool( 482): error loading /system/media/audio/ui/KeypressReturn.ogg
W/AudioService( 482): Soundpool could not load file: /system/media/audio/ui/KeypressReturn.ogg
E/SoundPool( 482): error loading /system/media/audio/ui/KeypressInvalid.ogg
W/AudioService( 482): Soundpool could not load file: /system/media/audio/ui/KeypressInvalid.ogg
W/AudioService( 482): onLoadSoundEffects(), Error -1 while loading samples
I/Choreographer( 482): Skipped 106 frames! The application may be doing too much work on its main thread.
I/Choreographer( 482): Skipped 181 frames! The application may be doing too much work on its main thread.
I/Choreographer( 482): Skipped 56 frames! The application may be doing too much work on its main thread.
I/Choreographer( 1200): Skipped 61 frames! The application may be doing too much work on its main thread.
I/Choreographer( 1200): Skipped 69 frames! The application may be doing too much work on its main thread.
I/Choreographer( 1200): Skipped 61 frames! The application may be doing too much work on its main thread.
I/Choreographer( 1200): Skipped 57 frames! The application may be doing too much work on its main thread.
D/InputEventConsistencyVerifier( 1200): TouchEvent: Touch event stream contains events from multiple sources: previous device id 0, previous source 2, new device id 0, new source 1002
D/InputEventConsistencyVerifier( 1200): ACTION_MOVE contained 1 pointers but there are currently 0 pointers down.
D/InputEventConsistencyVerifier( 1200): in android.view.ScaleGestureDetector@b2d970d8
D/InputEventConsistencyVerifier( 1200): 0: sent at 630707730620, MotionEvent { action=ACTION_MOVE, id[0]=0, x[0]=256.4681, y[0]=221.08252, toolType[0]=TOOL_TYPE_FINGER, buttonState=0, metaState=0, flags=0x0, edgeFlags=0x0, pointerCount=1, historySize=1, eventTime=630707, downTime=630478, deviceId=0, source=0x1002 }
D/InputEventConsistencyVerifier( 1200): -- recent events --
D/InputEventConsistencyVerifier( 1200): 1: sent at 630674000000, MotionEvent { action=ACTION_CANCEL, id[0]=0, x[0]=0.0, y[0]=0.0, toolType[0]=TOOL_TYPE_UNKNOWN, buttonState=0, metaState=0, flags=0x0, edgeFlags=0x0, pointerCount=1, historySize=0, eventTime=630674, downTime=630674, deviceId=0, source=0x2 }
D/InputEventConsistencyVerifier( 1200): 2: sent at 630478209000, MotionEvent { action=ACTION_DOWN, id[0]=0, x[0]=212.0, y[0]=287.0, toolType[0]=TOOL_TYPE_FINGER, buttonState=0, metaState=0, flags=0x0, edgeFlags=0x0, pointerCount=1, historySize=0, eventTime=630478, downTime=630478, deviceId=0, source=0x1002 }
D/InputEventConsistencyVerifier( 1200): 3: sent at 613961000000, MotionEvent { action=ACTION_CANCEL, id[0]=0, x[0]=0.0, y[0]=0.0, toolType[0]=TOOL_TYPE_UNKNOWN, buttonState=0, metaState=0, flags=0x0, edgeFlags=0x0, pointerCount=1, historySize=0, eventTime=613961, downTime=613961, deviceId=0, source=0x2 }
D/InputEventConsistencyVerifier( 1200): 4: sent at 613878000000, MotionEvent { action=ACTION_CANCEL, id[0]=0, x[0]=0.0, y[0]=0.0, toolType[0]=TOOL_TYPE_UNKNOWN, buttonState=0, metaState=0, flags=0x0, edgeFlags=0x0, pointerCount=1, historySize=0, eventTime=613878, downTime=613878, deviceId=0, source=0x2 }
D/InputEventConsistencyVerifier( 1200): 5: sent at 613202654000, MotionEvent { action=ACTION_DOWN, id[0]=0, x[0]=251.0, y[0]=236.0, toolType[0]=TOOL_TYPE_FINGER, buttonState=0, metaState=0, flags=0x0, edgeFlags=0x0, pointerCount=1, historySize=0, eventTime=613202, downTime=613202, deviceId=0, source=0x1002 }
I/Choreographer( 1200): Skipped 46 frames! The application may be doing too much work on its main thread.
I/Choreographer( 1200): Skipped 158 frames! The application may be doing too much work on its main thread.
I/Choreographer( 1200): Skipped 60 frames! The application may be doing too much work on its main thread.
I/Choreographer( 1200): Skipped 74 frames! The application may be doing too much work on its main thread.
I/Choreographer( 1200): Skipped 147 frames! The application may be doing too much work on its main thread.
I/Choreographer( 1200): Skipped 68 frames! The application may be doing too much work on its main thread.
I/Choreographer( 1200): Skipped 38 frames! The application may be doing too much work on its main thread.
I/Choreographer( 1200): Skipped 101 frames! The application may be doing too much work on its main thread.
I/Choreographer( 1200): Skipped 43 frames! The application may be doing too much work on its main thread.
I/Choreographer( 1200): Skipped 56 frames! The application may be doing too much work on its main thread.
I/ActivityManager( 482): START u0 {cmp=com.finys.prototype.insured/com.paypal.android.sdk.payments.PaymentActivity (has extras)} from pid 1200
D/CordovaActivity( 1200): Paused the application!
D/CordovaWebView( 1200): Handle the pause
W/PluginManager( 1200): THREAD WARNING: exec() call to PayPalMobile.renderSinglePaymentUI blocked the main thread for 169ms. Plugin should use CordovaInterface.getThreadPool().
I/Choreographer( 482): Skipped 45 frames! The application may be doing too much work on its main thread.
D/dalvikvm( 1200): GC_FOR_ALLOC freed 362K, 14% free 5279K/6116K, paused 184ms, total 194ms
I/dalvikvm-heap( 1200): Grow heap (frag case) to 5.552MB for 330016-byte allocation
I/Choreographer( 482): Skipped 40 frames! The application may be doing too much work on its main thread.
D/dalvikvm( 1200): GC_FOR_ALLOC freed 162K, 16% free 5439K/6440K, paused 762ms, total 762ms
I/Choreographer( 482): Skipped 33 frames! The application may be doing too much work on its main thread.
I/Choreographer( 482): Skipped 40 frames! The application may be doing too much work on its main thread.
I/Choreographer( 482): Skipped 38 frames! The application may be doing too much work on its main thread.
W/paypal.sdk( 1200): PayPalService created. PayPalSDK/PayPal-Android-SDK 2.10.0 (Android 4.4.4; unknown sdk; )
I/Choreographer( 482): Skipped 40 frames! The application may be doing too much work on its main thread.
I/Choreographer( 1200): Skipped 761 frames! The application may be doing too much work on its main thread.
I/Choreographer( 482): Skipped 56 frames! The application may be doing too much work on its main thread.
W/PaymentActivity( 1200): Please add PayPalService.EXTRA_PAYPAL_CONFIGURATION to this activity for restart resiliency.
I/Choreographer( 1200): Skipped 187 frames! The application may be doing too much work on its main thread.
I/Choreographer( 482): Skipped 48 frames! The application may be doing too much work on its main thread.
I/Choreographer( 482): Skipped 41 frames! The application may be doing too much work on its main thread.
I/Choreographer( 482): Skipped 32 frames! The application may be doing too much work on its main thread.
I/Choreographer( 482): Skipped 65 frames! The application may be doing too much work on its main thread.
I/Choreographer( 1200): Skipped 193 frames! The application may be doing too much work on its main thread.
I/Choreographer( 482): Skipped 161 frames! The application may be doing too much work on its main thread.
I/ActivityManager( 482): Displayed com.finys.prototype.insured/com.paypal.android.sdk.payments.PaymentActivity: +4s991ms
I/Choreographer( 482): Skipped 33 frames! The application may be doing too much work on its main thread.
I/ARMAssembler( 57): generated scanline__00000077:03515104_00009002_00000000 [127 ipp] (149 ins) at [0xb61e1840:0xb61e1a94] in 20000000 ns
