I/Choreographer( 1200): Skipped 33 frames! The application may be doing too much work on its main thread.
I/Choreographer( 1200): Skipped 44 frames! The application may be doing too much work on its main thread.
I/Choreographer( 1200): Skipped 43 frames! The application may be doing too much work on its main thread.
I/Choreographer( 1200): Skipped 41 frames! The application may be doing too much work on its main thread.
I/Choreographer( 1200): Skipped 31 frames! The application may be doing too much work on its main thread.
I/Choreographer( 1200): Skipped 50 frames! The application may be doing too much work on its main thread.
I/Choreographer( 1200): Skipped 43 frames! The application may be doing too much work on its main thread.
I/Choreographer( 1200): Skipped 44 frames! The application may be doing too much work on its main thread.
I/Choreographer( 1200): Skipped 39 frames! The application may be doing too much work on its main thread.
I/Choreographer( 1200): Skipped 32 frames! The application may be doing too much work on its main thread.
I/Choreographer( 1200): Skipped 62 frames! The application may be doing too much work on its main thread.
I/Choreographer( 1200): Skipped 75 frames! The application may be doing too much work on its main thread.
I/Choreographer( 1200): Skipped 114 frames! The application may be doing too much work on its main thread.
I/Choreographer( 1200): Skipped 71 frames! The application may be doing too much work on its main thread.
I/Choreographer( 1200): Skipped 85 frames! The application may be doing too much work on its main thread.
I/Choreographer( 1200): Skipped 42 frames! The application may be doing too much work on its main thread.
I/Choreographer( 1200): Skipped 40 frames! The application may be doing too much work on its main thread.
I/Choreographer( 1200): Skipped 33 frames! The application may be doing too much work on its main thread.
I/Choreographer( 1200): Skipped 31 frames! The application may be doing too much work on its main thread.
I/Choreographer( 1200): Skipped 36 frames! The application may be doing too much work on its main thread.
I/Choreographer( 1200): Skipped 33 frames! The application may be doing too much work on its main thread.
I/Choreographer( 1200): Skipped 31 frames! The application may be doing too much work on its main thread.
I/Choreographer( 1200): Skipped 36 frames! The application may be doing too much work on its main thread.
I/Choreographer( 1200): Skipped 41 frames! The application may be doing too much work on its main thread.
I/Choreographer( 1200): Skipped 30 frames! The application may be doing too much work on its main thread.
I/Choreographer( 1200): Skipped 66 frames! The application may be doing too much work on its main thread.
I/Choreographer( 1200): Skipped 44 frames! The application may be doing too much work on its main thread.
I/Choreographer( 1200): Skipped 34 frames! The application may be doing too much work on its main thread.
I/Choreographer( 1200): Skipped 31 frames! The application may be doing too much work on its main thread.
I/Choreographer( 1200): Skipped 31 frames! The application may be doing too much work on its main thread.
I/Choreographer( 1200): Skipped 32 frames! The application may be doing too much work on its main thread.
I/Choreographer( 1200): Skipped 39 frames! The application may be doing too much work on its main thread.
I/Choreographer( 1200): Skipped 32 frames! The application may be doing too much work on its main thread.
I/Choreographer( 1200): Skipped 194 frames! The application may be doing too much work on its main thread.
I/Choreographer( 1200): Skipped 188 frames! The application may be doing too much work on its main thread.
W/ProcessCpuTracker( 482): Skipping unknown process pid 2644
W/ProcessCpuTracker( 482): Skipping unknown process pid 2646
I/Choreographer( 1200): Skipped 70 frames! The application may be doing too much work on its main thread.
I/Choreographer( 1200): Skipped 41 frames! The application may be doing too much work on its main thread.
I/Choreographer( 1200): Skipped 78 frames! The application may be doing too much work on its main thread.
I/Choreographer( 1200): Skipped 50 frames! The application may be doing too much work on its main thread.
W/paypal.sdk( 1200): cv SN:58 PayPal Debug-ID: 64f606d604838 [sandbox, 2.10.0;release]
I/Choreographer( 1200): Skipped 87 frames! The application may be doing too much work on its main thread.
I/ActivityManager( 482): START u0 {cmp=com.finys.prototype.insured/com.paypal.android.sdk.payments.PaymentMethodActivity (has extras)} from pid 1200
I/Choreographer( 1200): Skipped 121 frames! The application may be doing too much work on its main thread.
I/Choreographer( 1200): Skipped 205 frames! The application may be doing too much work on its main thread.
I/Choreographer( 482): Skipped 47 frames! The application may be doing too much work on its main thread.
D/dalvikvm( 1200): GC_CONCURRENT freed 1001K, 24% free 6430K/8456K, paused 86ms+22ms, total 847ms
D/dalvikvm( 1200): WAIT_FOR_CONCURRENT_GC blocked 619ms
I/Choreographer( 1200): Skipped 962 frames! The application may be doing too much work on its main thread.
I/Choreographer( 482): Skipped 30 frames! The application may be doing too much work on its main thread.
I/Choreographer( 482): Skipped 42 frames! The application may be doing too much work on its main thread.
I/Choreographer( 482): Skipped 30 frames! The application may be doing too much work on its main thread.
I/Choreographer( 482): Skipped 41 frames! The application may be doing too much work on its main thread.
I/Choreographer( 482): Skipped 37 frames! The application may be doing too much work on its main thread.
I/Choreographer( 1200): Skipped 800 frames! The application may be doing too much work on its main thread.
I/Choreographer( 482): Skipped 30 frames! The application may be doing too much work on its main thread.
I/Choreographer( 482): Skipped 37 frames! The application may be doing too much work on its main thread.
I/Choreographer( 482): Skipped 202 frames! The application may be doing too much work on its main thread.
I/Choreographer( 1200): Skipped 409 frames! The application may be doing too much work on its main thread.
I/Choreographer( 482): Skipped 33 frames! The application may be doing too much work on its main thread.
I/Choreographer( 482): Skipped 54 frames! The application may be doing too much work on its main thread.
I/Choreographer( 482): Skipped 64 frames! The application may be doing too much work on its main thread.
I/Choreographer( 482): Skipped 60 frames! The application may be doing too much work on its main thread.
I/ActivityManager( 482): START u0 {cmp=com.finys.prototype.insured/com.paypal.android.sdk.payments.PaymentConfirmActivity (has extras)} from pid 1200
I/Choreographer( 1200): Skipped 501 frames! The application may be doing too much work on its main thread.
I/Choreographer( 482): Skipped 163 frames! The application may be doing too much work on its main thread.
I/Choreographer( 1200): Skipped 163 frames! The application may be doing too much work on its main thread.
I/Choreographer( 482): Skipped 60 frames! The application may be doing too much work on its main thread.
I/Choreographer( 482): Skipped 62 frames! The application may be doing too much work on its main thread.
I/Choreographer( 482): Skipped 44 frames! The application may be doing too much work on its main thread.
I/Choreographer( 482): Skipped 45 frames! The application may be doing too much work on its main thread.
D/dalvikvm( 1200): GC_FOR_ALLOC freed 181K, 22% free 6599K/8456K, paused 397ms, total 400ms
I/dalvikvm-heap( 1200): Grow heap (frag case) to 6.710MB for 193132-byte allocation
D/dalvikvm( 482): GC_CONCURRENT freed 511K, 9% free 6173K/6776K, paused 35ms+75ms, total 1645ms
D/dalvikvm( 1200): GC_FOR_ALLOC freed 20K, 22% free 6767K/8648K, paused 696ms, total 696ms
I/Choreographer( 1200): Skipped 1614 frames! The application may be doing too much work on its main thread.
I/Choreographer( 482): Skipped 811 frames! The application may be doing too much work on its main thread.
I/Choreographer( 482): Skipped 30 frames! The application may be doing too much work on its main thread.
I/Choreographer( 482): Skipped 36 frames! The application may be doing too much work on its main thread.
I/Choreographer( 482): Skipped 32 frames! The application may be doing too much work on its main thread.
I/Choreographer( 482): Skipped 32 frames! The application may be doing too much work on its main thread.
I/Choreographer( 1200): Skipped 621 frames! The application may be doing too much work on its main thread.
I/Choreographer( 482): Skipped 53 frames! The application may be doing too much work on its main thread.
I/Choreographer( 482): Skipped 41 frames! The application may be doing too much work on its main thread.
I/Choreographer( 482): Skipped 44 frames! The application may be doing too much work on its main thread.
I/Choreographer( 482): Skipped 49 frames! The application may be doing too much work on its main thread.
I/Choreographer( 482): Skipped 215 frames! The application may be doing too much work on its main thread.
I/Choreographer( 1200): Skipped 429 frames! The application may be doing too much work on its main thread.
I/Choreographer( 482): Skipped 70 frames! The application may be doing too much work on its main thread.
I/Choreographer( 482): Skipped 66 frames! The application may be doing too much work on its main thread.
I/Choreographer( 482): Skipped 34 frames! The application may be doing too much work on its main thread.
I/Choreographer( 482): Skipped 100 frames! The application may be doing too much work on its main thread.
W/ActivityManager( 482): Launch timeout has expired, giving up wake lock!
I/Choreographer( 1200): Skipped 353 frames! The application may be doing too much work on its main thread.
I/ActivityManager( 482): Displayed com.finys.prototype.insured/com.paypal.android.sdk.payments.PaymentConfirmActivity: +5s857ms (total +10s555ms)
I/Choreographer( 482): Skipped 108 frames! The application may be doing too much work on its main thread.
I/Choreographer( 1200): Skipped 231 frames! The application may be doing too much work on its main thread.
E/NetdConnector( 482): NDC Command {76 bandwidth gettetherstats} took too long (741ms)
I/Choreographer( 482): Skipped 112 frames! The application may be doing too much work on its main thread.
I/Choreographer( 482): Skipped 53 frames! The application may be doing too much work on its main thread.
I/Choreographer( 1200): Skipped 214 frames! The application may be doing too much work on its main thread.
I/Choreographer( 1200): Skipped 42 frames! The application may be doing too much work on its main thread.
I/Choreographer( 482): Skipped 37 frames! The application may be doing too much work on its main thread.
I/Choreographer( 1200): Skipped 112 frames! The application may be doing too much work on its main thread.
I/Choreographer( 1200): Skipped 38 frames! The application may be doing too much work on its main thread.
I/Choreographer( 1200): Skipped 69 frames! The application may be doing too much work on its main thread.
I/Choreographer( 1200): Skipped 36 frames! The application may be doing too much work on its main thread.
I/Choreographer( 1200): Skipped 95 frames! The application may be doing too much work on its main thread.
I/Choreographer( 1200): Skipped 31 frames! The application may be doing too much work on its main thread.
I/Choreographer( 1200): Skipped 37 frames! The application may be doing too much work on its main thread.
I/Choreographer( 1200): Skipped 57 frames! The application may be doing too much work on its main thread.
I/Choreographer( 1200): Skipped 56 frames! The application may be doing too much work on its main thread.
I/Choreographer( 1200): Skipped 30 frames! The application may be doing too much work on its main thread.
I/Choreographer( 1200): Skipped 41 frames! The application may be doing too much work on its main thread.
I/Choreographer( 1200): Skipped 47 frames! The application may be doing too much work on its main thread.
I/Choreographer( 1200): Skipped 30 frames! The application may be doing too much work on its main thread.
I/Choreographer( 1200): Skipped 102 frames! The application may be doing too much work on its main thread.
D/MobileDataStateTracker( 482): default: setPolicyDataEnable(enabled=true)
I/Choreographer( 1200): Skipped 71 frames! The application may be doing too much work on its main thread.
I/Choreographer( 1200): Skipped 58 frames! The application may be doing too much work on its main thread.
I/Choreographer( 1200): Skipped 105 frames! The application may be doing too much work on its main thread.
I/Choreographer( 1200): Skipped 84 frames! The application may be doing too much work on its main thread.
I/Choreographer( 1200): Skipped 49 frames! The application may be doing too much work on its main thread.
I/Choreographer( 1200): Skipped 40 frames! The application may be doing too much work on its main thread.
I/Choreographer( 1200): Skipped 210 frames! The application may be doing too much work on its main thread.
I/Choreographer( 1200): Skipped 438 frames! The application may be doing too much work on its main thread.
I/Choreographer( 1200): Skipped 57 frames! The application may be doing too much work on its main thread.
I/Choreographer( 1200): Skipped 74 frames! The application may be doing too much work on its main thread.
I/Choreographer( 1200): Skipped 98 frames! The application may be doing too much work on its main thread.
I/Choreographer( 1200): Skipped 53 frames! The application may be doing too much work on its main thread.
I/Choreographer( 1200): Skipped 37 frames! The application may be doing too much work on its main thread.
I/Choreographer( 1200): Skipped 134 frames! The application may be doing too much work on its main thread.
I/Choreographer( 1200): Skipped 71 frames! The application may be doing too much work on its main thread.
I/Choreographer( 1200): Skipped 109 frames! The application may be doing too much work on its main thread.
I/Choreographer( 1200): Skipped 39 frames! The application may be doing too much work on its main thread.
I/Choreographer( 1200): Skipped 51 frames! The application may be doing too much work on its main thread.
I/Choreographer( 1200): Skipped 41 frames! The application may be doing too much work on its main thread.
I/Choreographer( 1200): Skipped 52 frames! The application may be doing too much work on its main thread.
I/Choreographer( 1200): Skipped 67 frames! The application may be doing too much work on its main thread.
I/Choreographer( 1200): Skipped 46 frames! The application may be doing too much work on its main thread.
I/Choreographer( 1200): Skipped 49 frames! The application may be doing too much work on its main thread.
I/Choreographer( 1200): Skipped 49 frames! The application may be doing too much work on its main thread.
I/Choreographer( 1200): Skipped 48 frames! The application may be doing too much work on its main thread.
I/Choreographer( 1200): Skipped 75 frames! The application may be doing too much work on its main thread.
I/Choreographer( 1200): Skipped 104 frames! The application may be doing too much work on its main thread.
I/Choreographer( 1200): Skipped 120 frames! The application may be doing too much work on its main thread.
I/Choreographer( 1200): Skipped 53 frames! The application may be doing too much work on its main thread.
I/Choreographer( 1200): Skipped 44 frames! The application may be doing too much work on its main thread.
I/Choreographer( 1200): Skipped 52 frames! The application may be doing too much work on its main thread.
I/Choreographer( 1200): Skipped 65 frames! The application may be doing too much work on its main thread.
I/Choreographer( 1200): Skipped 45 frames! The application may be doing too much work on its main thread.
I/Choreographer( 1200): Skipped 47 frames! The application may be doing too much work on its main thread.
I/Choreographer( 1200): Skipped 56 frames! The application may be doing too much work on its main thread.
I/Choreographer( 1200): Skipped 36 frames! The application may be doing too much work on its main thread.
I/Choreographer( 1200): Skipped 33 frames! The application may be doing too much work on its main thread.
I/Choreographer( 1200): Skipped 38 frames! The application may be doing too much work on its main thread.
I/Choreographer( 1200): Skipped 41 frames! The application may be doing too much work on its main thread.
I/Choreographer( 1200): Skipped 39 frames! The application may be doing too much work on its main thread.
I/Choreographer( 1200): Skipped 41 frames! The application may be doing too much work on its main thread.
I/Choreographer( 1200): Skipped 43 frames! The application may be doing too much work on its main thread.
I/Choreographer( 1200): Skipped 33 frames! The application may be doing too much work on its main thread.
I/Choreographer( 1200): Skipped 51 frames! The application may be doing too much work on its main thread.
I/Choreographer( 1200): Skipped 53 frames! The application may be doing too much work on its main thread.
W/paypal.sdk( 1200): ck SN:65 PayPal Debug-ID: 112da8f1084fa [sandbox, 2.10.0;release]
I/Choreographer( 1200): Skipped 63 frames! The application may be doing too much work on its main thread.
I/Choreographer( 1200): Skipped 50 frames! The application may be doing too much work on its main thread.
I/Choreographer( 1200): Skipped 640 frames! The application may be doing too much work on its main thread.
I/Choreographer( 482): Skipped 37 frames! The application may be doing too much work on its main thread.
I/Choreographer( 482): Skipped 80 frames! The application may be doing too much work on its main thread.
I/Choreographer( 482): Skipped 95 frames! The application may be doing too much work on its main thread.
I/Choreographer( 1200): Skipped 378 frames! The application may be doing too much work on its main thread.
W/InputMethodManagerService( 482): Window already focused, ignoring focus gain of: com.android.internal.view.IInputMethodClient$Stub$Proxy@b3015cd0 attribute=null, token = android.os.BinderProxy@b30fb080
I/Choreographer( 482): Skipped 42 frames! The application may be doing too much work on its main thread.
D/dalvikvm( 1200): GC_CONCURRENT freed 1003K, 20% free 6996K/8644K, paused 18ms+15ms, total 159ms
D/ConnectivityService( 482): Sampling interval elapsed, updating statistics ..
D/ConnectivityService( 482): Done.
D/ConnectivityService( 482): Setting timer for 720seconds
W/ProcessCpuTracker( 482): Skipping unknown process pid 2965
D/MobileDataStateTracker( 482): default: setPolicyDataEnable(enabled=true)