W/PackageManager( 482): Unknown permission com.google.android.googleapps.permission.GOOGLE_AUTH in package com.android.providers.calendar
W/PackageManager( 482): Unknown permission com.google.android.googleapps.permission.GOOGLE_AUTH.cl in package com.android.providers.calendar
W/PackageManager( 482): Unknown permission com.google.android.googleapps.permission.GOOGLE_AUTH.mail in package com.android.calendar
W/PackageManager( 482): Not granting permission android.permission.ACCESS_DOWNLOAD_MANAGER to package com.android.browser (protectionLevel=18 flags=0x89be45)
W/PackageManager( 482): Not granting permission android.permission.SEND_DOWNLOAD_COMPLETED_INTENTS to package com.android.browser (protectionLevel=2 flags=0x89be45)
W/PackageManager( 482): Not granting permission android.permission.CAPTURE_VIDEO_OUTPUT to package com.finys.prototype.insured (protectionLevel=18 flags=0x88be44)
W/PackageManager( 482): Unknown permission android.permission.RECORD_VIDEO in package com.finys.prototype.insured
W/PackageManager( 482): Not granting permission android.permission.BIND_APPWIDGET to package com.android.widgetpreview (protectionLevel=18 flags=0x8be44)
W/PackageManager( 482): Unknown permission android.permission.INSTALL_DRM in package com.android.mms
W/PackageManager( 482): Unknown permission com.google.android.googleapps.permission.GOOGLE_AUTH in package com.android.settings
E/NetdConnector( 482): NDC Command {2 firewall disable} took too long (983ms)
W/PackageManager( 482): Unknown permission com.google.android.googleapps.permission.ACCESS_GOOGLE_PASSWORD in package com.android.development
W/PackageManager( 482): Unknown permission com.google.android.googleapps.permission.GOOGLE_AUTH in package com.android.development
W/PackageManager( 482): Unknown permission com.google.android.googleapps.permission.GOOGLE_AUTH.ALL_SERVICES in package com.android.development
W/PackageManager( 482): Unknown permission com.google.android.googleapps.permission.GOOGLE_AUTH.YouTubeUser in package com.android.development
W/PackageManager( 482): Not granting permission android.permission.DELETE_PACKAGES to package com.svox.pico (protectionLevel=18 flags=0x88be45)
W/PackageManager( 482): Not granting permission android.permission.DEVICE_POWER to package com.android.deskclock (protectionLevel=2 flags=0xc8be45)
D/dalvikvm( 482): GC_CONCURRENT freed 374K, 9% free 5072K/5532K, paused 78ms+15ms, total 579ms
E/NetdConnector( 482): NDC Command {4 bandwidth setglobalalert 2097152} took too long (659ms)
E/SoundPool( 562): error loading /system/media/audio/ui/Lock.ogg
W/KeyguardViewMediator( 562): failed to load lock sound from /system/media/audio/ui/Lock.ogg
E/SoundPool( 562): error loading /system/media/audio/ui/Unlock.ogg
W/KeyguardViewMediator( 562): failed to load unlock sound from /system/media/audio/ui/Unlock.ogg
V/KeyguardService( 562): onCreate()
E/NetdConnector( 482): NDC Command {5 firewall disable} took too long (953ms)
I/ActivityManager( 482): Config changes=200 {1.0 ?mcc?mnc en_US ldltr sw320dp w320dp h407dp 160dpi smll port finger qwerty/v/v -nav/h s.4}
W/RecognitionManagerService( 482): no available voice recognition services found for user 0
D/SystemUIService( 562): loading: class com.android.systemui.recent.Recents
D/SystemUIService( 562): running: com.android.systemui.recent.Recents@b2d74b20
D/SystemUIService( 562): loading: class com.android.systemui.statusbar.SystemBars
D/SystemUIService( 562): running: com.android.systemui.statusbar.SystemBars@b2d75108
D/SystemUIService( 562): loading: class com.android.systemui.usb.StorageNotification
D/SystemUIService( 562): running: com.android.systemui.usb.StorageNotification@b2d76e68
D/SystemUIService( 562): loading: class com.android.systemui.power.PowerUI
D/SystemUIService( 562): running: com.android.systemui.power.PowerUI@b2d786d8
D/SystemUIService( 562): loading: class com.android.systemui.media.RingtonePlayer
D/SystemUIService( 562): running: com.android.systemui.media.RingtonePlayer@b2d79420
D/SystemUIService( 562): loading: class com.android.systemui.settings.SettingsUI
D/SystemUIService( 562): running: com.android.systemui.settings.SettingsUI@b2d7a708
W/InputMethodManagerService( 482): Ignoring setImeWindowStatus of uid 1000 token: null
I/StatusBarManagerService( 482): registerStatusBar bar=com.android.internal.statusbar.IStatusBar$Stub$Proxy@b2fe2ff8
D/PhoneStatusBar( 562): mSettingsPanelGravity = 55
D/dalvikvm( 562): GC_CONCURRENT freed 312K, 13% free 2796K/3192K, paused 77ms+24ms, total 610ms
I/ActivityManager( 482): Start proc com.android.inputmethod.latin for service com.android.inputmethod.latin/.LatinIME: pid=662 uid=10029 gids={50029, 1028, 1015}
V/InputMethodManagerService( 482): Adding window token: android.os.Binder@b2ff07d0
D/dalvikvm( 482): GC_CONCURRENT freed 444K, 10% free 5138K/5676K, paused 10ms+105ms, total 706ms
W/GpsLocationProvider( 482): Could not open GPS configuration file /etc/gps.conf
W/ServiceWatcher( 482): com.google.android.location not found
W/ServiceWatcher( 482): com.google.android.location not found
W/ServiceWatcher( 482): com.google.android.location not found
W/LocationManagerService( 482): no network location provider found
W/ServiceWatcher( 482): com.google.android.location not found
E/LocationManagerService( 482): no geocoder provider found
E/FlpHardwareProvider( 482): Error hw_get_module 'flp': -2
W/ServiceWatcher( 482): com.google.android.location not found
E/FlpHardwareProvider( 482): Error hw_get_module 'flp': -2
E/LocationManagerService( 482): No FusedProvider found.
W/ServiceWatcher( 482): com.google.android.location not found
E/LocationManagerService( 482): no geofence provider found
I/CommonTimeManagementService( 482): No common time service detected on this platform. Common time services will be unavailable.
I/InputReader( 482): Reconfiguring input devices. changes=0x00000020
I/ActivityManager( 482): Start proc com.android.phone for added application com.android.phone: pid=677 uid=1001 gids={41001, 3002, 3001, 3003, 1028, 1015}
I/ActivityManager( 482): START u0 {act=android.intent.action.MAIN cat=[android.intent.category.HOME] flg=0x10000000 cmp=com.android.launcher/com.android.launcher2.Launcher} from pid 0
I/InputReader( 482): Reconfiguring input devices. changes=0x00000010
I/ActivityManager( 482): Start proc com.android.launcher for activity com.android.launcher/com.android.launcher2.Launcher: pid=688 uid=10008 gids={50008}
I/SystemServer( 482): Enabled StrictMode for system server main thread.
I/Choreographer( 482): Skipped 10776 frames! The application may be doing too much work on its main thread.
W/InputMethodManagerService( 482): Focus gain on non-focused client android.view.inputmethod.InputMethodManager$1@b2f79550 (uid=1000 pid=482)
V/KeyguardServiceDelegate( 482): *** Keyguard connected (yay!)
D/dalvikvm( 562): GC_FOR_ALLOC freed 43K, 8% free 2950K/3192K, paused 46ms, total 49ms
I/LatinIME( 662): Hardware accelerated drawing: false
D/dalvikvm( 562): GC_CONCURRENT freed 20K, 4% free 3334K/3468K, paused 48ms+145ms, total 560ms
D/dalvikvm( 482): GC_CONCURRENT freed 427K, 9% free 5302K/5796K, paused 85ms+163ms, total 1424ms
I/ActivityManager( 482): Start proc com.android.printspooler for service com.android.printspooler/.PrintSpoolerService: pid=717 uid=10039 gids={50039}
V/BackupManagerService( 482): Connected to transport ComponentInfo{android/com.android.internal.backup.LocalTransportService}
V/BackupManagerService( 482): Registering transport android/com.android.internal.backup.LocalTransportService::android/com.android.internal.backup.LocalTransport = com.android.internal.backup.LocalTransport@b2f8b758
I/PrintSpoolerService( 717): No existing print spooler state.
W/InputAttributes( 662): No editor info for this field. Bug?
V/PhoneStatusBar/NavigationBarView( 562): touchEnabled:false
I/ResourceUtils( 662): Found default value: resource=keypress_vibration_durations build=[HARDWARE=goldfish MODEL=sdk BRAND=generic MANUFACTURER=unknown] default=-1
I/ResourceUtils( 662): Found default value: resource=keypress_volumes build=[HARDWARE=goldfish MODEL=sdk BRAND=generic MANUFACTURER=unknown] default=-1.0f
D/dalvikvm( 662): GC_CONCURRENT freed 220K, 10% free 2896K/3200K, paused 24ms+66ms, total 710ms
I/ActivityManager( 482): Start proc android.process.acore for content provider com.android.providers.userdictionary/.UserDictionaryProvider: pid=745 uid=10002 gids={50002, 3003, 1028, 1015}
I/LatinIME:LogUtils( 662): Dictionary info: dictionary = userunigram.en_US.dict ; version = ? ; date = ?
W/ProcessCpuTracker( 482): Skipping unknown process pid 752
E/BluetoothAdapter( 562): Bluetooth binder is null
E/BluetoothAdapter( 562): Bluetooth binder is null
E/BluetoothAdapter( 562): Bluetooth binder is null
I/PackageManager( 482): Action: "android.intent.action.SENDTO"
I/PackageManager( 482): Category: "android.intent.category.DEFAULT"
I/PackageManager( 482): Adding preferred activity ComponentInfo{com.android.mms/com.android.mms.ui.ComposeMessageActivity} for user 0 :
I/PackageManager( 482): Scheme: "sms"
I/PackageManager( 482): Action: "android.intent.action.SENDTO"
I/PackageManager( 482): Category: "android.intent.category.DEFAULT"
I/PackageManager( 482): Adding preferred activity ComponentInfo{com.android.mms/com.android.mms.ui.ComposeMessageActivity} for user 0 :
I/PackageManager( 482): Scheme: "smsto"
I/PackageManager( 482): Action: "android.intent.action.SENDTO"
I/PackageManager( 482): Category: "android.intent.category.DEFAULT"
I/PackageManager( 482): Adding preferred activity ComponentInfo{com.android.mms/com.android.mms.ui.ComposeMessageActivity} for user 0 :
I/PackageManager( 482): Scheme: "mms"
I/LatinIME:LogUtils( 662): Dictionary info: dictionary = main:en ; version = 42 ; date = 1381226429
I/PackageManager( 482): Action: "android.intent.action.SENDTO"
I/PackageManager( 482): Category: "android.intent.category.DEFAULT"
I/PackageManager( 482): Adding preferred activity ComponentInfo{com.android.mms/com.android.mms.ui.ComposeMessageActivity} for user 0 :
I/PackageManager( 482): Scheme: "mmsto"
E/BluetoothAdapter( 677): Bluetooth binder is null
D/dalvikvm( 677): GC_CONCURRENT freed 185K, 9% free 2950K/3212K, paused 187ms+55ms, total 1566ms
D/dalvikvm( 562): GC_CONCURRENT freed 129K, 6% free 3630K/3844K, paused 8ms+98ms, total 652ms
E/BluetoothAdapter( 677): Bluetooth binder is null
E/BluetoothAdapter( 562): Bluetooth binder is null
D/CallNotifier( 677): CallNotifier: mSignalInfoToneGenerator created when toneplay
E/BluetoothAdapter( 677): Bluetooth binder is null
D/dalvikvm( 688): GC_CONCURRENT freed 191K, 9% free 2929K/3204K, paused 89ms+571ms, total 4504ms
W/ActivityManager( 482): Timeout executing service: ServiceRecord{b2fdf858 u0 com.android.systemui/.ImageWallpaper}
I/Process ( 482): Sending signal. PID: 562 SIG: 3
I/dalvikvm( 562): threadid=3: reacting to signal 3
I/Process ( 482): Sending signal. PID: 482 SIG: 3
I/dalvikvm( 482): threadid=3: reacting to signal 3
D/dalvikvm( 745): GC_CONCURRENT freed 208K, 10% free 2936K/3228K, paused 73ms+126ms, total 1013ms
I/dalvikvm( 562): Wrote stack traces to '/data/anr/traces.txt'
D/PhoneStatusBar( 562): disable: < expand icons alerts ticker system_info back home recent clock search > I/Process ( 482): Sending signal. PID: 677 SIG: 3
I/dalvikvm( 677): threadid=3: reacting to signal 3
I/dalvikvm( 482): Wrote stack traces to '/data/anr/traces.txt'
D/dalvikvm( 482): GC_CONCURRENT freed 556K, 11% free 5400K/6024K, paused 212ms+2740ms, total 4863ms
I/LatinIME:LogUtils( 662): Dictionary info: dictionary = UserHistoryDictionary.en_US.dic ; version = ? ; date = 1442231972
I/LatinIME:LogUtils( 662): Dictionary info: dictionary = personalization.en_US.dict ; version = ? ; date = 1442231972
I/LatinIME:LogUtils( 662): Dictionary info: dictionary = PersonalizationPredictionDictio ; version = ? ; date = 1442231972
W/dalvikvm( 677): threadid=3: spin on suspend #1 threadid=19 (pcf=0)
D/dalvikvm( 677): Temporarily moving tid 776 to fg (was 0)
D/dalvikvm( 677): Temporarily raised priority on tid 776 (10 -> 0)
W/dalvikvm( 677): threadid=3: spin on suspend resolved in 1282 msec
D/dalvikvm( 677): Restored policy of 776 to 0
D/dalvikvm( 677): Restored priority on 776 to 10
D/dalvikvm( 482): GC_CONCURRENT freed 565K, 11% free 5446K/6108K, paused 22ms+59ms, total 762ms
I/dalvikvm( 677): Wrote stack traces to '/data/anr/traces.txt'
W/dalvikvm( 562): threadid=2: spin on suspend #1 threadid=16 (pcf=0)
D/dalvikvm( 562): Temporarily moving tid 779 to fg (was 0)
D/dalvikvm( 562): Temporarily raised priority on tid 779 (10 -> 0)
D/dalvikvm( 688): GC_CONCURRENT freed 199K, 9% free 3138K/3420K, paused 27ms+69ms, total 712ms
W/dalvikvm( 562): threadid=2: spin on suspend resolved in 1666 msec
D/dalvikvm( 562): Restored policy of 779 to 0
D/dalvikvm( 562): Restored priority on 779 to 10
D/TelephonyDebugService( 677): TelephonyDebugService()
D/dalvikvm( 562): GC_CONCURRENT freed 93K, 5% free 3929K/4108K, paused 1920ms+19ms, total 2083ms
D/MobileDataStateTracker( 482): fota: Broadcast received: android.intent.action.ANY_DATA_STATE apnType=fota
D/MobileDataStateTracker( 482): fota: Received state=DISCONNECTED, old=DISCONNECTED, reason=radioTurnedOff
D/MobileDataStateTracker( 482): ia: Broadcast received: android.intent.action.ANY_DATA_STATE apnType=ia
E/BluetoothAdapter( 562): Bluetooth binder is null
D/MobileDataStateTracker( 482): ia: Received state=DISCONNECTED, old=DISCONNECTED, reason=radioTurnedOff
D/MobileDataStateTracker( 482): supl: Broadcast received: android.intent.action.ANY_DATA_STATE apnType=supl
D/MobileDataStateTracker( 482): supl: Received state=DISCONNECTED, old=DISCONNECTED, reason=radioTurnedOff
D/MobileDataStateTracker( 482): hipri: Broadcast received: android.intent.action.ANY_DATA_STATE apnType=hipri
D/MobileDataStateTracker( 482): hipri: Received state=DISCONNECTED, old=DISCONNECTED, reason=radioTurnedOff
D/MobileDataStateTracker( 482): ims: Broadcast received: android.intent.action.ANY_DATA_STATE apnType=ims
D/MobileDataStateTracker( 482): ims: Received state=DISCONNECTED, old=DISCONNECTED, reason=radioTurnedOff
D/PhoneStatusBar( 562): heads up is disabled
D/MobileDataStateTracker( 482): default: Broadcast received: android.intent.action.ANY_DATA_STATE apnType=default
D/MobileDataStateTracker( 482): default: Received state=DISCONNECTED, old=DISCONNECTED, reason=radioTurnedOff
D/MobileDataStateTracker( 482): mms: Broadcast received: android.intent.action.ANY_DATA_STATE apnType=mms
D/PhoneStatusBar( 562): disable: < expand icons alerts ticker system_info back home RECENT* clock SEARCH* > D/MobileDataStateTracker( 482): mms: Received state=DISCONNECTED, old=DISCONNECTED, reason=radioTurnedOff
D/MobileDataStateTracker( 482): cbs: Broadcast received: android.intent.action.ANY_DATA_STATE apnType=cbs
D/MobileDataStateTracker( 482): cbs: Received state=DISCONNECTED, old=DISCONNECTED, reason=radioTurnedOff
D/MobileDataStateTracker( 482): fota: Broadcast received: android.intent.action.ANY_DATA_STATE apnType=fota
D/MobileDataStateTracker( 482): fota: Received state=DISCONNECTED, old=DISCONNECTED, reason=radioTurnedOff
D/MobileDataStateTracker( 482): ia: Broadcast received: android.intent.action.ANY_DATA_STATE apnType=ia
D/MobileDataStateTracker( 482): ia: Received state=DISCONNECTED, old=DISCONNECTED, reason=radioTurnedOff
D/MobileDataStateTracker( 482): supl: Broadcast received: android.intent.action.ANY_DATA_STATE apnType=supl
D/MobileDataStateTracker( 482): supl: Received state=DISCONNECTED, old=DISCONNECTED, reason=radioTurnedOff
D/MobileDataStateTracker( 482): hipri: Broadcast received: android.intent.action.ANY_DATA_STATE apnType=hipri
D/MccTable( 677): updateMccMncConfiguration: mcc=310, mnc=260
D/MccTable( 677): getLocaleFromMcc to en_us mcc=310
D/MccTable( 677): getLocaleForLanguageCountry: skipping already persisted
D/MccTable( 677): getLocaleForLanguageCountry: X locale=null
D/MccTable( 677): WIFI_COUNTRY_CODE set to us
D/dalvikvm( 677): GC_CONCURRENT freed 306K, 12% free 3037K/3428K, paused 1087ms+5ms, total 1250ms
D/dalvikvm( 482): GC_CONCURRENT freed 532K, 11% free 5498K/6124K, paused 18ms+26ms, total 460ms
D/dalvikvm( 482): WAIT_FOR_CONCURRENT_GC blocked 393ms
D/dalvikvm( 482): GC_EXPLICIT freed 9K, 11% free 5489K/6124K, paused 14ms+13ms, total 194ms
D/MobileDataStateTracker( 482): hipri: Received state=DISCONNECTED, old=DISCONNECTED, reason=radioTurnedOff
V/KeyguardHostView( 562): Initial transport state: 1, pbstate=0
I/WifiService( 482): WifiService trying to set country code to us with persist set to true
D/MobileDataStateTracker( 482): ims: Broadcast received: android.intent.action.ANY_DATA_STATE apnType=ims
D/MobileDataStateTracker( 482): ims: Received state=DISCONNECTED, old=DISCONNECTED, reason=radioTurnedOff
D/MobileDataStateTracker( 482): default: Broadcast received: android.intent.action.ANY_DATA_STATE apnType=default
D/MobileDataStateTracker( 482): default: Received state=DISCONNECTED, old=DISCONNECTED, reason=radioTurnedOff
D/MobileDataStateTracker( 482): mms: Broadcast received: android.intent.action.ANY_DATA_STATE apnType=mms
D/MobileDataStateTracker( 482): mms: Received state=DISCONNECTED, old=DISCONNECTED, reason=radioTurnedOff
D/MobileDataStateTracker( 482): cbs: Broadcast received: android.intent.action.ANY_DATA_STATE apnType=cbs
D/MobileDataStateTracker( 482): cbs: Received state=DISCONNECTED, old=DISCONNECTED, reason=radioTurnedOff
D/MobileDataStateTracker( 482): fota: Broadcast received: android.intent.action.ANY_DATA_STATE apnType=fota
D/MobileDataStateTracker( 482): fota: Received state=DISCONNECTED, old=DISCONNECTED, reason=dataDetached
D/MobileDataStateTracker( 482): ia: Broadcast received: android.intent.action.ANY_DATA_STATE apnType=ia
D/MobileDataStateTracker( 482): ia: Received state=DISCONNECTED, old=DISCONNECTED, reason=dataDetached
D/MobileDataStateTracker( 482): supl: Broadcast received: android.intent.action.ANY_DATA_STATE apnType=supl
D/MobileDataStateTracker( 482): supl: Received state=DISCONNECTED, old=DISCONNECTED, reason=dataDetached
D/MobileDataStateTracker( 482): hipri: Broadcast received: android.intent.action.ANY_DATA_STATE apnType=hipri
D/MobileDataStateTracker( 482): hipri: Received state=DISCONNECTED, old=DISCONNECTED, reason=dataDetached
I/FusedLocation( 482): engine stopped (com.android.location.fused)
I/FusedLocation( 482): engine started (com.android.location.fused)
I/FusedLocation( 482): engine started (com.android.location.fused)
I/Process ( 482): Sending signal. PID: 688 SIG: 3
E/ActivityManager( 482): ANR in com.android.systemui
E/ActivityManager( 482): PID: 562
E/ActivityManager( 482): Reason: Executing service com.android.systemui/.ImageWallpaper
E/ActivityManager( 482): Load: 8.6 / 2.91 / 1.06
E/ActivityManager( 482): CPU usage from 2029ms to -13962ms ago:
E/ActivityManager( 482): 28% 482/system_server: 18% user + 9.4% kernel / faults: 1468 minor
E/ActivityManager( 482): 16% 57/surfaceflinger: 13% user + 3% kernel / faults: 307 minor
E/ActivityManager( 482): 9.9% 562/com.android.systemui: 7.4% user + 2.4% kernel / faults: 909 minor 11 major
E/ActivityManager( 482): 7.9% 677/com.android.phone: 5% user + 2.8% kernel / faults: 895 minor 2 major
E/ActivityManager( 482): 6.8% 688/com.android.launcher: 5.5% user + 1.2% kernel / faults: 1599 minor
E/ActivityManager( 482): 6.5% 745/android.process.acore: 5.1% user + 1.4% kernel / faults: 1816 minor
E/ActivityManager( 482): 1.1% 55/debuggerd: 0.4% user + 0.6% kernel / faults: 1367 minor
E/ActivityManager( 482): 3.8% 67/adbd: 0.7% user + 3.1% kernel / faults: 141 minor
E/ActivityManager( 482): 3.7% 99/bootanimation: 3% user + 0.6% kernel
E/ActivityManager( 482): 0.8% 662/com.android.inputmethod.latin: 0.5% user + 0.3% kernel / faults: 164 minor 3 major
E/ActivityManager( 482): 0.6% 601/android.process.media: 0.3% user + 0.2% kernel / faults: 458 minor
E/ActivityManager( 482): 0.5% 4/kworker/0:0: 0% user + 0.5% kernel
E/ActivityManager( 482): 0.5% 239/logcat: 0.1% user + 0.3% kernel
E/ActivityManager( 482): 0.5% 241/logcat: 0.1% user + 0.3% kernel
E/ActivityManager( 482): 0.3% 26/mtdblock1: 0% user + 0.3% kernel
E/ActivityManager( 482): 0.2% 51/servicemanager: 0% user + 0.2% kernel
E/ActivityManager( 482): 0.2% 60/mediaserver: 0.1% user + 0% kernel / faults: 4 minor
E/ActivityManager( 482): 0.1% 25/mtdblock0: 0% user + 0.1% kernel
E/ActivityManager( 482): 0.1% 56/rild: 0% user + 0.1% kernel / faults: 1 minor
E/ActivityManager( 482): 0% 1//init: 0% user + 0% kernel
E/ActivityManager( 482): 100% TOTAL: 68% user + 31% kernel + 0.1% softirq
E/ActivityManager( 482): CPU usage from 10939ms to 13071ms later:
E/ActivityManager( 482): 21% 482/system_server: 11% user + 9.4% kernel / faults: 47 minor
E/ActivityManager( 482): 10% 497/ActivityManager: 3.9% user + 6.7% kernel
E/ActivityManager( 482): 5% 482/system_server: 5% user + 0% kernel
E/ActivityManager( 482): 1.6% 730/Binder_7: 1.1% user + 0.5% kernel
E/ActivityManager( 482): 1.1% 493/Binder_1: 0.5% user + 0.5% kernel
E/ActivityManager( 482): 1.1% 496/WindowManager: 0.5% user + 0.5% kernel
E/ActivityManager( 482): 0.5% 498/android.bg: 0% user + 0.5% kernel
E/ActivityManager( 482): 0.5% 501/android.ui: 0% user + 0.5% kernel
E/ActivityManager( 482): 0.5% 552/Binder_3: 0.5% user + 0% kernel
E/ActivityManager( 482): 0.5% 790/Binder_8: 0.5% user + 0% kernel
E/ActivityManager( 482): 17% 57/surfaceflinger: 14% user + 3% kernel / faults: 46 minor
E/ActivityManager( 482): 15% 57/surfaceflinger: 13% user + 1.5% kernel
E/ActivityManager( 482): 0.5% 86/Binder_1: 0% user + 0.5% kernel
E/ActivityManager( 482): 0.5% 87/DispSync: 0% user + 0.5% kernel
E/ActivityManager( 482): 0.5% 88/Binder_2: 0.5% user + 0% kernel
E/ActivityManager( 482): 0.5% 263/Binder_4: 0% user + 0.5% kernel
E/ActivityManager( 482): 20% 677/com.android.phone: 13% user + 7.1% kernel / faults: 185 minor 1 major
E/ActivityManager( 482): 16% 677/m.android.phone: 11% user + 5% kernel
E/ActivityManager( 482): 4.2% 684/Compiler: 2.1% user + 2.1% kernel
E/ActivityManager( 482): +0% 814/Cat Telephony s: 0% user + 0% kernel
E/ActivityManager( 482): +0% 815/RilMessageDecod: 0% user + 0% kernel
E/ActivityManager( 482): +0% 816/Cat Icon Loader: 0% user + 0% kernel
E/ActivityManager( 482): 15% 562/com.android.systemui: 13% user + 1.8% kernel / faults: 111 minor
E/ActivityManager( 482): 14% 562/ndroid.systemui: 13% user + 1.2% kernel
E/ActivityManager( 482): 0.6% 569/Compiler: 0.6% user + 0% kernel
E/ActivityManager( 482): +0% 813/KeyguardWidgetP: 0% user + 0% kernel
E/ActivityManager( 482): 6.8% 99/bootanimation: 4.7% user + 2.1% kernel
E/ActivityManager( 482): 6.3% 111/BootAnimation: 4.2% user + 2.1% kernel
E/ActivityManager( 482): 4.5% 67/adbd: 1% user + 3.5% kernel / faults: 28 minor
E/ActivityManager( 482): 1.5% 199/adbd: 0% user + 1.5% kernel
E/ActivityManager( 482): 1% 67/adbd: 0% user + 1% kernel
E/ActivityManager( 482): 1% 200/adbd: 1% user + 0% kernel
E/ActivityManager( 482): 1.4% 4/kworker/0:0: 0% user + 1.4% kernel
E/ActivityManager( 482): 0.1% 1//init: 0.1% user + 0% kernel
E/ActivityManager( 482): 0.2% 25/mtdblock0: 0% user + 0.2% kernel
E/ActivityManager( 482): 0.2% 688/com.android.launcher: 0.2% user + 0% kernel / faults: 3 minor
E/ActivityManager( 482): 0.2% 697/GC: 0.2% user + 0% kernel
E/ActivityManager( 482): 100% TOTAL: 64% user + 35% kernel
I/ActivityManager( 482): Killing 562:com.android.systemui/u0a7 (adj -12): background ANR
D/dalvikvm( 482): GC_FOR_ALLOC freed 427K, 13% free 5375K/6164K, paused 144ms, total 146ms
I/dalvikvm-heap( 482): Grow heap (frag case) to 5.456MB for 124169-byte allocation
D/dalvikvm( 482): GC_FOR_ALLOC freed <1K, 13% free 5497K/6288K, paused 126ms, total 127ms
D/dalvikvm( 482): GC_FOR_ALLOC freed <1K, 13% free 5497K/6288K, paused 242ms, total 243ms
I/dalvikvm-heap( 482): Grow heap (frag case) to 5.692MB for 248320-byte allocation
D/dalvikvm( 482): GC_FOR_ALLOC freed <1K, 13% free 5739K/6532K, paused 224ms, total 224ms
D/MobileDataStateTracker( 482): ims: Broadcast received: android.intent.action.ANY_DATA_STATE apnType=ims
D/MobileDataStateTracker( 482): ims: Received state=DISCONNECTED, old=DISCONNECTED, reason=dataDetached
D/MobileDataStateTracker( 482): default: Broadcast received: android.intent.action.ANY_DATA_STATE apnType=default
D/MobileDataStateTracker( 482): default: Received state=DISCONNECTED, old=DISCONNECTED, reason=dataDetached
D/MobileDataStateTracker( 482): mms: Broadcast received: android.intent.action.ANY_DATA_STATE apnType=mms
D/MobileDataStateTracker( 482): mms: Received state=DISCONNECTED, old=DISCONNECTED, reason=dataDetached
D/MobileDataStateTracker( 482): cbs: Broadcast received: android.intent.action.ANY_DATA_STATE apnType=cbs
D/MobileDataStateTracker( 482): cbs: Received state=DISCONNECTED, old=DISCONNECTED, reason=dataDetached
D/MobileDataStateTracker( 482): fota: Broadcast received: android.intent.action.ANY_DATA_STATE apnType=fota
D/MobileDataStateTracker( 482): fota: Received state=DISCONNECTED, old=DISCONNECTED, reason=roamingOff
D/MobileDataStateTracker( 482): ia: Broadcast received: android.intent.action.ANY_DATA_STATE apnType=ia
D/MobileDataStateTracker( 482): ia: Received state=DISCONNECTED, old=DISCONNECTED, reason=roamingOff
D/MobileDataStateTracker( 482): supl: Broadcast received: android.intent.action.ANY_DATA_STATE apnType=supl
D/dalvikvm( 482): GC_FOR_ALLOC freed 170K, 15% free 5603K/6532K, paused 178ms, total 184ms
I/dalvikvm-heap( 482): Grow heap (frag case) to 5.799MB for 251478-byte allocation
D/dalvikvm( 482): GC_FOR_ALLOC freed 5K, 14% free 5843K/6780K, paused 526ms, total 526ms
D/MobileDataStateTracker( 482): supl: Received state=DISCONNECTED, old=DISCONNECTED, reason=roamingOff
D/MobileDataStateTracker( 482): hipri: Broadcast received: android.intent.action.ANY_DATA_STATE apnType=hipri
D/MobileDataStateTracker( 482): hipri: Received state=DISCONNECTED, old=DISCONNECTED, reason=roamingOff
D/MobileDataStateTracker( 482): ims: Broadcast received: android.intent.action.ANY_DATA_STATE apnType=ims
D/MobileDataStateTracker( 482): ims: Received state=DISCONNECTED, old=DISCONNECTED, reason=roamingOff
D/MobileDataStateTracker( 482): default: Broadcast received: android.intent.action.ANY_DATA_STATE apnType=default
D/MobileDataStateTracker( 482): default: Received state=DISCONNECTED, old=DISCONNECTED, reason=roamingOff
D/MobileDataStateTracker( 482): mms: Broadcast received: android.intent.action.ANY_DATA_STATE apnType=mms
D/MobileDataStateTracker( 482): mms: Received state=DISCONNECTED, old=DISCONNECTED, reason=roamingOff
D/MobileDataStateTracker( 482): cbs: Broadcast received: android.intent.action.ANY_DATA_STATE apnType=cbs
D/MobileDataStateTracker( 482): cbs: Received state=DISCONNECTED, old=DISCONNECTED, reason=roamingOff
D/MobileDataStateTracker( 482): fota: Broadcast received: android.intent.action.ANY_DATA_STATE apnType=fota
D/MobileDataStateTracker( 482): fota: Received state=DISCONNECTED, old=DISCONNECTED, reason=roamingOff
D/MobileDataStateTracker( 482): ia: Broadcast received: android.intent.action.ANY_DATA_STATE apnType=ia
D/MobileDataStateTracker( 482): ia: Received state=DISCONNECTED, old=DISCONNECTED, reason=roamingOff
D/MobileDataStateTracker( 482): supl: Broadcast received: android.intent.action.ANY_DATA_STATE apnType=supl
D/MobileDataStateTracker( 482): supl: Received state=DISCONNECTED, old=DISCONNECTED, reason=roamingOff
D/MobileDataStateTracker( 482): hipri: Broadcast received: android.intent.action.ANY_DATA_STATE apnType=hipri
D/MobileDataStateTracker( 482): hipri: Received state=DISCONNECTED, old=DISCONNECTED, reason=roamingOff
D/MobileDataStateTracker( 482): ims: Broadcast received: android.intent.action.ANY_DATA_STATE apnType=ims
D/MobileDataStateTracker( 482): ims: Received state=DISCONNECTED, old=DISCONNECTED, reason=roamingOff
D/MobileDataStateTracker( 482): default: Broadcast received: android.intent.action.ANY_DATA_STATE apnType=default
D/MobileDataStateTracker( 482): default: Received state=DISCONNECTED, old=DISCONNECTED, reason=roamingOff
D/MobileDataStateTracker( 482): mms: Broadcast received: android.intent.action.ANY_DATA_STATE apnType=mms
D/MobileDataStateTracker( 482): mms: Received state=DISCONNECTED, old=DISCONNECTED, reason=roamingOff
D/MobileDataStateTracker( 482): cbs: Broadcast received: android.intent.action.ANY_DATA_STATE apnType=cbs
D/MobileDataStateTracker( 482): cbs: Received state=DISCONNECTED, old=DISCONNECTED, reason=roamingOff
D/MobileDataStateTracker( 482): fota: Broadcast received: android.intent.action.ANY_DATA_STATE apnType=fota
W/BroadcastQueue( 482): Timeout of broadcast BroadcastRecord{b2fca048 u-1 android.intent.action.TIME_TICK} - receiver=android.os.BinderProxy@b2f18088, started 10357ms ago
W/BroadcastQueue( 482): Receiver during timeout: BroadcastFilter{b2f7bcb0 u0 ReceiverList{b2f84ad8 562 com.android.systemui/10007/u0 remote:b2f18088}}
I/ActivityManager( 482): Skipping duplicate ANR: ProcessRecord{b2f7d3e8 562:com.android.systemui/u0a7} Broadcast of Intent { act=android.intent.action.TIME_TICK flg=0x50000014 (has extras) }
D/MobileDataStateTracker( 482): fota: Received state=DISCONNECTED, old=DISCONNECTED, reason=dataAttached
D/MobileDataStateTracker( 482): ia: Broadcast received: android.intent.action.ANY_DATA_STATE apnType=ia
D/MobileDataStateTracker( 482): ia: Received state=DISCONNECTED, old=DISCONNECTED, reason=dataAttached
D/MobileDataStateTracker( 482): supl: Broadcast received: android.intent.action.ANY_DATA_STATE apnType=supl
D/MobileDataStateTracker( 482): supl: Received state=DISCONNECTED, old=DISCONNECTED, reason=dataAttached
D/MobileDataStateTracker( 482): hipri: Broadcast received: android.intent.action.ANY_DATA_STATE apnType=hipri
D/MobileDataStateTracker( 482): hipri: Received state=DISCONNECTED, old=DISCONNECTED, reason=dataAttached
D/MobileDataStateTracker( 482): ims: Broadcast received: android.intent.action.ANY_DATA_STATE apnType=ims
D/MobileDataStateTracker( 482): ims: Received state=DISCONNECTED, old=DISCONNECTED, reason=dataAttached
D/MobileDataStateTracker( 482): mms: Broadcast received: android.intent.action.ANY_DATA_STATE apnType=mms
D/MobileDataStateTracker( 482): mms: Received state=DISCONNECTED, old=DISCONNECTED, reason=dataAttached
D/MobileDataStateTracker( 482): cbs: Broadcast received: android.intent.action.ANY_DATA_STATE apnType=cbs
D/MobileDataStateTracker( 482): cbs: Received state=DISCONNECTED, old=DISCONNECTED, reason=dataAttached
D/MobileDataStateTracker( 482): fota: Broadcast received: android.intent.action.ANY_DATA_STATE apnType=fota
D/MobileDataStateTracker( 482): fota: Received state=DISCONNECTED, old=DISCONNECTED, reason=dataAttached
D/MobileDataStateTracker( 482): ia: Broadcast received: android.intent.action.ANY_DATA_STATE apnType=ia
D/MobileDataStateTracker( 482): ia: Received state=DISCONNECTED, old=DISCONNECTED, reason=dataAttached
D/MobileDataStateTracker( 482): supl: Broadcast received: android.intent.action.ANY_DATA_STATE apnType=supl
D/MobileDataStateTracker( 482): supl: Received state=DISCONNECTED, old=DISCONNECTED, reason=dataAttached
D/MobileDataStateTracker( 482): hipri: Broadcast received: android.intent.action.ANY_DATA_STATE apnType=hipri
D/MobileDataStateTracker( 482): hipri: Received state=DISCONNECTED, old=DISCONNECTED, reason=dataAttached
D/MobileDataStateTracker( 482): ims: Broadcast received: android.intent.action.ANY_DATA_STATE apnType=ims
D/MobileDataStateTracker( 482): ims: Received state=DISCONNECTED, old=DISCONNECTED, reason=dataAttached
D/MobileDataStateTracker( 482): mms: Broadcast received: android.intent.action.ANY_DATA_STATE apnType=mms
D/MobileDataStateTracker( 482): mms: Received state=DISCONNECTED, old=DISCONNECTED, reason=dataAttached
D/MobileDataStateTracker( 482): cbs: Broadcast received: android.intent.action.ANY_DATA_STATE apnType=cbs
D/MobileDataStateTracker( 482): cbs: Received state=DISCONNECTED, old=DISCONNECTED, reason=dataAttached
D/MccTable( 677): updateMccMncConfiguration: mcc=310, mnc=260
D/MccTable( 677): getLocaleFromMcc to en_us mcc=310
D/MccTable( 677): getLocaleForLanguageCountry: skipping already persisted
D/MccTable( 677): getLocaleForLanguageCountry: X locale=null
D/MccTable( 677): updateMccMncConfiguration updateConfig config={1.0 310mcc260mnc ?locale ?layoutDir ?swdp ?wdp ?hdp ?density ?lsize ?long ?orien ?uimode ?night ?touch ?keyb/?/? ?nav/?}
I/ActivityManager( 482): Config changes=3 {1.0 310mcc260mnc en_US ldltr sw320dp w320dp h407dp 160dpi smll port finger qwerty/v/v -nav/h s.5}
D/dalvikvm( 677): GC_CONCURRENT freed 305K, 12% free 3137K/3528K, paused 196ms+47ms, total 556ms
D/PermissionCache( 57): checking android.permission.READ_FRAME_BUFFER for uid=1000 => granted (1683 us)
D/gralloc ( 57): Registering a buffer in the process that created it. This may cause memory ordering problems.
E/libEGL ( 57): called unimplemented OpenGL ES API
E/libEGL ( 57): called unimplemented OpenGL ES API
E/libEGL ( 57): called unimplemented OpenGL ES API
E/libEGL ( 57): called unimplemented OpenGL ES API
E/SurfaceFlinger( 57): glCheckFramebufferStatusOES error -120753797
E/SurfaceFlinger( 57): got GL_FRAMEBUFFER_COMPLETE_OES error while taking screenshot
E/libEGL ( 57): called unimplemented OpenGL ES API
E/libEGL ( 57): called unimplemented OpenGL ES API
E/JavaBinder( 482): !!! FAILED BINDER TRANSACTION !!!
W/BroadcastQueue( 482): Failure sending broadcast Intent { act=android.intent.action.CONFIGURATION_CHANGED flg=0x70000010 }
W/BroadcastQueue( 482): android.os.TransactionTooLargeException
W/BroadcastQueue( 482): at android.os.BinderProxy.transact(Native Method)
W/BroadcastQueue( 482): at android.app.ApplicationThreadProxy.scheduleRegisteredReceiver(ApplicationThreadNative.java:1059)
W/BroadcastQueue( 482): at com.android.server.am.BroadcastQueue.performReceiveLocked(BroadcastQueue.java:421)
W/BroadcastQueue( 482): at com.android.server.am.BroadcastQueue.deliverToRegisteredReceiverLocked(BroadcastQueue.java:507)
W/BroadcastQueue( 482): at com.android.server.am.BroadcastQueue.processNextBroadcast(BroadcastQueue.java:555)
W/BroadcastQueue( 482): at com.android.server.am.BroadcastQueue$1.handleMessage(BroadcastQueue.java:141)
W/BroadcastQueue( 482): at android.os.Handler.dispatchMessage(Handler.java:102)
W/BroadcastQueue( 482): at android.os.Looper.loop(Looper.java:136)
W/BroadcastQueue( 482): at com.android.server.am.ActivityManagerService$AThread.run(ActivityManagerService.java:1870)
E/JavaBinder( 482): !!! FAILED BINDER TRANSACTION !!!
E/JavaBinder( 482): !!! FAILED BINDER TRANSACTION !!!
W/BroadcastQueue( 482): Failure sending broadcast Intent { act=android.intent.action.SIM_STATE_CHANGED flg=0x20000010 (has extras) }
W/BroadcastQueue( 482): android.os.TransactionTooLargeException
W/BroadcastQueue( 482): at android.os.BinderProxy.transact(Native Method)
W/BroadcastQueue( 482): at android.app.ApplicationThreadProxy.scheduleRegisteredReceiver(ApplicationThreadNative.java:1059)
W/BroadcastQueue( 482): at com.android.server.am.BroadcastQueue.performReceiveLocked(BroadcastQueue.java:421)
W/BroadcastQueue( 482): at com.android.server.am.BroadcastQueue.deliverToRegisteredReceiverLocked(BroadcastQueue.java:507)
W/BroadcastQueue( 482): at com.android.server.am.BroadcastQueue.processNextBroadcast(BroadcastQueue.java:555)
W/BroadcastQueue( 482): at com.android.server.am.BroadcastQueue$1.handleMessage(BroadcastQueue.java:141)
W/BroadcastQueue( 482): at android.os.Handler.dispatchMessage(Handler.java:102)
W/BroadcastQueue( 482): at android.os.Looper.loop(Looper.java:136)
W/BroadcastQueue( 482): at com.android.server.am.ActivityManagerService$AThread.run(ActivityManagerService.java:1870)
W/BroadcastQueue( 482): Failure sending broadcast Intent { act=android.intent.action.SIM_STATE_CHANGED flg=0x20000010 (has extras) }
W/BroadcastQueue( 482): android.os.TransactionTooLargeException
W/BroadcastQueue( 482): at android.os.BinderProxy.transact(Native Method)
W/BroadcastQueue( 482): at android.app.ApplicationThreadProxy.scheduleRegisteredReceiver(ApplicationThreadNative.java:1059)
W/BroadcastQueue( 482): at com.android.server.am.BroadcastQueue.performReceiveLocked(BroadcastQueue.java:421)
W/BroadcastQueue( 482): at com.android.server.am.BroadcastQueue.deliverToRegisteredReceiverLocked(BroadcastQueue.java:507)
W/BroadcastQueue( 482): at com.android.server.am.BroadcastQueue.processNextBroadcast(BroadcastQueue.java:555)
W/BroadcastQueue( 482): at com.android.server.am.BroadcastQueue$1.handleMessage(BroadcastQueue.java:141)
W/BroadcastQueue( 482): at android.os.Handler.dispatchMessage(Handler.java:102)
W/BroadcastQueue( 482): at android.os.Looper.loop(Looper.java:136)
W/BroadcastQueue( 482): at com.android.server.am.ActivityManagerService$AThread.run(ActivityManagerService.java:1870)
E/JavaBinder( 482): !!! FAILED BINDER TRANSACTION !!!
W/BroadcastQueue( 482): Failure sending broadcast Intent { act=android.intent.action.SIM_STATE_CHANGED flg=0x20000010 (has extras) }
W/BroadcastQueue( 482): android.os.TransactionTooLargeException
W/BroadcastQueue( 482): at android.os.BinderProxy.transact(Native Method)
W/BroadcastQueue( 482): at android.app.ApplicationThreadProxy.scheduleRegisteredReceiver(ApplicationThreadNative.java:1059)
W/BroadcastQueue( 482): at com.android.server.am.BroadcastQueue.performReceiveLocked(BroadcastQueue.java:421)
W/BroadcastQueue( 482): at com.android.server.am.BroadcastQueue.deliverToRegisteredReceiverLocked(BroadcastQueue.java:507)
W/BroadcastQueue( 482): at com.android.server.am.BroadcastQueue.processNextBroadcast(BroadcastQueue.java:555)
W/BroadcastQueue( 482): at com.android.server.am.BroadcastQueue$1.handleMessage(BroadcastQueue.java:141)
W/BroadcastQueue( 482): at android.os.Handler.dispatchMessage(Handler.java:102)
W/BroadcastQueue( 482): at android.os.Looper.loop(Looper.java:136)
W/BroadcastQueue( 482): at com.android.server.am.ActivityManagerService$AThread.run(ActivityManagerService.java:1870)
D/MccTable( 677): updateMccMncConfiguration: mcc=310, mnc=260
D/MccTable( 677): getLocaleFromMcc to en_us mcc=310
D/MccTable( 677): getLocaleForLanguageCountry: skipping already persisted
D/MccTable( 677): getLocaleForLanguageCountry: X locale=null
D/MccTable( 677): updateMccMncConfiguration updateConfig config={1.0 310mcc260mnc ?locale ?layoutDir ?swdp ?wdp ?hdp ?density ?lsize ?long ?orien ?uimode ?night ?touch ?keyb/?/? ?nav/?}
D/dalvikvm( 677): GC_CONCURRENT freed 316K, 11% free 3310K/3700K, paused 8ms+9ms, total 247ms
I/dalvikvm( 688): threadid=3: reacting to signal 3
I/dalvikvm( 688): Can't dump thread 13: threadObj not set
I/dalvikvm( 688): Wrote stack traces to '/data/anr/traces.txt'
D/dalvikvm( 482): GC_FOR_ALLOC freed 999K, 21% free 5390K/6768K, paused 809ms, total 816ms
E/JavaBinder( 482): !!! FAILED BINDER TRANSACTION !!!
W/BroadcastQueue( 482): Failure sending broadcast Intent { act=android.provider.Telephony.SPN_STRINGS_UPDATED flg=0x20000010 (has extras) }
W/BroadcastQueue( 482): android.os.TransactionTooLargeException
W/BroadcastQueue( 482): at android.os.BinderProxy.transact(Native Method)
W/BroadcastQueue( 482): at android.app.ApplicationThreadProxy.scheduleRegisteredReceiver(ApplicationThreadNative.java:1059)
W/BroadcastQueue( 482): at com.android.server.am.BroadcastQueue.performReceiveLocked(BroadcastQueue.java:421)
W/BroadcastQueue( 482): at com.android.server.am.BroadcastQueue.deliverToRegisteredReceiverLocked(BroadcastQueue.java:507)
W/BroadcastQueue( 482): at com.android.server.am.BroadcastQueue.processNextBroadcast(BroadcastQueue.java:555)
W/BroadcastQueue( 482): at com.android.server.am.BroadcastQueue$1.handleMessage(BroadcastQueue.java:141)
W/BroadcastQueue( 482): at android.os.Handler.dispatchMessage(Handler.java:102)
W/BroadcastQueue( 482): at android.os.Looper.loop(Looper.java:136)
W/BroadcastQueue( 482): at com.android.server.am.ActivityManagerService$AThread.run(ActivityManagerService.java:1870)
E/JavaBinder( 482): !!! FAILED BINDER TRANSACTION !!!
W/BroadcastQueue( 482): Failure sending broadcast Intent { act=android.provider.Telephony.SPN_STRINGS_UPDATED flg=0x20000010 (has extras) }
W/BroadcastQueue( 482): android.os.TransactionTooLargeException
W/BroadcastQueue( 482): at android.os.BinderProxy.transact(Native Method)
W/BroadcastQueue( 482): at android.app.ApplicationThreadProxy.scheduleRegisteredReceiver(ApplicationThreadNative.java:1059)
W/BroadcastQueue( 482): at com.android.server.am.BroadcastQueue.performReceiveLocked(BroadcastQueue.java:421)
W/BroadcastQueue( 482): at com.android.server.am.BroadcastQueue.deliverToRegisteredReceiverLocked(BroadcastQueue.java:507)
W/BroadcastQueue( 482): at com.android.server.am.BroadcastQueue.processNextBroadcast(BroadcastQueue.java:555)
W/BroadcastQueue( 482): at com.android.server.am.BroadcastQueue$1.handleMessage(BroadcastQueue.java:141)
W/BroadcastQueue( 482): at android.os.Handler.dispatchMessage(Handler.java:102)
W/BroadcastQueue( 482): at android.os.Looper.loop(Looper.java:136)
W/BroadcastQueue( 482): at com.android.server.am.ActivityManagerService$AThread.run(ActivityManagerService.java:1870)
D/MobileDataStateTracker( 482): fota: Broadcast received: android.intent.action.ANY_DATA_STATE apnType=fota
D/MobileDataStateTracker( 482): fota: Received state=DISCONNECTED, old=DISCONNECTED, reason=simLoaded
D/MobileDataStateTracker( 482): ia: Broadcast received: android.intent.action.ANY_DATA_STATE apnType=ia
D/MobileDataStateTracker( 482): ia: Received state=DISCONNECTED, old=DISCONNECTED, reason=simLoaded
D/MobileDataStateTracker( 482): supl: Broadcast received: android.intent.action.ANY_DATA_STATE apnType=supl
D/MobileDataStateTracker( 482): supl: Received state=DISCONNECTED, old=DISCONNECTED, reason=simLoaded
D/MobileDataStateTracker( 482): hipri: Broadcast received: android.intent.action.ANY_DATA_STATE apnType=hipri
D/MobileDataStateTracker( 482): hipri: Received state=DISCONNECTED, old=DISCONNECTED, reason=simLoaded
D/MobileDataStateTracker( 482): ims: Broadcast received: android.intent.action.ANY_DATA_STATE apnType=ims
D/MobileDataStateTracker( 482): ims: Received state=DISCONNECTED, old=DISCONNECTED, reason=simLoaded
D/MobileDataStateTracker( 482): mms: Broadcast received: android.intent.action.ANY_DATA_STATE apnType=mms
D/MobileDataStateTracker( 482): mms: Received state=DISCONNECTED, old=DISCONNECTED, reason=simLoaded
D/MobileDataStateTracker( 482): cbs: Broadcast received: android.intent.action.ANY_DATA_STATE apnType=cbs
D/MobileDataStateTracker( 482): cbs: Received state=DISCONNECTED, old=DISCONNECTED, reason=simLoaded
D/MobileDataStateTracker( 482): default: Broadcast received: android.intent.action.ANY_DATA_STATE apnType=default
D/dalvikvm( 677): GC_CONCURRENT freed 490K, 16% free 3255K/3832K, paused 60ms+7ms, total 140ms
D/MobileDataStateTracker( 482): default: Received state=CONNECTING, old=DISCONNECTED, reason=simLoaded
D/MobileDataStateTracker( 482): default: setDetailed state, old =IDLE and new state=CONNECTING
W/WindowManager( 482): ***** BOOT TIMEOUT: forcing display enabled
I/SurfaceFlinger( 57): Boot is finished (163240 ms)
E/JavaBinder( 482): !!! FAILED BINDER TRANSACTION !!!
W/KeyguardServiceWrapper( 482): Remote Exception
W/KeyguardServiceWrapper( 482): android.os.TransactionTooLargeException
W/KeyguardServiceWrapper( 482): at android.os.BinderProxy.transact(Native Method)
W/KeyguardServiceWrapper( 482): at com.android.internal.policy.IKeyguardService$Stub$Proxy.setHidden(IKeyguardService.java:345)
W/KeyguardServiceWrapper( 482): at com.android.internal.policy.impl.keyguard.KeyguardServiceWrapper.setHidden(KeyguardServiceWrapper.java:105)
W/KeyguardServiceWrapper( 482): at com.android.internal.policy.impl.keyguard.KeyguardServiceDelegate.setHidden(KeyguardServiceDelegate.java:177)
W/KeyguardServiceWrapper( 482): at com.android.internal.policy.impl.PhoneWindowManager.finishPostLayoutPolicyLw(PhoneWindowManager.java:3581)
W/KeyguardServiceWrapper( 482): at com.android.server.wm.WindowManagerService.performLayoutAndPlaceSurfacesLockedInner(WindowManagerService.java:9026)
W/KeyguardServiceWrapper( 482): at com.android.server.wm.WindowManagerService.performLayoutAndPlaceSurfacesLockedLoop(WindowManagerService.java:8179)
W/KeyguardServiceWrapper( 482): at com.android.server.wm.WindowManagerService.performLayoutAndPlaceSurfacesLocked(WindowManagerService.java:8121)
W/KeyguardServiceWrapper( 482): at com.android.server.wm.WindowManagerService.updateRotationUnchecked(WindowManagerService.java:5866)
W/KeyguardServiceWrapper( 482): at com.android.server.wm.WindowManagerService.updateRotation(WindowManagerService.java:5825)
W/KeyguardServiceWrapper( 482): at com.android.internal.policy.impl.PhoneWindowManager.updateRotation(PhoneWindowManager.java:4856)
W/KeyguardServiceWrapper( 482): at com.android.internal.policy.impl.PhoneWindowManager.enableScreenAfterBoot(PhoneWindowManager.java:4844)
W/KeyguardServiceWrapper( 482): at com.android.server.wm.WindowManagerService.performEnableScreen(WindowManagerService.java:5395)
W/KeyguardServiceWrapper( 482): at com.android.server.wm.WindowManagerService.performBootTimeout(WindowManagerService.java:5280)
W/KeyguardServiceWrapper( 482): at com.android.server.wm.WindowManagerService$H.handleMessage(WindowManagerService.java:7467)
W/KeyguardServiceWrapper( 482): at android.os.Handler.dispatchMessage(Handler.java:102)
W/KeyguardServiceWrapper( 482): at android.os.Looper.loop(Looper.java:136)
W/KeyguardServiceWrapper( 482): at android.os.HandlerThread.run(HandlerThread.java:61)
D/MobileDataStateTracker( 482): fota: Broadcast received: android.intent.action.ANY_DATA_STATE apnType=fota
D/MobileDataStateTracker( 482): fota: Received state=DISCONNECTED, old=DISCONNECTED, reason=simLoaded
D/MobileDataStateTracker( 482): ia: Broadcast received: android.intent.action.ANY_DATA_STATE apnType=ia
D/MobileDataStateTracker( 482): ia: Received state=DISCONNECTED, old=DISCONNECTED, reason=simLoaded
D/MobileDataStateTracker( 482): supl: Broadcast received: android.intent.action.ANY_DATA_STATE apnType=supl
E/JavaBinder( 482): !!! FAILED BINDER TRANSACTION !!!
D/MobileDataStateTracker( 482): supl: Received state=DISCONNECTED, old=DISCONNECTED, reason=simLoaded
D/MobileDataStateTracker( 482): hipri: Broadcast received: android.intent.action.ANY_DATA_STATE apnType=hipri
D/MobileDataStateTracker( 482): hipri: Received state=DISCONNECTED, old=DISCONNECTED, reason=simLoaded
I/ARMAssembler( 57): generated scanline__00000077:03515104_00008001_00000000 [113 ipp] (134 ins) at [0xb61e11f0:0xb61e1408] in 30000000 ns
W/KeyguardServiceWrapper( 482): Remote Exception
W/KeyguardServiceWrapper( 482): android.os.TransactionTooLargeException
W/KeyguardServiceWrapper( 482): at android.os.BinderProxy.transact(Native Method)
W/KeyguardServiceWrapper( 482): at com.android.internal.policy.IKeyguardService$Stub$Proxy.setHidden(IKeyguardService.java:345)
W/KeyguardServiceWrapper( 482): at com.android.internal.policy.impl.keyguard.KeyguardServiceWrapper.setHidden(KeyguardServiceWrapper.java:105)
W/KeyguardServiceWrapper( 482): at com.android.internal.policy.impl.keyguard.KeyguardServiceDelegate.setHidden(KeyguardServiceDelegate.java:177)
W/KeyguardServiceWrapper( 482): at com.android.internal.policy.impl.PhoneWindowManager.finishPostLayoutPolicyLw(PhoneWindowManager.java:3581)
W/KeyguardServiceWrapper( 482): at com.android.server.wm.WindowManagerService.performLayoutAndPlaceSurfacesLockedInner(WindowManagerService.java:9026)
W/KeyguardServiceWrapper( 482): at com.android.server.wm.WindowManagerService.performLayoutAndPlaceSurfacesLockedLoop(WindowManagerService.java:8179)
W/KeyguardServiceWrapper( 482): at com.android.server.wm.WindowManagerService.performLayoutAndPlaceSurfacesLocked(WindowManagerService.java:8121)
W/KeyguardServiceWrapper( 482): at com.android.server.wm.WindowManagerService.setNewConfiguration(WindowManagerService.java:3725)
W/KeyguardServiceWrapper( 482): at com.android.server.am.ActivityManagerService.updateConfigurationLocked(ActivityManagerService.java:14153)
W/KeyguardServiceWrapper( 482): at com.android.server.am.ActivityManagerService.updateConfiguration(ActivityManagerService.java:14038)
W/KeyguardServiceWrapper( 482): at com.android.server.wm.WindowManagerService.sendNewConfiguration(WindowManagerService.java:6500)
W/KeyguardServiceWrapper( 482): at com.android.server.wm.WindowManagerService.updateRotationUnchecked(WindowManagerService.java:5871)
W/KeyguardServiceWrapper( 482): at com.android.server.wm.WindowManagerService.updateRotation(WindowManagerService.java:5825)
W/KeyguardServiceWrapper( 482): at com.android.internal.policy.impl.PhoneWindowManager.updateRotation(PhoneWindowManager.java:4856)
W/KeyguardServiceWrapper( 482): at com.android.internal.policy.impl.PhoneWindowManager.enableScreenAfterBoot(PhoneWindowManager.java:4844)
W/KeyguardServiceWrapper( 482): at com.android.server.wm.WindowManagerService.performEnableScreen(WindowManagerService.java:5395)
W/KeyguardServiceWrapper( 482): at com.android.server.wm.WindowManagerService.performBootTimeout(WindowManagerService.java:5280)
W/KeyguardServiceWrapper( 482): at com.android.server.wm.WindowManagerService$H.handleMessage(WindowManagerService.java:7467)
W/KeyguardServiceWrapper( 482): at android.os.Handler.dispatchMessage(Handler.java:102)
W/KeyguardServiceWrapper( 482): at android.os.Looper.loop(Looper.java:136)
W/KeyguardServiceWrapper( 482): at android.os.HandlerThread.run(HandlerThread.java:61)
E/JavaBinder( 482): !!! FAILED BINDER TRANSACTION !!!
D/MobileDataStateTracker( 482): ims: Broadcast received: android.intent.action.ANY_DATA_STATE apnType=ims
D/MobileDataStateTracker( 482): ims: Received state=DISCONNECTED, old=DISCONNECTED, reason=simLoaded
W/KeyguardServiceWrapper( 482): Remote Exception
W/KeyguardServiceWrapper( 482): android.os.TransactionTooLargeException
W/KeyguardServiceWrapper( 482): at android.os.BinderProxy.transact(Native Method)
W/KeyguardServiceWrapper( 482): at com.android.internal.policy.IKeyguardService$Stub$Proxy.setHidden(IKeyguardService.java:345)
