W/KeyguardServiceWrapper( 482): at com.android.internal.policy.impl.keyguard.KeyguardServiceWrapper.setHidden(KeyguardServiceWrapper.java:105)
W/KeyguardServiceWrapper( 482): at com.android.internal.policy.impl.keyguard.KeyguardServiceDelegate.setHidden(KeyguardServiceDelegate.java:177)
W/KeyguardServiceWrapper( 482): at com.android.internal.policy.impl.PhoneWindowManager.finishPostLayoutPolicyLw(PhoneWindowManager.java:3581)
W/KeyguardServiceWrapper( 482): at com.android.server.wm.WindowManagerService.performLayoutAndPlaceSurfacesLockedInner(WindowManagerService.java:9026)
W/KeyguardServiceWrapper( 482): at com.android.server.wm.WindowManagerService.performLayoutAndPlaceSurfacesLockedLoop(WindowManagerService.java:8179)
W/KeyguardServiceWrapper( 482): at com.android.server.wm.WindowManagerService.performLayoutAndPlaceSurfacesLocked(WindowManagerService.java:8121)
W/KeyguardServiceWrapper( 482): at com.android.server.wm.WindowManagerService.updateRotationUnchecked(WindowManagerService.java:5866)
W/KeyguardServiceWrapper( 482): at com.android.server.wm.WindowManagerService.performEnableScreen(WindowManagerService.java:5398)
W/KeyguardServiceWrapper( 482): at com.android.server.wm.WindowManagerService.performBootTimeout(WindowManagerService.java:5280)
W/KeyguardServiceWrapper( 482): at com.android.server.wm.WindowManagerService$H.handleMessage(WindowManagerService.java:7467)
W/KeyguardServiceWrapper( 482): at android.os.Handler.dispatchMessage(Handler.java:102)
W/KeyguardServiceWrapper( 482): at android.os.Looper.loop(Looper.java:136)
W/KeyguardServiceWrapper( 482): at android.os.HandlerThread.run(HandlerThread.java:61)
W/WindowManager( 482): App freeze timeout expired.
W/WindowManager( 482): Force clearing freeze: AppWindowToken{b2fe5fc8 token=Token{b2f71fe0 ActivityRecord{b2f6ecf8 u0 com.android.launcher/com.android.launcher2.Launcher t1}}}
D/MobileDataStateTracker( 482): mms: Broadcast received: android.intent.action.ANY_DATA_STATE apnType=mms
D/MobileDataStateTracker( 482): mms: Received state=DISCONNECTED, old=DISCONNECTED, reason=simLoaded
D/MobileDataStateTracker( 482): cbs: Broadcast received: android.intent.action.ANY_DATA_STATE apnType=cbs
D/MobileDataStateTracker( 482): cbs: Received state=DISCONNECTED, old=DISCONNECTED, reason=simLoaded
I/WindowManager( 482): Screen frozen for +5s671ms due to AppWindowToken{b2fe5fc8 token=Token{b2f71fe0 ActivityRecord{b2f6ecf8 u0 com.android.launcher/com.android.launcher2.Launcher t1}}}
E/JavaBinder( 482): !!! FAILED BINDER TRANSACTION !!!
E/JavaBinder( 482): !!! FAILED BINDER TRANSACTION !!!
W/BroadcastQueue( 482): Failure sending broadcast Intent { act=android.intent.action.SIM_STATE_CHANGED flg=0x20000010 (has extras) }
W/BroadcastQueue( 482): android.os.TransactionTooLargeException
W/BroadcastQueue( 482): at android.os.BinderProxy.transact(Native Method)
W/BroadcastQueue( 482): at android.app.ApplicationThreadProxy.scheduleRegisteredReceiver(ApplicationThreadNative.java:1059)
W/BroadcastQueue( 482): at com.android.server.am.BroadcastQueue.performReceiveLocked(BroadcastQueue.java:421)
W/BroadcastQueue( 482): at com.android.server.am.BroadcastQueue.deliverToRegisteredReceiverLocked(BroadcastQueue.java:507)
W/BroadcastQueue( 482): at com.android.server.am.BroadcastQueue.processNextBroadcast(BroadcastQueue.java:555)
W/BroadcastQueue( 482): at com.android.server.am.BroadcastQueue$1.handleMessage(BroadcastQueue.java:141)
W/BroadcastQueue( 482): at android.os.Handler.dispatchMessage(Handler.java:102)
W/BroadcastQueue( 482): at android.os.Looper.loop(Looper.java:136)
W/BroadcastQueue( 482): at com.android.server.am.ActivityManagerService$AThread.run(ActivityManagerService.java:1870)
W/BroadcastQueue( 482): Failure sending broadcast Intent { act=android.intent.action.SIM_STATE_CHANGED flg=0x20000010 (has extras) }
W/BroadcastQueue( 482): android.os.TransactionTooLargeException
W/BroadcastQueue( 482): at android.os.BinderProxy.transact(Native Method)
W/BroadcastQueue( 482): at android.app.ApplicationThreadProxy.scheduleRegisteredReceiver(ApplicationThreadNative.java:1059)
W/BroadcastQueue( 482): at com.android.server.am.BroadcastQueue.performReceiveLocked(BroadcastQueue.java:421)
W/BroadcastQueue( 482): at com.android.server.am.BroadcastQueue.deliverToRegisteredReceiverLocked(BroadcastQueue.java:507)
W/BroadcastQueue( 482): at com.android.server.am.BroadcastQueue.processNextBroadcast(BroadcastQueue.java:555)
W/BroadcastQueue( 482): at com.android.server.am.BroadcastQueue$1.handleMessage(BroadcastQueue.java:141)
W/BroadcastQueue( 482): at android.os.Handler.dispatchMessage(Handler.java:102)
W/BroadcastQueue( 482): at android.os.Looper.loop(Looper.java:136)
W/BroadcastQueue( 482): at com.android.server.am.ActivityManagerService$AThread.run(ActivityManagerService.java:1870)
E/JavaBinder( 482): !!! FAILED BINDER TRANSACTION !!!
W/BroadcastQueue( 482): Failure sending broadcast Intent { act=android.intent.action.SIM_STATE_CHANGED flg=0x20000010 (has extras) }
W/BroadcastQueue( 482): android.os.TransactionTooLargeException
W/BroadcastQueue( 482): at android.os.BinderProxy.transact(Native Method)
W/BroadcastQueue( 482): at android.app.ApplicationThreadProxy.scheduleRegisteredReceiver(ApplicationThreadNative.java:1059)
W/BroadcastQueue( 482): at com.android.server.am.BroadcastQueue.performReceiveLocked(BroadcastQueue.java:421)
W/BroadcastQueue( 482): at com.android.server.am.BroadcastQueue.deliverToRegisteredReceiverLocked(BroadcastQueue.java:507)
W/BroadcastQueue( 482): at com.android.server.am.BroadcastQueue.processNextBroadcast(BroadcastQueue.java:555)
W/BroadcastQueue( 482): at com.android.server.am.BroadcastQueue$1.handleMessage(BroadcastQueue.java:141)
W/BroadcastQueue( 482): at android.os.Handler.dispatchMessage(Handler.java:102)
W/BroadcastQueue( 482): at android.os.Looper.loop(Looper.java:136)
W/BroadcastQueue( 482): at com.android.server.am.ActivityManagerService$AThread.run(ActivityManagerService.java:1870)
I/Choreographer( 482): Skipped 779 frames! The application may be doing too much work on its main thread.
I/Choreographer( 482): Skipped 41 frames! The application may be doing too much work on its main thread.
I/ARMAssembler( 57): generated scanline__00000077:03515104_00009001_00000000 [131 ipp] (153 ins) at [0xb61e1410:0xb61e1674] in 0 ns
I/Choreographer( 482): Skipped 89 frames! The application may be doing too much work on its main thread.
E/JavaBinder( 482): !!! FAILED BINDER TRANSACTION !!!
D/MobileDataStateTracker( 482): default: Broadcast received: android.intent.action.ANY_DATA_STATE apnType=default
D/MobileDataStateTracker( 482): default: Received state=CONNECTED, old=CONNECTING, reason=connected
D/MobileDataStateTracker( 482): default: setDetailed state, old =CONNECTING and new state=CONNECTED
E/JavaBinder( 482): !!! FAILED BINDER TRANSACTION !!!
W/KeyguardServiceWrapper( 482): Remote Exception
W/KeyguardServiceWrapper( 482): android.os.TransactionTooLargeException
W/KeyguardServiceWrapper( 482): at android.os.BinderProxy.transact(Native Method)
W/KeyguardServiceWrapper( 482): at com.android.internal.policy.IKeyguardService$Stub$Proxy.setHidden(IKeyguardService.java:345)
W/KeyguardServiceWrapper( 482): at com.android.internal.policy.impl.keyguard.KeyguardServiceWrapper.setHidden(KeyguardServiceWrapper.java:105)
W/KeyguardServiceWrapper( 482): at com.android.internal.policy.impl.keyguard.KeyguardServiceDelegate.setHidden(KeyguardServiceDelegate.java:177)
W/KeyguardServiceWrapper( 482): at com.android.internal.policy.impl.PhoneWindowManager.finishPostLayoutPolicyLw(PhoneWindowManager.java:3581)
W/KeyguardServiceWrapper( 482): at com.android.server.wm.WindowManagerService.performLayoutAndPlaceSurfacesLockedInner(WindowManagerService.java:9026)
W/KeyguardServiceWrapper( 482): at com.android.server.wm.WindowManagerService.performLayoutAndPlaceSurfacesLockedLoop(WindowManagerService.java:8179)
W/KeyguardServiceWrapper( 482): at com.android.server.wm.WindowManagerService.performLayoutAndPlaceSurfacesLocked(WindowManagerService.java:8121)
W/KeyguardServiceWrapper( 482): at com.android.server.wm.WindowManagerService.access$300(WindowManagerService.java:157)
W/KeyguardServiceWrapper( 482): at com.android.server.wm.WindowManagerService$H.handleMessage(WindowManagerService.java:7155)
W/KeyguardServiceWrapper( 482): at android.os.Handler.dispatchMessage(Handler.java:102)
W/KeyguardServiceWrapper( 482): at android.os.Looper.loop(Looper.java:136)
W/KeyguardServiceWrapper( 482): at android.os.HandlerThread.run(HandlerThread.java:61)
D/ConnectivityService( 482): ConnectivityChange for mobile: CONNECTED/CONNECTED
D/ConnectivityService( 482): ConnectivityChange checkMobileProvisioning for TYPE_MOBILE or ProvisioningNetwork
D/ConnectivityService( 482): checkMobileProvisioning: E suggestedTimeOutMs=60000
D/ConnectivityService( 482): setProvNotificationVisible: E visible=false networkType=5 extraInfo=null url=null
W/InputDispatcher( 482): channel 'b2f4cba8 SearchPanel (server)' ~ Consumer closed input channel or an error occurred. events=0x9
E/InputDispatcher( 482): channel 'b2f4cba8 SearchPanel (server)' ~ Channel is unrecoverably broken and will be disposed!
W/InputDispatcher( 482): channel 'b3046a78 StatusBar (server)' ~ Consumer closed input channel or an error occurred. events=0x9
E/InputDispatcher( 482): channel 'b3046a78 StatusBar (server)' ~ Channel is unrecoverably broken and will be disposed!
W/InputDispatcher( 482): channel 'b2fd0f68 NavigationBar (server)' ~ Consumer closed input channel or an error occurred. events=0x9
E/InputDispatcher( 482): channel 'b2fd0f68 NavigationBar (server)' ~ Channel is unrecoverably broken and will be disposed!
W/InputDispatcher( 482): channel 'b2fde998 Keyguard (server)' ~ Consumer closed input channel or an error occurred. events=0x9
E/InputDispatcher( 482): channel 'b2fde998 Keyguard (server)' ~ Channel is unrecoverably broken and will be disposed!
W/ActivityManager( 482): Scheduling restart of crashed service com.android.systemui/.ImageWallpaper in 0ms
I/StatusBarManagerService( 482): binder died for pkg=com.android.keyguard
W/ActivityManager( 482): Scheduling restart of crashed service com.android.keyguard/.KeyguardService in 0ms
V/KeyguardServiceDelegate( 482): *** Keyguard disconnected (boo!)
W/ActivityManager( 482): Scheduling restart of crashed service com.android.systemui/.SystemUIService in 0ms
I/WindowState( 482): WIN DEATH: Window{b2f4cba8 u0 SearchPanel}
W/InputDispatcher( 482): Attempted to unregister already unregistered input channel 'b2f4cba8 SearchPanel (server)'
D/ConnectivityService( 482): checkMobileProvisioning: params={ url=http://clients3.google.com/generate_204 mTimeOutMs=60000 mCb=com.android.server.ConnectivityService$5@b3015040}
W/WallpaperService( 482): Wallpaper service gone: ComponentInfo{com.android.systemui/com.android.systemui.ImageWallpaper}
I/WindowState( 482): WIN DEATH: Window{b3046a78 u0 StatusBar}
W/InputDispatcher( 482): Attempted to unregister already unregistered input channel 'b3046a78 StatusBar (server)'
W/InputDispatcher( 482): Attempted to unregister already unregistered input channel 'b2fd0f68 NavigationBar (server)'
I/WindowState( 482): WIN DEATH: Window{b2fd0f68 u0 NavigationBar}
W/InputDispatcher( 482): Attempted to unregister already unregistered input channel 'b2fde998 Keyguard (server)'
V/WindowManager( 482): Removing keyguard window (Did it crash?)
I/WindowState( 482): WIN DEATH: Window{b2fde998 u0 Keyguard}
I/ActivityManager( 482): Start proc com.android.systemui for restart com.android.systemui: pid=846 uid=10007 gids={50007, 1028, 1015, 1035, 3002, 3001}
D/ConnectivityService( 482): checkMobileProvisioning: X
I/Choreographer( 482): Skipped 51 frames! The application may be doing too much work on its main thread.
I/Choreographer( 482): Skipped 40 frames! The application may be doing too much work on its main thread.
D/dalvikvm( 482): GC_CONCURRENT freed 600K, 20% free 5465K/6768K, paused 120ms+35ms, total 1131ms
D/dalvikvm( 482): WAIT_FOR_CONCURRENT_GC blocked 481ms
D/dalvikvm( 482): WAIT_FOR_CONCURRENT_GC blocked 96ms
D/dalvikvm( 482): WAIT_FOR_CONCURRENT_GC blocked 106ms
D/Nat464Xlat( 482): requiresClat: netType=0, hasIPv4Address=true
D/MobileDataStateTracker( 482): default: setPolicyDataEnable(enabled=true)
D/dalvikvm( 482): GC_EXPLICIT freed 306K, 21% free 5379K/6768K, paused 40ms+44ms, total 710ms
D/MobileDataStateTracker( 482): default: isProvisioningNetwork: retVal=false
D/ConnectivityService( 482): [CheckMp] isMobileOk: isDefaultProvisioning=false
D/MobileDataStateTracker( 482): hipri: isProvisioningNetwork: retVal=false
D/ConnectivityService( 482): [CheckMp] isMobileOk: isHipriProvisioning=false
D/ConnectivityService( 482): [CheckMp] isMobileOk: start hipri url=http://clients3.google.com/generate_204
D/Tethering( 482): MasterInitialState.processMessage what=3
D/CaptivePortalTracker( 482): NoActiveNetworkState{ when=-17ms what=1 obj=NetworkInfo: type: mobile[UMTS], state: CONNECTED/CONNECTED, reason: connected, extra: epc.tmobile.com, roaming: false, failover: false, isAvailable: true, isConnectedToProvisioningNetwork: false target=com.android.internal.util.StateMachine$SmHandler }
D/CaptivePortalTracker( 482): NoActiveNetworkState not a wifi connectivity change, ignore
W/BroadcastQueue( 482): Timeout of broadcast BroadcastRecord{b2f16940 u-1 android.intent.action.MEDIA_MOUNTED} - receiver=android.os.BinderProxy@b2f37948, started 60003ms ago
W/BroadcastQueue( 482): Receiver during timeout: ResolveInfo{b2f756c0 com.android.providers.downloads/.DownloadReceiver m=0x208000}
D/dalvikvm( 58): WAIT_FOR_CONCURRENT_GC blocked 1ms
I/ActivityManager( 482): Start proc com.android.externalstorage for broadcast com.android.externalstorage/.MountReceiver: pid=883 uid=10006 gids={50006, 1028, 1015, 1023}
D/dalvikvm( 58): GC_EXPLICIT freed 38K, 5% free 2705K/2828K, paused 10ms+6ms, total 260ms
E/NetdConnector( 482): NDC Command {12 bandwidth setiquota eth0 9223372036854775807} took too long (3159ms)
D/dalvikvm( 58): GC_EXPLICIT freed <1K, 5% free 2705K/2828K, paused 8ms+16ms, total 142ms
D/dalvikvm( 58): GC_EXPLICIT freed <1K, 5% free 2705K/2828K, paused 16ms+5ms, total 145ms
W/ProcessCpuTracker( 482): Skipping unknown process pid 882
E/SoundPool( 846): error loading /system/media/audio/ui/Lock.ogg
W/KeyguardViewMediator( 846): failed to load lock sound from /system/media/audio/ui/Lock.ogg
E/SoundPool( 846): error loading /system/media/audio/ui/Unlock.ogg
W/KeyguardViewMediator( 846): failed to load unlock sound from /system/media/audio/ui/Unlock.ogg
V/KeyguardService( 846): onCreate()
D/MobileDataStateTracker( 482): default: setPolicyDataEnable(enabled=true)
I/Process ( 482): Sending signal. PID: 601 SIG: 3
I/Process ( 482): Sending signal. PID: 482 SIG: 3
I/dalvikvm( 482): threadid=3: reacting to signal 3
D/dalvikvm( 688): GC_CONCURRENT freed 279K, 10% free 3272K/3636K, paused 19ms+16ms, total 285ms
I/Process ( 482): Sending signal. PID: 846 SIG: 3
I/dalvikvm( 846): threadid=3: reacting to signal 3
I/dalvikvm( 482): Wrote stack traces to '/data/anr/traces.txt'
I/Process ( 482): Sending signal. PID: 677 SIG: 3
I/dalvikvm( 677): threadid=3: reacting to signal 3
E/NetdConnector( 482): NDC Command {13 bandwidth setglobalalert 2097152} took too long (1385ms)
I/dalvikvm( 846): Wrote stack traces to '/data/anr/traces.txt'
V/KeyguardServiceDelegate( 482): *** Keyguard connected (yay!)
D/SystemUIService( 846): loading: class com.android.systemui.recent.Recents
D/SystemUIService( 846): running: com.android.systemui.recent.Recents@b2d7fca8
D/SystemUIService( 846): loading: class com.android.systemui.statusbar.SystemBars
D/SystemUIService( 846): running: com.android.systemui.statusbar.SystemBars@b2d80290
D/SystemUIService( 846): loading: class com.android.systemui.usb.StorageNotification
D/SystemUIService( 846): running: com.android.systemui.usb.StorageNotification@b2d82030
D/SystemUIService( 846): loading: class com.android.systemui.power.PowerUI
D/SystemUIService( 846): running: com.android.systemui.power.PowerUI@b2d83958
D/SystemUIService( 846): loading: class com.android.systemui.media.RingtonePlayer
D/SystemUIService( 846): running: com.android.systemui.media.RingtonePlayer@b2d84778
D/SystemUIService( 846): loading: class com.android.systemui.settings.SettingsUI
D/SystemUIService( 846): running: com.android.systemui.settings.SettingsUI@b2d85a60
D/dalvikvm( 846): GC_CONCURRENT freed 317K, 13% free 2800K/3200K, paused 38ms+103ms, total 468ms
D/dalvikvm( 846): GC_FOR_ALLOC freed 4K, 13% free 2796K/3200K, paused 84ms, total 85ms
I/dalvikvm-heap( 846): Grow heap (frag case) to 5.740MB for 3072016-byte allocation
D/dalvikvm( 846): GC_CONCURRENT freed <1K, 7% free 5796K/6204K, paused 5ms+5ms, total 187ms
D/dalvikvm( 846): WAIT_FOR_CONCURRENT_GC blocked 133ms
D/dalvikvm( 482): GC_CONCURRENT freed 484K, 13% free 5452K/6204K, paused 37ms+40ms, total 445ms
I/dalvikvm( 677): Wrote stack traces to '/data/anr/traces.txt'
D/ConnectivityService( 482): startUsingNetworkFeature reconnecting to 0: enableHIPRI
D/dalvikvm( 846): GC_FOR_ALLOC freed 3001K, 13% free 2799K/3200K, paused 122ms, total 123ms
I/dalvikvm-heap( 846): Grow heap (frag case) to 5.742MB for 3072016-byte allocation
D/dalvikvm( 846): GC_CONCURRENT freed <1K, 7% free 5798K/6204K, paused 94ms+7ms, total 597ms
D/dalvikvm( 482): GC_FOR_ALLOC freed 29K, 13% free 5431K/6204K, paused 687ms, total 693ms
I/dalvikvm-heap( 482): Grow heap (frag case) to 5.430MB for 40836-byte allocation
D/dalvikvm( 482): GC_FOR_ALLOC freed <1K, 13% free 5471K/6244K, paused 224ms, total 224ms
D/gralloc_goldfish( 846): Emulator without GPU emulation detected.
I/Choreographer( 482): Skipped 83 frames! The application may be doing too much work on its main thread.
I/Choreographer( 482): Skipped 63 frames! The application may be doing too much work on its main thread.
I/Choreographer( 482): Skipped 48 frames! The application may be doing too much work on its main thread.
I/Choreographer( 482): Skipped 37 frames! The application may be doing too much work on its main thread.
I/Choreographer( 482): Skipped 99 frames! The application may be doing too much work on its main thread.
I/StatusBarManagerService( 482): registerStatusBar bar=com.android.internal.statusbar.IStatusBar$Stub$Proxy@b2f6ee58
D/PhoneStatusBar( 846): mSettingsPanelGravity = 55
V/PhoneStatusBar/NavigationBarView( 846): touchEnabled:false
E/BluetoothAdapter( 846): Bluetooth binder is null
E/BluetoothAdapter( 846): Bluetooth binder is null
E/BluetoothAdapter( 846): Bluetooth binder is null
D/dalvikvm( 846): GC_CONCURRENT freed 3142K, 48% free 3595K/6816K, paused 15ms+10ms, total 175ms
E/BluetoothAdapter( 846): Bluetooth binder is null
D/ConnectivityService( 482): startUsingNetworkFeature X: return APN_REQUEST_STARTED
E/ConnectivityService( 482): startUsingNetworkFeature took too long: 10413ms
D/ConnectivityService( 482): [CheckMp] isMobileOk: hipri started
D/ConnectivityService( 482): [CheckMp] isMobileOk: not connected ni=NetworkInfo: type: mobile_hipri[UMTS], state: DISCONNECTED/IDLE, reason: (unspecified), extra: (none), roaming: false, failover: false, isAvailable: true, isConnectedToProvisioningNetwork: false
D/PhoneStatusBar( 846): disable: < EXPAND* icons alerts ticker system_info BACK* HOME* RECENT* clock SEARCH* > D/dalvikvm( 846): GC_CONCURRENT freed 125K, 42% free 3968K/6816K, paused 9ms+59ms, total 283ms
E/BluetoothAdapter( 846): Bluetooth binder is null
D/PhoneStatusBar( 846): heads up is disabled
V/KeyguardHostView( 846): Initial transport state: 1, pbstate=0
D/dalvikvm( 482): GC_CONCURRENT freed 611K, 12% free 5557K/6260K, paused 114ms+14ms, total 433ms
D/dalvikvm( 482): WAIT_FOR_CONCURRENT_GC blocked 123ms
D/dalvikvm( 482): WAIT_FOR_CONCURRENT_GC blocked 83ms
W/ProcessCpuTracker( 482): Skipping unknown process pid 911
D/dalvikvm( 482): GC_EXPLICIT freed 93K, 12% free 5543K/6260K, paused 13ms+16ms, total 375ms
D/dalvikvm( 846): GC_CONCURRENT freed 328K, 40% free 4122K/6816K, paused 29ms+31ms, total 279ms
D/dalvikvm( 846): WAIT_FOR_CONCURRENT_GC blocked 105ms
D/ConnectivityService( 482): [CheckMp] isMobileOk: not connected ni=NetworkInfo: type: mobile_hipri[UMTS], state: DISCONNECTED/IDLE, reason: (unspecified), extra: (none), roaming: false, failover: false, isAvailable: true, isConnectedToProvisioningNetwork: false
D/dalvikvm( 846): GC_CONCURRENT freed 194K, 35% free 4436K/6816K, paused 18ms+9ms, total 167ms
I/Process ( 482): Sending signal. PID: 745 SIG: 3
I/dalvikvm( 745): threadid=3: reacting to signal 3
D/ConnectivityService( 482): [CheckMp] isMobileOk: not connected ni=NetworkInfo: type: mobile_hipri[UMTS], state: DISCONNECTED/IDLE, reason: (unspecified), extra: (none), roaming: false, failover: false, isAvailable: true, isConnectedToProvisioningNetwork: false
D/dalvikvm( 846): GC_CONCURRENT freed 633K, 36% free 4380K/6816K, paused 34ms+8ms, total 441ms
D/dalvikvm( 846): WAIT_FOR_CONCURRENT_GC blocked 175ms
E/ActivityManager( 482): ANR in android.process.media
E/ActivityManager( 482): PID: 601
E/ActivityManager( 482): Reason: Broadcast of Intent { act=android.intent.action.MEDIA_MOUNTED dat=file:///storage/sdcard flg=0x10 cmp=com.android.providers.downloads/.DownloadReceiver (has extras) }
E/ActivityManager( 482): Load: 9.89 / 3.77 / 1.4
E/ActivityManager( 482): CPU usage from 0ms to 14021ms later:
E/ActivityManager( 482): 36% 846/com.android.systemui: 28% user + 8.1% kernel / faults: 6397 minor
E/ActivityManager( 482): 27% 482/system_server: 19% user + 8.2% kernel / faults: 668 minor
E/ActivityManager( 482): 2.3% 55/debuggerd: 1.3% user + 0.9% kernel / faults: 854 minor
E/ActivityManager( 482): 5% 688/com.android.launcher: 4.1% user + 0.9% kernel / faults: 869 minor
E/ActivityManager( 482): 3.9% 677/com.android.phone: 2.5% user + 1.4% kernel / faults: 81 minor
E/ActivityManager( 482): 3.8% 67/adbd: 0.2% user + 3.5% kernel / faults: 124 minor
E/ActivityManager( 482): 3.1% 57/surfaceflinger: 2.6% user + 0.5% kernel / faults: 482 minor
E/ActivityManager( 482): 1.6% 883/zygote: 0.5% user + 1.1% kernel / faults: 2011 minor 1 major
E/ActivityManager( 482): 1.4% 601/android.process.media: 0.9% user + 0.5% kernel / faults: 278 minor 2 major
E/ActivityManager( 482): 1% 241/logcat: 0.5% user + 0.5% kernel
E/ActivityManager( 482): 0.9% 239/logcat: 0.5% user + 0.4% kernel
E/ActivityManager( 482): 0.8% 745/android.process.acore: 0.3% user + 0.4% kernel / faults: 133 minor 25 major
E/ActivityManager( 482): 0.7% 58/zygote: 0.6% user + 0% kernel / faults: 42 minor
E/ActivityManager( 482): 0.2% 4/kworker/0:0: 0% user + 0.2% kernel
E/ActivityManager( 482): 0.2% 25/mtdblock0: 0% user + 0.2% kernel
E/ActivityManager( 482): 0.2% 26/mtdblock1: 0% user + 0.2% kernel
E/ActivityManager( 482): 0.1% 51/servicemanager: 0% user + 0% kernel
E/ActivityManager( 482): 0% 1//init: 0% user + 0% kernel
E/ActivityManager( 482): 0% 42/jbd2/mtdblock1-: 0% user + 0% kernel
E/ActivityManager( 482): 0% 54/netd: 0% user + 0% kernel / faults: 1 minor
E/ActivityManager( 482): 0% 56/rild: 0% user + 0% kernel
E/ActivityManager( 482): 0% 594/sdcard: 0% user + 0% kernel / faults: 6 minor
E/ActivityManager( 482): 100% TOTAL: 68% user + 31% kernel + 0.2% softirq
E/ActivityManager( 482): CPU usage from 12667ms to 13470ms later:
E/ActivityManager( 482): 50% 846/com.android.systemui: 42% user + 7.8% kernel / faults: 201 minor
E/ActivityManager( 482): 35% 846/ndroid.systemui: 31% user + 3.9% kernel
E/ActivityManager( 482): 9.2% 850/GC: 9.2% user + 0% kernel
E/ActivityManager( 482): 5.2% 853/Compiler: 2.6% user + 2.6% kernel
E/ActivityManager( 482): 36% 482/system_server: 22% user + 13% kernel / faults: 21 minor
E/ActivityManager( 482): 16% 497/ActivityManager: 5.5% user + 11% kernel
E/ActivityManager( 482): 4.1% 708/Binder_4: 1.3% user + 2.7% kernel
E/ActivityManager( 482): 2.7% 493/Binder_1: 2.7% user + 0% kernel
E/ActivityManager( 482): 2.7% 494/Binder_2: 2.7% user + 0% kernel
E/ActivityManager( 482): 2.7% 716/Binder_6: 1.3% user + 1.3% kernel
E/ActivityManager( 482): 2.7% 730/Binder_7: 2.7% user + 0% kernel
E/ActivityManager( 482): 2.7% 844/Binder_A: 2.7% user + 0% kernel
E/ActivityManager( 482): 1.3% 552/Binder_3: 1.3% user + 0% kernel
E/ActivityManager( 482): 1.3% 792/Binder_9: 1.3% user + 0% kernel
E/ActivityManager( 482): 2.5% 67/adbd: 0% user + 2.5% kernel
E/ActivityManager( 482): 1.2% 199/adbd: 0% user + 1.2% kernel
E/ActivityManager( 482): 1.3% 241/logcat: 0% user + 1.3% kernel
E/ActivityManager( 482): 1.4% 601/android.process.media: 1.4% user + 0% kernel / faults: 1 minor
E/ActivityManager( 482): 1.4% 922/d.process.media: 1.4% user + 0% kernel
E/ActivityManager( 482): 1.3% 677/com.android.phone: 0% user + 1.3% kernel
E/ActivityManager( 482): 1.3% 677/m.android.phone: 0% user + 1.3% kernel
E/ActivityManager( 482): 0.5% 745/android.process.acore: 0.5% user + 0% kernel / faults: 37 minor 3 major
E/ActivityManager( 482): 0.5% 785/ContactsProvide: 0.5% user + 0% kernel
E/ActivityManager( 482): 1.2% 883/com.android.externalstorage: 1.2% user + 0% kernel / faults: 72 minor
E/ActivityManager( 482): 1.2% 883/externalstorage: 1.2% user + 0% kernel
E/ActivityManager( 482): 100% TOTAL: 71% user + 27% kernel + 1.2% softirq
I/ActivityManager( 482): Killing 601:android.process.media/u0a5 (adj 0): background ANR
D/dalvikvm( 482): GC_FOR_ALLOC freed 601K, 14% free 5434K/6260K, paused 186ms, total 189ms
I/dalvikvm-heap( 482): Grow heap (frag case) to 5.530MB for 141983-byte allocation
D/dalvikvm( 482): GC_FOR_ALLOC freed <1K, 13% free 5573K/6400K, paused 164ms, total 165ms
D/dalvikvm( 482): GC_FOR_ALLOC freed 11K, 14% free 5561K/6400K, paused 129ms, total 130ms
I/dalvikvm-heap( 482): Grow heap (frag case) to 5.790MB for 283948-byte allocation
D/dalvikvm( 482): GC_FOR_ALLOC freed <1K, 13% free 5838K/6680K, paused 170ms, total 170ms
D/MobileDataStateTracker( 482): hipri: Broadcast received: android.intent.action.ANY_DATA_STATE apnType=hipri
D/MobileDataStateTracker( 482): hipri: Received state=CONNECTING, old=DISCONNECTED, reason=dataEnabled
D/MobileDataStateTracker( 482): hipri: setDetailed state, old =IDLE and new state=CONNECTING
D/MobileDataStateTracker( 482): fota: Broadcast received: android.intent.action.ANY_DATA_STATE apnType=fota
D/MobileDataStateTracker( 482): fota: Received state=DISCONNECTED, old=DISCONNECTED, reason=dataEnabled
D/MobileDataStateTracker( 482): ia: Broadcast received: android.intent.action.ANY_DATA_STATE apnType=ia
D/MobileDataStateTracker( 482): ia: Received state=DISCONNECTED, old=DISCONNECTED, reason=dataEnabled
D/MobileDataStateTracker( 482): supl: Broadcast received: android.intent.action.ANY_DATA_STATE apnType=supl
D/MobileDataStateTracker( 482): supl: Received state=DISCONNECTED, old=DISCONNECTED, reason=dataEnabled
D/MobileDataStateTracker( 482): ims: Broadcast received: android.intent.action.ANY_DATA_STATE apnType=ims
D/MobileDataStateTracker( 482): ims: Received state=DISCONNECTED, old=DISCONNECTED, reason=dataEnabled
D/MobileDataStateTracker( 482): mms: Broadcast received: android.intent.action.ANY_DATA_STATE apnType=mms
D/MobileDataStateTracker( 482): mms: Received state=DISCONNECTED, old=DISCONNECTED, reason=dataEnabled
D/MobileDataStateTracker( 482): cbs: Broadcast received: android.intent.action.ANY_DATA_STATE apnType=cbs
D/MobileDataStateTracker( 482): cbs: Received state=DISCONNECTED, old=DISCONNECTED, reason=dataEnabled
D/MobileDataStateTracker( 482): hipri: Broadcast received: android.intent.action.ANY_DATA_STATE apnType=hipri
D/MobileDataStateTracker( 482): hipri: Received state=CONNECTED, old=CONNECTING, reason=dataEnabled
D/MobileDataStateTracker( 482): hipri: setDetailed state, old =CONNECTING and new state=CONNECTED
D/ConnectivityService( 482): ConnectivityChange for mobile_hipri: CONNECTED/CONNECTED
I/dalvikvm( 745): Wrote stack traces to '/data/anr/traces.txt'
D/dalvikvm( 677): GC_CONCURRENT freed 407K, 16% free 3246K/3832K, paused 108ms+98ms, total 674ms
D/dalvikvm( 482): GC_FOR_ALLOC freed 284K, 15% free 5705K/6680K, paused 169ms, total 174ms
I/dalvikvm-heap( 482): Grow heap (frag case) to 5.933MB for 287468-byte allocation
D/dalvikvm( 482): GC_FOR_ALLOC freed 3K, 15% free 5982K/6964K, paused 148ms, total 148ms
D/dalvikvm( 482): GC_FOR_ALLOC freed 283K, 19% free 5707K/6964K, paused 130ms, total 130ms
E/NetdConnector( 482): NDC Command {15 resolver setifdns eth0 10.0.2.3 10.0.2.4 10.0.2.5} took too long (633ms)
E/logwrapper( 929): executing /system/bin/ip failed: No such file or directory
E/ConnectivityService( 482): Exception trying to add a route: java.lang.IllegalStateException: command '18 interface fwmark exempt add 10.0.2.2/32' failed with '400 18 Failed to add exemption rule (File exists)'
E/logwrapper( 930): executing /system/bin/ip failed: No such file or directory
E/ConnectivityService( 482): Exception trying to add a route: java.lang.IllegalStateException: command '20 interface fwmark exempt add 10.0.2.3/32' failed with '400 20 Failed to add exemption rule (File exists)'
E/logwrapper( 931): executing /system/bin/ip failed: No such file or directory
E/ConnectivityService( 482): Exception trying to add a route: java.lang.IllegalStateException: command '22 interface fwmark exempt add 10.0.2.2/32' failed with '400 22 Failed to add exemption rule (File exists)'
E/logwrapper( 932): executing /system/bin/ip failed: No such file or directory
E/ConnectivityService( 482): Exception trying to add a route: java.lang.IllegalStateException: command '24 interface fwmark exempt add 10.0.2.4/32' failed with '400 24 Failed to add exemption rule (File exists)'
E/logwrapper( 935): executing /system/bin/ip failed: No such file or directory
E/ConnectivityService( 482): Exception trying to add a route: java.lang.IllegalStateException: command '26 interface fwmark exempt add 10.0.2.2/32' failed with '400 26 Failed to add exemption rule (File exists)'
E/logwrapper( 938): executing /system/bin/ip failed: No such file or directory
E/ConnectivityService( 482): Exception trying to add a route: java.lang.IllegalStateException: command '28 interface fwmark exempt add 10.0.2.5/32' failed with '400 28 Failed to add exemption rule (File exists)'
D/ExternalStorage( 883): Missing UUID for /storage/sdcard; skipping
D/dalvikvm( 482): GC_CONCURRENT freed 475K, 15% free 5976K/6964K, paused 38ms+94ms, total 1108ms
E/logwrapper( 939): executing /system/bin/ip failed: No such file or directory
E/SecondaryTablController( 54): ip route add failed: /system/bin/ip route add 10.0.2.2/32 via 0.0.0.0 dev eth0 table 60
W/FrameworkListener( 54): Handler 'interface' error (No such device)
E/ConnectivityService( 482): Exception trying to add a route: java.lang.IllegalStateException: command '29 interface route add eth0 secondary 10.0.2.2 32 0.0.0.0' failed with '400 29 ip route modification failed (No such device)'
E/logwrapper( 940): executing /system/bin/ip failed: No such file or directory
E/SecondaryTablController( 54): ip route add failed: /system/bin/ip route add 0.0.0.0/0 via 10.0.2.2 dev eth0 table 60
W/FrameworkListener( 54): Handler 'interface' error (No such device)
E/ConnectivityService( 482): Exception trying to add a route: java.lang.IllegalStateException: command '30 interface route add eth0 secondary 0.0.0.0 0 10.0.2.2' failed with '400 30 ip route modification failed (No such device)'
D/Nat464Xlat( 482): requiresClat: netType=5, hasIPv4Address=true
D/MobileDataStateTracker( 482): default: setPolicyDataEnable(enabled=true)
W/NetworkPolicy( 482): shared quota unsupported; generating rule for each iface
D/dalvikvm( 846): GC_FOR_ALLOC freed 468K, 38% free 4291K/6816K, paused 430ms, total 432ms
I/dalvikvm-heap( 846): Grow heap (frag case) to 7.199MB for 3072016-byte allocation
D/dalvikvm( 846): GC_CONCURRENT freed 1K, 26% free 7289K/9820K, paused 6ms+8ms, total 295ms
D/MobileDataStateTracker( 482): hipri: isProvisioningNetwork: retVal=false
D/ConnectivityService( 482): [CheckMp] isMobileOk: isProvisioningNetwork is false, continue
E/NetdConnector( 482): NDC Command {31 bandwidth removeiquota eth0} took too long (1195ms)
E/NetdConnector( 482): NDC Command {32 bandwidth gettetherstats} took too long (1275ms)
D/dalvikvm( 482): GC_FOR_ALLOC freed 637K, 21% free 5557K/6964K, paused 238ms, total 249ms
V/KeyguardTouchDelegate( 846): Connected to keyguard
I/Choreographer( 846): Skipped 7139 frames! The application may be doing too much work on its main thread.
D/ExternalStorage( 883): After updating volumes, found 0 active roots
W/ProcessCpuTracker( 482): Skipping unknown process pid 962
W/ProcessCpuTracker( 482): Skipping unknown process pid 965
D/Tethering( 482): MasterInitialState.processMessage what=3
D/CaptivePortalTracker( 482): NoActiveNetworkState{ when=-17ms what=1 obj=NetworkInfo: type: mobile_hipri[UMTS], state: CONNECTED/CONNECTED, reason: dataEnabled, extra: epc.tmobile.com, roaming: false, failover: false, isAvailable: true, isConnectedToProvisioningNetwork: false target=com.android.internal.util.StateMachine$SmHandler }
D/CaptivePortalTracker( 482): NoActiveNetworkState not a wifi connectivity change, ignore
E/NetdConnector( 482): NDC Command {33 bandwidth setiquota eth0 9223372036854775807} took too long (2582ms)
D/Launcher.Model( 688): Reload apps on config change. curr_mcc:310 prevmcc:0
I/Choreographer( 688): Skipped 15184 frames! The application may be doing too much work on its main thread.
E/NetdConnector( 482): NDC Command {34 bandwidth removeiquota eth0} took too long (1138ms)
I/ActivityManager( 482): Waited long enough for: ServiceRecord{b30231d0 u0 com.android.providers.downloads/.DownloadService}
I/Choreographer( 688): Skipped 116 frames! The application may be doing too much work on its main thread.
D/gralloc_goldfish( 688): Emulator without GPU emulation detected.
I/Choreographer( 482): Skipped 73 frames! The application may be doing too much work on its main thread.
I/ActivityManager( 482): Displayed com.android.launcher/com.android.launcher2.Launcher: +1m14s310ms
E/NetdConnector( 482): NDC Command {35 bandwidth setiquota eth0 9223372036854775807} took too long (2496ms)
V/KeyguardHostView( 846): music state changed: 0
D/MobileDataStateTracker( 482): default: setPolicyDataEnable(enabled=true)
D/ExternalStorage( 883): Missing UUID for /storage/sdcard; skipping
D/ExternalStorage( 883): After updating volumes, found 0 active roots
D/ConnectivityService( 482): [CheckMp] isMobileOk: addresses=clients3.google.com/216.58.216.78
D/ConnectivityService( 482): [CheckMp] isMobileOk: linkHasIpv4=true linkHasIpv6=false
D/dalvikvm( 482): GC_CONCURRENT freed 778K, 18% free 5494K/6632K, paused 25ms+12ms, total 607ms
D/dalvikvm( 482): WAIT_FOR_CONCURRENT_GC blocked 39ms
E/NetdConnector( 482): NDC Command {37 interface route add eth0 default 10.0.2.2 32 0.0.0.0} took too long (655ms)
V/KeyguardHostView( 846): Initial transport state: 1, pbstate=0
D/dalvikvm( 846): GC_CONCURRENT freed 1258K, 23% free 7558K/9816K, paused 51ms+11ms, total 213ms
D/dalvikvm( 846): WAIT_FOR_CONCURRENT_GC blocked 42ms
V/KeyguardHostView( 846): music state changed: 0
D/dalvikvm( 482): GC_CONCURRENT freed 610K, 17% free 5541K/6632K, paused 12ms+25ms, total 312ms
I/Choreographer( 846): Skipped 5521 frames! The application may be doing too much work on its main thread.
I/Choreographer( 482): Skipped 32 frames! The application may be doing too much work on its main thread.
I/Choreographer( 482): Skipped 121 frames! The application may be doing too much work on its main thread.
W/View ( 846): requestLayout() improperly called by android.widget.TextClock{b2e1dba8 V.ED.... ......ID 54,0-200,36 #7f0a0047 app:id/clock_view} during layout: running second layout pass
W/View ( 846): requestLayout() improperly called by android.widget.TextClock{b2e1e1e0 V.ED.... ......ID 69,0-185,0 #7f0a004c app:id/date_view} during layout: running second layout pass
V/KeyguardServiceDelegate( 482): **** SHOWN CALLED ****
I/Choreographer( 482): Skipped 46 frames! The application may be doing too much work on its main thread.
I/Choreographer( 482): Skipped 73 frames! The application may be doing too much work on its main thread.
I/Choreographer( 846): Skipped 963 frames! The application may be doing too much work on its main thread.
D/PhoneStatusBar( 846): disable: < expand* icons alerts ticker system_info BACK HOME RECENT CLOCK* SEARCH > I/Choreographer( 846): Skipped 507 frames! The application may be doing too much work on its main thread.
I/Choreographer( 846): Skipped 239 frames! The application may be doing too much work on its main thread.
I/Choreographer( 846): Skipped 69 frames! The application may be doing too much work on its main thread.
D/dalvikvm( 482): GC_CONCURRENT freed 597K, 15% free 5652K/6632K, paused 19ms+12ms, total 371ms
E/logwrapper( 1012): executing /system/bin/ip failed: No such file or directory
E/NetdConnector( 482): NDC Command {38 interface fwmark exempt add 10.0.2.2/32} took too long (3346ms)
E/ConnectivityService( 482): Exception trying to add a route: java.lang.IllegalStateException: command '38 interface fwmark exempt add 10.0.2.2/32' failed with '400 38 Failed to add exemption rule (File exists)'
E/logwrapper( 1013): executing /system/bin/ip failed: No such file or directory
I/Choreographer( 688): Skipped 131 frames! The application may be doing too much work on its main thread.
D/dalvikvm( 688): GC_CONCURRENT freed 249K, 9% free 3421K/3756K, paused 17ms+25ms, total 157ms
D/dalvikvm( 688): GC_FOR_ALLOC freed 139K, 12% free 3521K/3984K, paused 54ms, total 55ms
I/dalvikvm-heap( 688): Grow heap (frag case) to 3.737MB for 230416-byte allocation
D/dalvikvm( 688): GC_FOR_ALLOC freed <1K, 12% free 3746K/4212K, paused 51ms, total 51ms
D/dalvikvm( 688): GC_FOR_ALLOC freed <1K, 12% free 3747K/4212K, paused 49ms, total 50ms
I/dalvikvm-heap( 688): Grow heap (frag case) to 3.958MB for 230416-byte allocation
D/dalvikvm( 688): GC_FOR_ALLOC freed <1K, 11% free 3971K/4440K, paused 51ms, total 51ms
I/Choreographer( 688): Skipped 458 frames! The application may be doing too much work on its main thread.
I/Choreographer( 688): Skipped 97 frames! The application may be doing too much work on its main thread.
E/NetdConnector( 482): NDC Command {40 interface fwmark exempt add 216.58.216.78/32} took too long (1818ms)
E/ConnectivityService( 482): Exception trying to add a route: java.lang.IllegalStateException: command '40 interface fwmark exempt add 216.58.216.78/32' failed with '400 40 Failed to add exemption rule (File exists)'
D/ConnectivityService( 482): requestRouteToHostAddress ok=false
D/ConnectivityService( 482): [CheckMp] isMobileOk: could not establish route to hostAddr=clients3.google.com/216.58.216.78
W/ActivityManager( 482): Scheduling restart of crashed service com.android.providers.downloads/.DownloadService in 51936ms
D/dalvikvm( 688): GC_CONCURRENT freed 180K, 8% free 4185K/4540K, paused 9ms+52ms, total 120ms
D/GpsLocationProvider( 482): NTP server returned: 1442381468818 (Wed Sep 16 01:31:08 EDT 2015) reference: 176489 certainty: 23 system time offset: -6234
I/ContactLocale( 745): AddressBook Labels [en_US]: [, A, B, C, D, E, F, G, H, I, J, K, L, M, N, O, P, Q, R, S, T, U, V, W, X, Y, Z, Α, Β, Γ, Δ, Ε, Ζ, Η, Θ, Ι, Κ, Λ, Μ, Ν, Ξ, Ο, Π, Ρ, Σ, Τ, Υ, Φ, Χ, Ψ, Ω, , А, Б, В, Г, Д, Е, Є, Ж, З, И, І, Ї, Й, К, Л, М, Н, О, П, Р, С, Т, У, Ф, Х, Ц, Ч, Ш, Щ, Ю, Я, , א, ב, ג, ד, ה, ו, ז, ח, ט, י, כ, ל, מ, נ, ס, ע, פ, צ, ק, ר, ש, ת, , ا, ب, ت, ث, ج, ح, خ, د, ذ, ر, ز, س, ش, ص, ض, ط, ظ, ع, غ, ف, ق, ك, ل, م, ن, ه, و, ي, , ก, ข, ฃ, ค, ฅ, ฆ, ง, จ, ฉ, ช, ซ, ฌ, ญ, ฎ, ฏ, ฐ, ฑ, ฒ, ณ, ด, ต, ถ, ท, ธ, น, บ, ป, ผ, ฝ, พ, ฟ, ภ, ม, ย, ร, ฤ, ล, ฦ, ว, ศ, ษ, ส, ห, ฬ, อ, ฮ, , ㄱ, ㄴ, ㄷ, ㄹ, ㅁ, ㅂ, ㅅ, ㅇ, ㅈ, ㅊ, ㅋ, ㅌ, ㅍ, ㅎ, , あ, か, さ, た, な, は, ま, や, ら, わ, #, ]
E/logwrapper( 1025): executing /system/bin/ip failed: No such file or directory
E/ConnectivityService( 482): Exception trying to add a route: java.lang.IllegalStateException: command '42 interface fwmark exempt add 10.0.2.2/32' failed with '400 42 Failed to add exemption rule (File exists)'
E/logwrapper( 1026): executing /system/bin/ip failed: No such file or directory
E/ConnectivityService( 482): Exception trying to add a route: java.lang.IllegalStateException: command '44 interface fwmark exempt add 216.58.216.78/32' failed with '400 44 Failed to add exemption rule (File exists)'
D/ConnectivityService( 482): requestRouteToHostAddress ok=false
D/ConnectivityService( 482): [CheckMp] isMobileOk: could not establish route to hostAddr=clients3.google.com/216.58.216.78
E/logwrapper( 1031): executing /system/bin/ip failed: No such file or directory
E/ConnectivityService( 482): Exception trying to add a route: java.lang.IllegalStateException: command '46 interface fwmark exempt add 10.0.2.2/32' failed with '400 46 Failed to add exemption rule (File exists)'
E/logwrapper( 1032): executing /system/bin/ip failed: No such file or directory
E/ConnectivityService( 482): Exception trying to add a route: java.lang.IllegalStateException: command '48 interface fwmark exempt add 216.58.216.78/32' failed with '400 48 Failed to add exemption rule (File exists)'
D/ConnectivityService( 482): requestRouteToHostAddress ok=false
D/ConnectivityService( 482): [CheckMp] isMobileOk: could not establish route to hostAddr=clients3.google.com/216.58.216.78
E/logwrapper( 1037): executing /system/bin/ip failed: No such file or directory
E/ConnectivityService( 482): Exception trying to add a route: java.lang.IllegalStateException: command '50 interface fwmark exempt add 10.0.2.2/32' failed with '400 50 Failed to add exemption rule (File exists)'
E/logwrapper( 1038): executing /system/bin/ip failed: No such file or directory
E/ConnectivityService( 482): Exception trying to add a route: java.lang.IllegalStateException: command '52 interface fwmark exempt add 216.58.216.78/32' failed with '400 52 Failed to add exemption rule (File exists)'
D/ConnectivityService( 482): requestRouteToHostAddress ok=false
D/ConnectivityService( 482): [CheckMp] isMobileOk: could not establish route to hostAddr=clients3.google.com/216.58.216.78
D/ConnectivityService( 482): [CheckMp] isMobileOk: too many loops tried - giving up
D/ConnectivityService( 482): [CheckMp] isMobileOk: X loops|timed out result=0
D/ConnectivityService( 482): [CheckMp] isMobileOk: F stop hipri
D/MobileDataStateTracker( 482): default: setEnableFailFastMobileData(enabled=0)
D/ConnectivityService( 482): stopUsingNetworkFeature: teardown net 0: enableHIPRI
D/MobileDataStateTracker( 482): hipri: Broadcast received: android.intent.action.ANY_DATA_STATE apnType=hipri
D/MobileDataStateTracker( 482): hipri: Received state=DISCONNECTED, old=CONNECTED, reason=dataDisabled
D/MobileDataStateTracker( 482): hipri: setDetailed state, old =CONNECTED and new state=DISCONNECTED
D/ConnectivityService( 482): ConnectivityChange for mobile_hipri: DISCONNECTED/DISCONNECTED
E/logwrapper( 1043): executing /system/bin/ip failed: No such file or directory
E/SecondaryTablController( 54): ip route del failed: /system/bin/ip route del 10.0.2.2/32 via 0.0.0.0 dev eth0 table 60
W/FrameworkListener( 54): Handler 'interface' error (No such device)
E/logwrapper( 1046): executing /system/bin/ip failed: No such file or directory
E/SecondaryTablController( 54): ip route del failed: /system/bin/ip route del 0.0.0.0/0 via 10.0.2.2 dev eth0 table 60
W/FrameworkListener( 54): Handler 'interface' error (No such device)
I/ActivityManager( 482): Start proc com.android.settings for broadcast com.android.settings/.widget.SettingsAppWidgetProvider: pid=1044 uid=1000 gids={41000, 1028, 1015, 3002, 3001, 3003}
D/Nat464Xlat( 482): requiresClat: netType=5, hasIPv4Address=true
D/MobileDataStateTracker( 482): default: setPolicyDataEnable(enabled=true)
E/BluetoothAdapter( 1044): Bluetooth binder is null
E/NetdConnector( 482): NDC Command {60 bandwidth removeiquota eth0} took too long (1474ms)
I/ActivityManager( 482): Start proc com.android.music for broadcast com.android.music/.MediaButtonIntentReceiver: pid=1068 uid=10032 gids={50032, 3003, 1028, 1015}
E/NetdConnector( 482): NDC Command {61 bandwidth gettetherstats} took too long (1848ms)
I/Choreographer( 688): Skipped 52 frames! The application may be doing too much work on its main thread.
I/dalvikvm( 1068): CheckJNI enabled: not enabling JNI app bug workarounds.
D/Tethering( 482): MasterInitialState.processMessage what=3
D/CaptivePortalTracker( 482): NoActiveNetworkState{ when=0 what=1 obj=NetworkInfo: type: mobile_hipri[UMTS], state: DISCONNECTED/DISCONNECTED, reason: dataDisabled, extra: epc.tmobile.com, roaming: false, failover: false, isAvailable: true, isConnectedToProvisioningNetwork: false target=com.android.internal.util.StateMachine$SmHandler }
D/CaptivePortalTracker( 482): NoActiveNetworkState not a wifi connectivity change, ignore
D/Tethering( 482): MasterInitialState.processMessage what=3
D/CaptivePortalTracker( 482): NoActiveNetworkState{ when=-4ms what=1 obj=NetworkInfo: type: mobile[UMTS], state: CONNECTED/CONNECTED, reason: connected, extra: epc.tmobile.com, roaming: false, failover: false, isAvailable: true, isConnectedToProvisioningNetwork: false target=com.android.internal.util.StateMachine$SmHandler }
D/CaptivePortalTracker( 482): NoActiveNetworkState not a wifi connectivity change, ignore
W/Binder ( 846): Binder call failed.
W/Binder ( 846): android.os.DeadObjectException
W/Binder ( 846): at android.os.BinderProxy.transact(Native Method)
W/Binder ( 846): at android.content.IIntentReceiver$Stub$Proxy.performReceive(IIntentReceiver.java:124)
W/Binder ( 846): at android.app.ActivityThread$ApplicationThread.scheduleRegisteredReceiver(ActivityThread.java:816)
W/Binder ( 846): at android.app.ApplicationThreadNative.onTransact(ApplicationThreadNative.java:394)
W/Binder ( 846): at android.os.Binder.execTransact(Binder.java:404)
W/Binder ( 846): at dalvik.system.NativeStart.run(Native Method)
E/JavaBinder( 846): *** Uncaught remote exception! (Exceptions are not yet supported across processes.)
E/JavaBinder( 846): java.lang.RuntimeException: android.os.DeadObjectException
E/JavaBinder( 846): at android.os.Parcel.writeException(Parcel.java:1373)
E/JavaBinder( 846): at android.os.Binder.execTransact(Binder.java:410)
E/JavaBinder( 846): at dalvik.system.NativeStart.run(Native Method)
E/JavaBinder( 846): Caused by: android.os.DeadObjectException
E/JavaBinder( 846): at android.os.BinderProxy.transact(Native Method)
E/JavaBinder( 846): at android.content.IIntentReceiver$Stub$Proxy.performReceive(IIntentReceiver.java:124)
E/JavaBinder( 846): at android.app.ActivityThread$ApplicationThread.scheduleRegisteredReceiver(ActivityThread.java:816)
E/JavaBinder( 846): at android.app.ApplicationThreadNative.onTransact(ApplicationThreadNative.java:394)
E/JavaBinder( 846): at android.os.Binder.execTransact(Binder.java:404)
E/JavaBinder( 846): ... 1 more
I/MediaFocusControl( 482): Remote Control registerMediaButtonIntent() for PendingIntent{b3050da8: PendingIntentRecord{b3050d08 com.android.music broadcastIntent}}
V/KeyguardHostView( 846): hide transport, gen:1
V/KeyguardHostView( 846): update widget: transport state changed
I/Choreographer( 846): Skipped 62 frames! The application may be doing too much work on its main thread.
D/ConnectivityService( 482): [CheckMp] isMobileOk: X result=0
D/ConnectivityService( 482): [CheckMp] onPostExecute: result=0
D/ConnectivityService( 482): CheckMp.onComplete: result=0
D/ConnectivityService( 482): CheckMp.onComplete: ignore, connected or no connection
V/KeyguardHostView( 846): hide transport, gen:2
I/ActivityManager( 482): Start proc android.process.media for content provider com.android.providers.media/.MediaProvider: pid=1102 uid=10005 gids={50005, 1028, 1015, 1023, 1024, 2001, 3003, 3007}
E/NetdConnector( 482): NDC Command {62 bandwidth setiquota eth0 9223372036854775807} took too long (3590ms)
W/ProcessCpuTracker( 482): Skipping unknown process pid 1101
D/MobileDataStateTracker( 482): default: setPolicyDataEnable(enabled=true)
E/NetdConnector( 482): NDC Command {63 bandwidth gettetherstats} took too long (2675ms)
E/NetdConnector( 482): NDC Command {64 bandwidth removeiquota eth0} took too long (1744ms)
D/dalvikvm( 482): GC_CONCURRENT freed 770K, 17% free 5507K/6612K, paused 12ms+21ms, total 365ms
E/NetdConnector( 482): NDC Command {65 bandwidth setiquota eth0 9223372036854775807} took too long (1875ms)
D/MobileDataStateTracker( 482): default: setPolicyDataEnable(enabled=true)
D/MobileDataStateTracker( 482): default: setPolicyDataEnable(enabled=true)
I/ActivityManager( 482): Waited long enough for: ServiceRecord{b2f9f7f8 u0 com.android.music/.MediaPlaybackService}
I/Choreographer( 846): Skipped 100 frames! The application may be doing too much work on its main thread.
I/Choreographer( 846): Skipped 114 frames! The application may be doing too much work on its main thread.
I/Choreographer( 846): Skipped 53 frames! The application may be doing too much work on its main thread.
I/Choreographer( 846): Skipped 58 frames! The application may be doing too much work on its main thread.
I/Choreographer( 846): Skipped 56 frames! The application may be doing too much work on its main thread.
I/Choreographer( 846): Skipped 42 frames! The application may be doing too much work on its main thread.
I/Choreographer( 846): Skipped 40 frames! The application may be doing too much work on its main thread.
I/Choreographer( 846): Skipped 249 frames! The application may be doing too much work on its main thread.
W/SoundPool( 846): sample 0 not READY
I/Choreographer( 846): Skipped 80 frames! The application may be doing too much work on its main thread.
I/Choreographer( 482): Skipped 37 frames! The application may be doing too much work on its main thread.
I/Choreographer( 846): Skipped 238 frames! The application may be doing too much work on its main thread.
I/Choreographer( 482): Skipped 59 frames! The application may be doing too much work on its main thread.
