D/PhoneStatusBar( 846): disable: < expand icons alerts ticker system_info back* home* recent* clock* search* > I/Choreographer( 482): Skipped 91 frames! The application may be doing too much work on its main thread.
I/Choreographer( 482): Skipped 208 frames! The application may be doing too much work on its main thread.
I/Choreographer( 482): Skipped 55 frames! The application may be doing too much work on its main thread.
I/Choreographer( 846): Skipped 411 frames! The application may be doing too much work on its main thread.
I/Choreographer( 846): Skipped 345 frames! The application may be doing too much work on its main thread.
I/Choreographer( 846): Skipped 75 frames! The application may be doing too much work on its main thread.
I/Choreographer( 846): Skipped 38 frames! The application may be doing too much work on its main thread.
I/Choreographer( 688): Skipped 31 frames! The application may be doing too much work on its main thread.
W/AudioService( 482): onLoadSoundEffects() called before boot complete
D/dalvikvm( 688): GC_CONCURRENT freed 361K, 10% free 4223K/4668K, paused 20ms+17ms, total 131ms
W/View ( 688): requestLayout() improperly called by com.android.launcher2.PagedViewIcon{b2ef40d8 VFED..CL ......ID 0,0-74,82 #0} during layout: running second layout pass
W/ResourceType( 688): No package identifier when getting name for resource number 0x00000001
W/View ( 688): requestLayout() improperly called by com.android.launcher2.PagedViewIcon{b2ef4d48 VFED..CL ......ID 78,0-152,82 #1} during layout: running second layout pass
W/ResourceType( 688): No package identifier when getting name for resource number 0x00000002
W/View ( 688): requestLayout() improperly called by com.android.launcher2.PagedViewIcon{b2ef5928 VFED..CL ......ID 156,0-230,82 #2} during layout: running second layout pass
W/ResourceType( 688): No package identifier when getting name for resource number 0x00000003
W/View ( 688): requestLayout() improperly called by com.android.launcher2.PagedViewIcon{b2ef6508 VFED..CL ......ID 234,0-308,82 #3} during layout: running second layout pass
W/ResourceType( 688): No package identifier when getting name for resource number 0x00000004
W/View ( 688): requestLayout() improperly called by com.android.launcher2.PagedViewIcon{b2deae60 VFED..CL ......ID 0,84-74,166 #4} during layout: running second layout pass
W/ResourceType( 688): No package identifier when getting name for resource number 0x00000005
W/View ( 688): requestLayout() improperly called by com.android.launcher2.PagedViewIcon{b2ef3ce0 VFED..CL ......ID 78,84-152,166 #5} during layout: running second layout pass
W/ResourceType( 688): No package identifier when getting name for resource number 0x00000006
W/View ( 688): requestLayout() improperly called by com.android.launcher2.PagedViewIcon{b2d93440 VFED..CL ......ID 156,84-230,166 #6} during layout: running second layout pass
W/ResourceType( 688): No package identifier when getting name for resource number 0x00000007
W/View ( 688): requestLayout() improperly called by com.android.launcher2.PagedViewIcon{b2dd6450 VFED..CL ......ID 234,84-308,166 #7} during layout: running second layout pass
W/ResourceType( 688): No package identifier when getting name for resource number 0x00000008
W/View ( 688): requestLayout() improperly called by com.android.launcher2.PagedViewIcon{b2d602d8 VFED..CL ......ID 0,168-74,250 #8} during layout: running second layout pass
W/ResourceType( 688): No package identifier when getting name for resource number 0x00000009
W/View ( 688): requestLayout() improperly called by com.android.launcher2.PagedViewIcon{b2dec5d8 VFED..CL ......ID 78,168-152,250 #9} during layout: running second layout pass
W/ResourceType( 688): No package identifier when getting name for resource number 0x0000000a
W/View ( 688): requestLayout() improperly called by com.android.launcher2.PagedViewIcon{b2d4ee90 VFED..CL ......ID 156,168-230,250 #a} during layout: running second layout pass
W/ResourceType( 688): No package identifier when getting name for resource number 0x0000000b
W/View ( 688): requestLayout() improperly called by com.android.launcher2.PagedViewIcon{b2d77ad0 VFED..CL ......ID 234,168-308,250 #b} during layout: running second layout pass
W/ResourceType( 688): No package identifier when getting name for resource number 0x0000000c
W/View ( 688): requestLayout() improperly called by com.android.launcher2.PagedViewIcon{b2df3040 VFED..CL ......ID 0,252-74,334 #c} during layout: running second layout pass
W/ResourceType( 688): No package identifier when getting name for resource number 0x0000000d
W/View ( 688): requestLayout() improperly called by com.android.launcher2.PagedViewIcon{b2da2470 VFED..CL ......ID 78,252-152,334 #d} during layout: running second layout pass
W/ResourceType( 688): No package identifier when getting name for resource number 0x0000000e
W/View ( 688): requestLayout() improperly called by com.android.launcher2.PagedViewIcon{b2d4cc08 VFED..CL ......ID 156,252-230,334 #e} during layout: running second layout pass
W/ResourceType( 688): No package identifier when getting name for resource number 0x0000000f
W/View ( 688): requestLayout() improperly called by com.android.launcher2.PagedViewIcon{b2e0b6e8 VFED..CL ......ID 234,252-308,334 #f} during layout: running second layout pass
D/dalvikvm( 688): GC_FOR_ALLOC freed 52K, 9% free 4262K/4668K, paused 59ms, total 61ms
I/dalvikvm-heap( 688): Grow heap (frag case) to 4.729MB for 512016-byte allocation
D/dalvikvm( 688): GC_CONCURRENT freed 2K, 8% free 4760K/5172K, paused 32ms+43ms, total 313ms
D/dalvikvm( 688): WAIT_FOR_CONCURRENT_GC blocked 283ms
D/dalvikvm( 688): GC_FOR_ALLOC freed <1K, 8% free 4762K/5172K, paused 67ms, total 68ms
I/dalvikvm-heap( 688): Grow heap (frag case) to 5.158MB for 450304-byte allocation
D/dalvikvm( 688): GC_FOR_ALLOC freed <1K, 8% free 5201K/5612K, paused 56ms, total 56ms
I/Choreographer( 688): Skipped 546 frames! The application may be doing too much work on its main thread.
I/Choreographer( 688): Skipped 75 frames! The application may be doing too much work on its main thread.
I/Choreographer( 688): Skipped 79 frames! The application may be doing too much work on its main thread.
I/Choreographer( 688): Skipped 82 frames! The application may be doing too much work on its main thread.
I/Choreographer( 688): Skipped 109 frames! The application may be doing too much work on its main thread.
I/Choreographer( 688): Skipped 158 frames! The application may be doing too much work on its main thread.
I/Choreographer( 688): Skipped 782 frames! The application may be doing too much work on its main thread.
D/dalvikvm( 688): GC_CONCURRENT freed 83K, 4% free 5857K/6052K, paused 14ms+21ms, total 217ms
I/Choreographer( 688): Skipped 92 frames! The application may be doing too much work on its main thread.
I/Choreographer( 688): Skipped 333 frames! The application may be doing too much work on its main thread.
I/Choreographer( 688): Skipped 61 frames! The application may be doing too much work on its main thread.
W/AudioService( 482): onLoadSoundEffects() called before boot complete
I/ActivityManager( 482): START u0 {act=android.intent.action.MAIN cat=[android.intent.category.LAUNCHER] flg=0x10200000 cmp=com.finys.prototype.insured/.TelerikCallbackActivity} from pid 688
D/gralloc ( 57): Registering a buffer in the process that created it. This may cause memory ordering problems.
E/libEGL ( 57): called unimplemented OpenGL ES API
E/libEGL ( 57): called unimplemented OpenGL ES API
E/libEGL ( 57): called unimplemented OpenGL ES API
E/libEGL ( 57): called unimplemented OpenGL ES API
E/SurfaceFlinger( 57): glCheckFramebufferStatusOES error -120753797
E/SurfaceFlinger( 57): got GL_FRAMEBUFFER_COMPLETE_OES error while taking screenshot
E/libEGL ( 57): called unimplemented OpenGL ES API
E/libEGL ( 57): called unimplemented OpenGL ES API
W/WindowManager( 482): Screenshot failure taking screenshot for (164x246) to layer 21005
I/Choreographer( 688): Skipped 287 frames! The application may be doing too much work on its main thread.
I/ActivityManager( 482): Start proc com.finys.prototype.insured for activity com.finys.prototype.insured/.TelerikCallbackActivity: pid=1200 uid=10052 gids={50052, 3003, 1028, 1015}
I/ARMAssembler( 57): generated scanline__00000077:03010104_00008002_00000000 [ 89 ipp] (110 ins) at [0xb61e1680:0xb61e1838] in 30000000 ns
I/Choreographer( 482): Skipped 45 frames! The application may be doing too much work on its main thread.
I/Choreographer( 482): Skipped 60 frames! The application may be doing too much work on its main thread.
I/CordovaLog( 1200): Changing log level to DEBUG(3)
D/CordovaActivity( 1200): CordovaActivity.init()
V/WebViewChromiumFactoryProvider( 1200): Binding Chromium to main looper Looper (main, tid 1) {b2d29668}
I/LibraryLoader( 1200): Expected native library version number "",actual native library version number ""
I/chromium( 1200): [INFO:library_loader_hooks.cc(116)] Chromium logging enabled: level = 0, default verbosity = 0
I/BrowserStartupController( 1200): Initializing chromium process, renderers=0
E/AudioManagerAndroid( 1200): BLUETOOTH permission is missing!
E/chromium( 1200): [ERROR:gl_surface_egl.cc(169)] No suitable EGL configs found.
E/chromium( 1200): [ERROR:gl_surface_egl.cc(702)] GLSurfaceEGL::InitializeOneOff failed.
E/chromium( 1200): [ERROR:gl_surface_egl.cc(169)] No suitable EGL configs found.
E/chromium( 1200): [ERROR:gl_surface_egl.cc(702)] GLSurfaceEGL::InitializeOneOff failed.
E/chromium( 1200): [ERROR:gpu_info_collector.cc(86)] gfx::GLSurface::InitializeOneOff() failed
W/chromium( 1200): [WARNING:mailbox_synchronizer.cc(36)] MailboxSync not supported due to missing EGL image/fence support
E/chromium( 1200): [ERROR:gl_surface_egl.cc(169)] No suitable EGL configs found.
E/chromium( 1200): [ERROR:gl_surface_egl.cc(702)] GLSurfaceEGL::InitializeOneOff failed.
W/chromium( 1200): [WARNING:proxy_service.cc(890)] PAC support disabled because there is no system implementation
D/dalvikvm( 1200): GC_CONCURRENT freed 82K, 6% free 3112K/3288K, paused 56ms+6ms, total 556ms
D/dalvikvm( 1200): WAIT_FOR_CONCURRENT_GC blocked 17ms
D/CordovaWebView( 1200): CordovaWebView is running on device made by: unknown
D/CordovaActivity( 1200): CordovaActivity.createViews()
D/dalvikvm( 1200): GC_FOR_ALLOC freed 60K, 6% free 3124K/3308K, paused 54ms, total 56ms
I/dalvikvm-heap( 1200): Grow heap (frag case) to 3.719MB for 614416-byte allocation
D/dalvikvm( 1200): GC_FOR_ALLOC freed <1K, 5% free 3724K/3912K, paused 92ms, total 92ms
D/CordovaWebView( 1200): >>> loadUrl(file:///android_asset/www/index.html)
D/PluginManager( 1200): init()
D/dalvikvm( 1200): GC_CONCURRENT freed 1K, 4% free 3758K/3912K, paused 12ms+95ms, total 369ms
D/CordovaWebView( 1200): >>> loadUrlNow()
D/CordovaActivity( 1200): Resuming the App
I/Choreographer( 1200): Skipped 894 frames! The application may be doing too much work on its main thread.
D/SoftKeyboardDetect( 1200): Ignore this event
I/WindowManager( 482): Switching to real app window: Window{b2fe1ec8 u0 com.finys.prototype.insured/com.finys.prototype.insured.TelerikCallbackActivity}
I/Choreographer( 1200): Skipped 391 frames! The application may be doing too much work on its main thread.
D/gralloc_goldfish( 1200): Emulator without GPU emulation detected.
I/Choreographer( 482): Skipped 32 frames! The application may be doing too much work on its main thread.
I/Choreographer( 482): Skipped 52 frames! The application may be doing too much work on its main thread.
D/SoftKeyboardDetect( 1200): Ignore this event
I/Choreographer( 1200): Skipped 60 frames! The application may be doing too much work on its main thread.
I/ActivityManager( 482): Displayed com.finys.prototype.insured/.TelerikCallbackActivity: +6s811ms
I/Choreographer( 1200): Skipped 44 frames! The application may be doing too much work on its main thread.
D/dalvikvm( 482): GC_CONCURRENT freed 543K, 14% free 5561K/6424K, paused 80ms+162ms, total 1960ms
I/Choreographer( 482): Skipped 73 frames! The application may be doing too much work on its main thread.
I/Choreographer( 482): Skipped 44 frames! The application may be doing too much work on its main thread.
I/Choreographer( 1200): Skipped 55 frames! The application may be doing too much work on its main thread.
I/Choreographer( 482): Skipped 93 frames! The application may be doing too much work on its main thread.
I/Choreographer( 1200): Skipped 54 frames! The application may be doing too much work on its main thread.
I/Choreographer( 482): Skipped 135 frames! The application may be doing too much work on its main thread.
I/Choreographer( 1200): Skipped 40 frames! The application may be doing too much work on its main thread.
I/Choreographer( 1200): Skipped 38 frames! The application may be doing too much work on its main thread.
I/Choreographer( 1200): Skipped 45 frames! The application may be doing too much work on its main thread.
I/Choreographer( 1200): Skipped 37 frames! The application may be doing too much work on its main thread.
I/Choreographer( 1200): Skipped 618 frames! The application may be doing too much work on its main thread.
D/CordovaWebViewClient( 1200): onPageStarted(file:///android_asset/www/index.html)
D/CordovaActivity( 1200): onMessage(onPageStarted,file:///android_asset/www/index.html)
I/Choreographer( 1200): Skipped 48 frames! The application may be doing too much work on its main thread.
D/dalvikvm( 1200): GC_CONCURRENT freed 122K, 5% free 4022K/4232K, paused 50ms+115ms, total 410ms
W/BroadcastQueue( 482): Timeout of broadcast BroadcastRecord{b2fc26c0 u0 android.intent.action.BOOT_COMPLETED} - receiver=android.os.BinderProxy@b2f18088, started 60004ms ago
W/BroadcastQueue( 482): Receiver during timeout: BroadcastFilter{b2f426c0 u0 ReceiverList{b2f84ad8 562 com.android.systemui/10007/u0 remote:b2f18088}}
I/ActivityManager( 482): Start proc com.android.dialer for broadcast com.android.dialer/.calllog.CallLogReceiver: pid=1263 uid=10004 gids={50004, 3003, 1028, 1015}
V/Telerik ( 1200): Extract file: /data/data/com.finys.prototype.insured/files/12590FAA-5EDD-4B12-856D-F52A0A1599F2/cordova.js
D/ExtensionsFactory( 1263): No custom extensions.
I/ActivityManager( 482): Delay finish: com.android.dialer/.calllog.CallLogReceiver
E/CordovaWebView( 1200): CordovaWebView: TIMEOUT ERROR!
I/MediaFocusControl( 482): AudioFocus abandonAudioFocus() from android.media.AudioManager@b2d30e30com.android.music.MediaPlaybackService$3@b2d2fcb0
V/Telerik ( 1200): Extract file: /data/data/com.finys.prototype.insured/files/12590FAA-5EDD-4B12-856D-F52A0A1599F2/cordova_plugins.js
V/Telerik ( 1200): Extract file: /data/data/com.finys.prototype.insured/files/12590FAA-5EDD-4B12-856D-F52A0A1599F2/img/ACLogo.png
V/Telerik ( 1200): Extract file: /data/data/com.finys.prototype.insured/files/12590FAA-5EDD-4B12-856D-F52A0A1599F2/img/AmericanColonialLogo.png
V/Telerik ( 1200): Extract file: /data/data/com.finys.prototype.insured/files/12590FAA-5EDD-4B12-856D-F52A0A1599F2/img/AmericanColonialName.png
I/ActivityManager( 482): Resuming delayed broadcast
E/BluetoothAdapter( 482): Bluetooth binder is null
E/BluetoothAdapter( 482): Bluetooth binder is null
V/WiredAccessoryManager( 482): init()
I/PowerManagerService( 482): Boot animation finished.
I/RecoverySystem( 482): No recovery log file
I/ActivityManager( 482): Start proc com.android.providers.calendar for broadcast com.android.providers.calendar/.CalendarReceiver: pid=1297 uid=10001 gids={50001, 3003, 1028, 1015}
E/SoundPool( 482): error loading /system/media/audio/ui/Effect_Tick.ogg
W/AudioService( 482): Soundpool could not load file: /system/media/audio/ui/Effect_Tick.ogg
E/SoundPool( 482): error loading /system/media/audio/ui/Effect_Tick.ogg
W/AudioService( 482): Soundpool could not load file: /system/media/audio/ui/Effect_Tick.ogg
E/SoundPool( 482): error loading /system/media/audio/ui/Effect_Tick.ogg
W/AudioService( 482): Soundpool could not load file: /system/media/audio/ui/Effect_Tick.ogg
E/SoundPool( 482): error loading /system/media/audio/ui/Effect_Tick.ogg
W/AudioService( 482): Soundpool could not load file: /system/media/audio/ui/Effect_Tick.ogg
E/SoundPool( 482): error loading /system/media/audio/ui/Effect_Tick.ogg
W/AudioService( 482): Soundpool could not load file: /system/media/audio/ui/Effect_Tick.ogg
E/SoundPool( 482): error loading /system/media/audio/ui/KeypressStandard.ogg
W/AudioService( 482): Soundpool could not load file: /system/media/audio/ui/KeypressStandard.ogg
E/SoundPool( 482): error loading /system/media/audio/ui/KeypressSpacebar.ogg
W/AudioService( 482): Soundpool could not load file: /system/media/audio/ui/KeypressSpacebar.ogg
E/SoundPool( 482): error loading /system/media/audio/ui/KeypressDelete.ogg
W/AudioService( 482): Soundpool could not load file: /system/media/audio/ui/KeypressDelete.ogg
E/SoundPool( 482): error loading /system/media/audio/ui/KeypressReturn.ogg
W/AudioService( 482): Soundpool could not load file: /system/media/audio/ui/KeypressReturn.ogg
E/SoundPool( 482): error loading /system/media/audio/ui/KeypressInvalid.ogg
W/AudioService( 482): Soundpool could not load file: /system/media/audio/ui/KeypressInvalid.ogg
W/AudioService( 482): onLoadSoundEffects(), Error -1 while loading samples
I/BootReceiver( 482): Copying audit failures to DropBox
I/BootReceiver( 482): Checking for fsck errors
V/Telerik ( 1200): Extract file: /data/data/com.finys.prototype.insured/files/12590FAA-5EDD-4B12-856D-F52A0A1599F2/img/FinysLogo.png
V/Telerik ( 1200): Extract file: /data/data/com.finys.prototype.insured/files/12590FAA-5EDD-4B12-856D-F52A0A1599F2/img/FinysLogo1.png
V/Telerik ( 1200): Extract file: /data/data/com.finys.prototype.insured/files/12590FAA-5EDD-4B12-856D-F52A0A1599F2/img/cclogos.png
D/JsMessageQueue( 1200): Set native->JS mode to OnlineEventsBridgeMode
D/dalvikvm( 1200): GC_CONCURRENT freed 399K, 11% free 4131K/4612K, paused 71ms+58ms, total 670ms
D/CordovaLog( 1200): file:///android_asset/www/cordova.js: Line 1169 : deviceready has not fired after 5 seconds.
I/chromium( 1200): [INFO:CONSOLE(1169)] "deviceready has not fired after 5 seconds.", source: file:///android_asset/www/cordova.js (1169)
D/CordovaLog( 1200): file:///android_asset/www/cordova.js: Line 1162 : Channel not fired: onPluginsReady
I/chromium( 1200): [INFO:CONSOLE(1162)] "Channel not fired: onPluginsReady", source: file:///android_asset/www/cordova.js (1162)
D/CordovaLog( 1200): file:///android_asset/www/cordova.js: Line 1162 : Channel not fired: onCordovaReady
I/chromium( 1200): [INFO:CONSOLE(1162)] "Channel not fired: onCordovaReady", source: file:///android_asset/www/cordova.js (1162)
D/CordovaLog( 1200): file:///android_asset/www/cordova.js: Line 1162 : Channel not fired: onDOMContentLoaded
I/chromium( 1200): [INFO:CONSOLE(1162)] "Channel not fired: onDOMContentLoaded", source: file:///android_asset/www/cordova.js (1162)
V/Telerik ( 1200): Extract file: /data/data/com.finys.prototype.insured/files/12590FAA-5EDD-4B12-856D-F52A0A1599F2/img/paypallogo.png
V/StatusBar( 1200): StatusBar: initialization
V/StatusBar( 1200): Executing action: _ready
W/CordovaPlugin( 1200): Attempted to send a second callback for ID: StatusBar1461854792
W/CordovaPlugin( 1200): Result was: "Invalid action"
D/CordovaActivity( 1200): onMessage(spinner,stop)
W/AwContents( 1200): nativeOnDraw failed; clearing to background color.
W/PluginManager( 1200): THREAD WARNING: exec() call to File.requestAllPaths blocked the main thread for 216ms. Plugin should use CordovaInterface.getThreadPool().
D/CordovaNetworkManager( 1200): Connection Type: 3g
D/CordovaNetworkManager( 1200): Connection Extra Info: epc.tmobile.com
D/CordovaNetworkManager( 1200): Connection Type: 3g
D/CordovaNetworkManager( 1200): Connection Extra Info: epc.tmobile.com
D/CordovaActivity( 1200): onMessage(networkconnection,3g)
W/AwContents( 1200): nativeOnDraw failed; clearing to background color.
W/AwContents( 1200): nativeOnDraw failed; clearing to background color.
W/AwContents( 1200): nativeOnDraw failed; clearing to background color.
W/AwContents( 1200): nativeOnDraw failed; clearing to background color.
W/AwContents( 1200): nativeOnDraw failed; clearing to background color.
W/AwContents( 1200): nativeOnDraw failed; clearing to background color.
W/AwContents( 1200): nativeOnDraw failed; clearing to background color.
I/Choreographer( 482): Skipped 38 frames! The application may be doing too much work on its main thread.
I/Choreographer( 482): Skipped 38 frames! The application may be doing too much work on its main thread.
I/Choreographer( 482): Skipped 31 frames! The application may be doing too much work on its main thread.
I/Choreographer( 482): Skipped 33 frames! The application may be doing too much work on its main thread.
I/Choreographer( 482): Skipped 41 frames! The application may be doing too much work on its main thread.
W/BroadcastQueue( 482): Timeout of broadcast BroadcastRecord{b2fc26c0 u0 android.intent.action.BOOT_COMPLETED} - receiver=android.os.BinderProxy@b3015758, started 60009ms ago
W/BroadcastQueue( 482): Receiver during timeout: ResolveInfo{b2fabce0 com.android.providers.calendar/.CalendarReceiver m=0x108000}
I/Process ( 482): Sending signal. PID: 1297 SIG: 3
I/Process ( 482): Sending signal. PID: 482 SIG: 3
I/dalvikvm( 482): threadid=3: reacting to signal 3
V/Telerik ( 1200): Extract file: /data/data/com.finys.prototype.insured/files/12590FAA-5EDD-4B12-856D-F52A0A1599F2/img/tickmark.png
I/Process ( 482): Sending signal. PID: 846 SIG: 3
I/dalvikvm( 846): threadid=3: reacting to signal 3
I/dalvikvm( 482): Wrote stack traces to '/data/anr/traces.txt'
I/Process ( 482): Sending signal. PID: 677 SIG: 3
I/dalvikvm( 677): threadid=3: reacting to signal 3
I/dalvikvm( 846): Wrote stack traces to '/data/anr/traces.txt'
I/dalvikvm( 677): Wrote stack traces to '/data/anr/traces.txt'
D/dalvikvm( 482): GC_CONCURRENT freed 575K, 11% free 5703K/6372K, paused 57ms+107ms, total 1208ms
D/dalvikvm( 482): WAIT_FOR_CONCURRENT_GC blocked 306ms
I/Choreographer( 1200): Skipped 109 frames! The application may be doing too much work on its main thread.
D/dalvikvm( 482): GC_EXPLICIT freed 165K, 11% free 5723K/6372K, paused 11ms+25ms, total 286ms
I/Process ( 482): Sending signal. PID: 1200 SIG: 3
I/dalvikvm( 1200): threadid=3: reacting to signal 3
I/CalendarProvider2( 1297): Created com.android.providers.calendar.CalendarAlarmManager@b2d46430(com.android.providers.calendar.CalendarProvider2@b2d3d650)
E/ActivityManager( 482): ANR in com.android.providers.calendar
E/ActivityManager( 482): PID: 1297
E/ActivityManager( 482): Reason: Broadcast of Intent { act=android.intent.action.BOOT_COMPLETED flg=0x8000010 cmp=com.android.providers.calendar/.CalendarReceiver (has extras) }
E/ActivityManager( 482): Load: 9.41 / 5.83 / 2.6
E/ActivityManager( 482): CPU usage from 0ms to 13083ms later:
E/ActivityManager( 482): 62% 1200/com.finys.prototype.insured: 52% user + 9.8% kernel / faults: 1014 minor 5 major
E/ActivityManager( 482): 18% 482/system_server: 13% user + 5.2% kernel / faults: 250 minor
E/ActivityManager( 482): 0.3% 55/debuggerd: 0.1% user + 0.1% kernel / faults: 854 minor
E/ActivityManager( 482): 2.2% 677/com.android.phone: 1.6% user + 0.6% kernel / faults: 30 minor
E/ActivityManager( 482): 2.1% 67/adbd: 0.2% user + 1.9% kernel / faults: 117 minor
E/ActivityManager( 482): 1% 846/com.android.systemui: 0.2% user + 0.8% kernel / faults: 14 minor
E/ActivityManager( 482): 0.9% 57/surfaceflinger: 0.6% user + 0.3% kernel / faults: 24 minor
E/ActivityManager( 482): 0.7% 1297/com.android.providers.calendar: 0.5% user + 0.2% kernel / faults: 211 minor
E/ActivityManager( 482): 0.6% 4/kworker/0:0: 0% user + 0.6% kernel
E/ActivityManager( 482): 0.1% 25/mtdblock0: 0% user + 0.1% kernel
E/ActivityManager( 482): 0.1% 241/logcat: 0% user + 0.1% kernel
E/ActivityManager( 482): 0.1% 1379/logcat: 0% user + 0% kernel
E/ActivityManager( 482): 0% 7/sync_supers: 0% user + 0% kernel
E/ActivityManager( 482): 0% 26/mtdblock1: 0% user + 0% kernel
E/ActivityManager( 482): 0% 42/jbd2/mtdblock1-: 0% user + 0% kernel
E/ActivityManager( 482): 0% 239/logcat: 0% user + 0% kernel
E/ActivityManager( 482): +0% 1402/sh: 0% user + 0% kernel
E/ActivityManager( 482): +0% 1404/sh: 0% user + 0% kernel
E/ActivityManager( 482): 100% TOTAL: 76% user + 23% kernel + 0.1% softirq
E/ActivityManager( 482): CPU usage from 11903ms to 12644ms later:
E/ActivityManager( 482): 80% 1200/com.finys.prototype.insured: 74% user + 6% kernel / faults: 308 minor
E/ActivityManager( 482): 78% 1242/Chrome_InProcRe: 74% user + 4.5% kernel
E/ActivityManager( 482): 1.5% 1253/AsyncTask #2: 0% user + 1.5% kernel
E/ActivityManager( 482): 18% 482/system_server: 10% user + 8.5% kernel
E/ActivityManager( 482): 15% 497/ActivityManager: 8.5% user + 7.1% kernel
E/ActivityManager( 482): 1.4% 715/Binder_5: 0% user + 1.4% kernel
E/ActivityManager( 482): 1.4% 790/Binder_8: 1.4% user + 0% kernel
E/ActivityManager( 482): 1.5% 1297/com.android.providers.calendar: 0% user + 1.5% kernel / faults: 81 minor
E/ActivityManager( 482): 1.5% 1297/viders.calendar: 0% user + 1.5% kernel
E/ActivityManager( 482): 100% TOTAL: 79% user + 20% kernel
I/ActivityManager( 482): Killing 1297:com.android.providers.calendar/u0a1 (adj 9): background ANR
D/dalvikvm( 482): GC_FOR_ALLOC freed 203K, 13% free 5706K/6508K, paused 136ms, total 137ms
I/dalvikvm-heap( 482): Grow heap (frag case) to 5.922MB for 275818-byte allocation
D/dalvikvm( 482): GC_FOR_ALLOC freed <1K, 12% free 5975K/6780K, paused 249ms, total 249ms
I/dalvikvm( 1200): Wrote stack traces to '/data/anr/traces.txt'
V/Telerik ( 1200): Extract file: /data/data/com.finys.prototype.insured/files/12590FAA-5EDD-4B12-856D-F52A0A1599F2/index.html
D/dalvikvm( 482): GC_FOR_ALLOC freed 143K, 14% free 5831K/6780K, paused 559ms, total 561ms
I/dalvikvm-heap( 482): Grow heap (frag case) to 6.048MB for 278624-byte allocation
D/dalvikvm( 482): GC_FOR_ALLOC freed 3K, 14% free 6100K/7056K, paused 222ms, total 222ms
V/Telerik ( 1200): Extract file: /data/data/com.finys.prototype.insured/files/12590FAA-5EDD-4B12-856D-F52A0A1599F2/jqueryui/images/animated-overlay.gif
V/Telerik ( 1200): Extract file: /data/data/com.finys.prototype.insured/files/12590FAA-5EDD-4B12-856D-F52A0A1599F2/jqueryui/images/ui-bg_diagonals-thick_18_b81900_40x40.png
V/Telerik ( 1200): Extract file: /data/data/com.finys.prototype.insured/files/12590FAA-5EDD-4B12-856D-F52A0A1599F2/jqueryui/images/ui-bg_diagonals-thick_20_666666_40x40.png
D/dalvikvm( 1200): GC_CONCURRENT freed 1073K, 26% free 3456K/4620K, paused 114ms+46ms, total 385ms
V/Telerik ( 1200): Extract file: /data/data/com.finys.prototype.insured/files/12590FAA-5EDD-4B12-856D-F52A0A1599F2/jqueryui/images/ui-bg_flat_10_000000_40x100.png
V/Telerik ( 1200): Extract file: /data/data/com.finys.prototype.insured/files/12590FAA-5EDD-4B12-856D-F52A0A1599F2/jqueryui/images/ui-bg_glass_100_f6f6f6_1x400.png
V/Telerik ( 1200): Extract file: /data/data/com.finys.prototype.insured/files/12590FAA-5EDD-4B12-856D-F52A0A1599F2/jqueryui/images/ui-bg_glass_100_fdf5ce_1x400.png
I/Choreographer( 1200): Skipped 53 frames! The application may be doing too much work on its main thread.
I/Choreographer( 1200): Skipped 31 frames! The application may be doing too much work on its main thread.
V/Telerik ( 1200): Extract file: /data/data/com.finys.prototype.insured/files/12590FAA-5EDD-4B12-856D-F52A0A1599F2/jqueryui/images/ui-bg_glass_65_ffffff_1x400.png
V/Telerik ( 1200): Extract file: /data/data/com.finys.prototype.insured/files/12590FAA-5EDD-4B12-856D-F52A0A1599F2/jqueryui/images/ui-bg_gloss-wave_35_f6a828_500x100-2.png
V/Telerik ( 1200): Extract file: /data/data/com.finys.prototype.insured/files/12590FAA-5EDD-4B12-856D-F52A0A1599F2/jqueryui/images/ui-bg_gloss-wave_35_f6a828_500x100.png
V/Telerik ( 1200): Extract file: /data/data/com.finys.prototype.insured/files/12590FAA-5EDD-4B12-856D-F52A0A1599F2/jqueryui/images/ui-bg_highlight-soft_100_eeeeee_1x100.png
V/Telerik ( 1200): Extract file: /data/data/com.finys.prototype.insured/files/12590FAA-5EDD-4B12-856D-F52A0A1599F2/jqueryui/images/ui-bg_highlight-soft_75_ffe45c_1x100.png
V/Telerik ( 1200): Extract file: /data/data/com.finys.prototype.insured/files/12590FAA-5EDD-4B12-856D-F52A0A1599F2/jqueryui/images/ui-icons_222222_256x240.png
V/Telerik ( 1200): Extract file: /data/data/com.finys.prototype.insured/files/12590FAA-5EDD-4B12-856D-F52A0A1599F2/jqueryui/images/ui-icons_228ef1_256x240.png
V/Telerik ( 1200): Extract file: /data/data/com.finys.prototype.insured/files/12590FAA-5EDD-4B12-856D-F52A0A1599F2/jqueryui/images/ui-icons_ef8c08_256x240.png
V/Telerik ( 1200): Extract file: /data/data/com.finys.prototype.insured/files/12590FAA-5EDD-4B12-856D-F52A0A1599F2/jqueryui/images/ui-icons_ffd27a_256x240.png
V/Telerik ( 1200): Extract file: /data/data/com.finys.prototype.insured/files/12590FAA-5EDD-4B12-856D-F52A0A1599F2/jqueryui/images/ui-icons_ffffff_256x240.png
V/Telerik ( 1200): Extract file: /data/data/com.finys.prototype.insured/files/12590FAA-5EDD-4B12-856D-F52A0A1599F2/jqueryui/jquery-ui-timepicker-addon.css
D/CordovaActivity( 1200): onMessage(splashscreen,hide)
I/App ( 1200): WARNING: Back Button Default Behavior will be overridden. The backbutton event will be fired!
V/Telerik ( 1200): Extract file: /data/data/com.finys.prototype.insured/files/12590FAA-5EDD-4B12-856D-F52A0A1599F2/jqueryui/jquery-ui-timepicker-addon.js
I/Choreographer( 1200): Skipped 243 frames! The application may be doing too much work on its main thread.
V/Telerik ( 1200): Extract file: /data/data/com.finys.prototype.insured/files/12590FAA-5EDD-4B12-856D-F52A0A1599F2/jqueryui/jquery-ui-timepicker-addon2.js
V/Telerik ( 1200): Extract file: /data/data/com.finys.prototype.insured/files/12590FAA-5EDD-4B12-856D-F52A0A1599F2/jqueryui/jquery-ui.min.css
V/Telerik ( 1200): Extract file: /data/data/com.finys.prototype.insured/files/12590FAA-5EDD-4B12-856D-F52A0A1599F2/jqueryui/jquery-ui.min.js
V/Telerik ( 1200): Extract file: /data/data/com.finys.prototype.insured/files/12590FAA-5EDD-4B12-856D-F52A0A1599F2/jqueryui/jquery.ui.touch-punch.min.js
V/Telerik ( 1200): Extract file: /data/data/com.finys.prototype.insured/files/12590FAA-5EDD-4B12-856D-F52A0A1599F2/js/paypal-mobile-js-helper.js
V/Telerik ( 1200): Extract file: /data/data/com.finys.prototype.insured/files/12590FAA-5EDD-4B12-856D-F52A0A1599F2/kendo/js/jquery.min.js
V/Telerik ( 1200): Extract file: /data/data/com.finys.prototype.insured/files/12590FAA-5EDD-4B12-856D-F52A0A1599F2/kendo/js/kendo.mobile.min.js
V/Telerik ( 1200): Extract file: /data/data/com.finys.prototype.insured/files/12590FAA-5EDD-4B12-856D-F52A0A1599F2/kendo/styles/images/back.png
V/Telerik ( 1200): Extract file: /data/data/com.finys.prototype.insured/files/12590FAA-5EDD-4B12-856D-F52A0A1599F2/kendo/styles/images/kendoui.svg
D/dalvikvm( 1200): GC_CONCURRENT freed 396K, 26% free 3446K/4620K, paused 20ms+8ms, total 82ms
V/Telerik ( 1200): Extract file: /data/data/com.finys.prototype.insured/files/12590FAA-5EDD-4B12-856D-F52A0A1599F2/kendo/styles/images/kendoui.ttf
V/Telerik ( 1200): Extract file: /data/data/com.finys.prototype.insured/files/12590FAA-5EDD-4B12-856D-F52A0A1599F2/kendo/styles/images/kendoui.woff
V/Telerik ( 1200): Extract file: /data/data/com.finys.prototype.insured/files/12590FAA-5EDD-4B12-856D-F52A0A1599F2/kendo/styles/images/wp8_icons.png
V/Telerik ( 1200): Extract file: /data/data/com.finys.prototype.insured/files/12590FAA-5EDD-4B12-856D-F52A0A1599F2/kendo/styles/images/wp8_inverseicons.png
V/Telerik ( 1200): Extract file: /data/data/com.finys.prototype.insured/files/12590FAA-5EDD-4B12-856D-F52A0A1599F2/kendo/styles/kendo.mobile.all.min.css
V/Telerik ( 1200): Extract file: /data/data/com.finys.prototype.insured/files/12590FAA-5EDD-4B12-856D-F52A0A1599F2/plugins/com.paypal.cordova.mobilesdk/www/cdv-plugin-paypal-mobile-sdk.js
V/Telerik ( 1200): Extract file: /data/data/com.finys.prototype.insured/files/12590FAA-5EDD-4B12-856D-F52A0A1599F2/plugins/com.telerik.LiveSync/www/livesync.js
V/Telerik ( 1200): Extract file: /data/data/com.finys.prototype.insured/files/12590FAA-5EDD-4B12-856D-F52A0A1599F2/plugins/org.apache.cordova.camera/www/Camera.js
V/Telerik ( 1200): Extract file: /data/data/com.finys.prototype.insured/files/12590FAA-5EDD-4B12-856D-F52A0A1599F2/plugins/org.apache.cordova.camera/www/CameraConstants.js
V/Telerik ( 1200): Extract file: /data/data/com.finys.prototype.insured/files/12590FAA-5EDD-4B12-856D-F52A0A1599F2/plugins/org.apache.cordova.camera/www/CameraPopoverHandle.js
V/Telerik ( 1200): Extract file: /data/data/com.finys.prototype.insured/files/12590FAA-5EDD-4B12-856D-F52A0A1599F2/plugins/org.apache.cordova.camera/www/CameraPopoverOptions.js
V/Telerik ( 1200): Extract file: /data/data/com.finys.prototype.insured/files/12590FAA-5EDD-4B12-856D-F52A0A1599F2/plugins/org.apache.cordova.contacts/www/Contact.js
V/Telerik ( 1200): Extract file: /data/data/com.finys.prototype.insured/files/12590FAA-5EDD-4B12-856D-F52A0A1599F2/plugins/org.apache.cordova.contacts/www/ContactAddress.js
V/Telerik ( 1200): Extract file: /data/data/com.finys.prototype.insured/files/12590FAA-5EDD-4B12-856D-F52A0A1599F2/plugins/org.apache.cordova.contacts/www/ContactError.js
V/Telerik ( 1200): Extract file: /data/data/com.finys.prototype.insured/files/12590FAA-5EDD-4B12-856D-F52A0A1599F2/plugins/org.apache.cordova.contacts/www/ContactField.js
V/Telerik ( 1200): Extract file: /data/data/com.finys.prototype.insured/files/12590FAA-5EDD-4B12-856D-F52A0A1599F2/plugins/org.apache.cordova.contacts/www/ContactFieldType.js
V/Telerik ( 1200): Extract file: /data/data/com.finys.prototype.insured/files/12590FAA-5EDD-4B12-856D-F52A0A1599F2/plugins/org.apache.cordova.contacts/www/ContactFindOptions.js
V/Telerik ( 1200): Extract file: /data/data/com.finys.prototype.insured/files/12590FAA-5EDD-4B12-856D-F52A0A1599F2/plugins/org.apache.cordova.contacts/www/ContactName.js
V/Telerik ( 1200): Extract file: /data/data/com.finys.prototype.insured/files/12590FAA-5EDD-4B12-856D-F52A0A1599F2/plugins/org.apache.cordova.contacts/www/ContactOrganization.js
V/Telerik ( 1200): Extract file: /data/data/com.finys.prototype.insured/files/12590FAA-5EDD-4B12-856D-F52A0A1599F2/plugins/org.apache.cordova.contacts/www/contacts.js
V/Telerik ( 1200): Extract file: /data/data/com.finys.prototype.insured/files/12590FAA-5EDD-4B12-856D-F52A0A1599F2/plugins/org.apache.cordova.device-motion/www/Acceleration.js
V/Telerik ( 1200): Extract file: /data/data/com.finys.prototype.insured/files/12590FAA-5EDD-4B12-856D-F52A0A1599F2/plugins/org.apache.cordova.device-motion/www/accelerometer.js
V/Telerik ( 1200): Extract file: /data/data/com.finys.prototype.insured/files/12590FAA-5EDD-4B12-856D-F52A0A1599F2/plugins/org.apache.cordova.device-orientation/www/CompassError.js
V/Telerik ( 1200): Extract file: /data/data/com.finys.prototype.insured/files/12590FAA-5EDD-4B12-856D-F52A0A1599F2/plugins/org.apache.cordova.device-orientation/www/CompassHeading.js
V/Telerik ( 1200): Extract file: /data/data/com.finys.prototype.insured/files/12590FAA-5EDD-4B12-856D-F52A0A1599F2/plugins/org.apache.cordova.device-orientation/www/compass.js
V/Telerik ( 1200): Extract file: /data/data/com.finys.prototype.insured/files/12590FAA-5EDD-4B12-856D-F52A0A1599F2/plugins/org.apache.cordova.device/www/device.js
V/Telerik ( 1200): Extract file: /data/data/com.finys.prototype.insured/files/12590FAA-5EDD-4B12-856D-F52A0A1599F2/plugins/org.apache.cordova.dialogs/www/android/notification.js
V/Telerik ( 1200): Extract file: /data/data/com.finys.prototype.insured/files/12590FAA-5EDD-4B12-856D-F52A0A1599F2/plugins/org.apache.cordova.dialogs/www/notification.js
V/Telerik ( 1200): Extract file: /data/data/com.finys.prototype.insured/files/12590FAA-5EDD-4B12-856D-F52A0A1599F2/plugins/org.apache.cordova.file-transfer/www/FileTransfer.js
V/Telerik ( 1200): Extract file: /data/data/com.finys.prototype.insured/files/12590FAA-5EDD-4B12-856D-F52A0A1599F2/plugins/org.apache.cordova.file-transfer/www/FileTransferError.js
D/dalvikvm( 1200): GC_CONCURRENT freed 398K, 26% free 3454K/4620K, paused 13ms+9ms, total 84ms
V/Telerik ( 1200): Extract file: /data/data/com.finys.prototype.insured/files/12590FAA-5EDD-4B12-856D-F52A0A1599F2/plugins/org.apache.cordova.file/www/DirectoryEntry.js
V/Telerik ( 1200): Extract file: /data/data/com.finys.prototype.insured/files/12590FAA-5EDD-4B12-856D-F52A0A1599F2/plugins/org.apache.cordova.file/www/DirectoryReader.js
V/Telerik ( 1200): Extract file: /data/data/com.finys.prototype.insured/files/12590FAA-5EDD-4B12-856D-F52A0A1599F2/plugins/org.apache.cordova.file/www/Entry.js
V/Telerik ( 1200): Extract file: /data/data/com.finys.prototype.insured/files/12590FAA-5EDD-4B12-856D-F52A0A1599F2/plugins/org.apache.cordova.file/www/File.js
V/Telerik ( 1200): Extract file: /data/data/com.finys.prototype.insured/files/12590FAA-5EDD-4B12-856D-F52A0A1599F2/plugins/org.apache.cordova.file/www/FileEntry.js
V/Telerik ( 1200): Extract file: /data/data/com.finys.prototype.insured/files/12590FAA-5EDD-4B12-856D-F52A0A1599F2/plugins/org.apache.cordova.file/www/FileError.js
V/Telerik ( 1200): Extract file: /data/data/com.finys.prototype.insured/files/12590FAA-5EDD-4B12-856D-F52A0A1599F2/plugins/org.apache.cordova.file/www/FileReader.js
V/Telerik ( 1200): Extract file: /data/data/com.finys.prototype.insured/files/12590FAA-5EDD-4B12-856D-F52A0A1599F2/plugins/org.apache.cordova.file/www/FileSystem.js
V/Telerik ( 1200): Extract file: /data/data/com.finys.prototype.insured/files/12590FAA-5EDD-4B12-856D-F52A0A1599F2/plugins/org.apache.cordova.file/www/FileUploadOptions.js
V/Telerik ( 1200): Extract file: /data/data/com.finys.prototype.insured/files/12590FAA-5EDD-4B12-856D-F52A0A1599F2/plugins/org.apache.cordova.file/www/FileUploadResult.js
V/Telerik ( 1200): Extract file: /data/data/com.finys.prototype.insured/files/12590FAA-5EDD-4B12-856D-F52A0A1599F2/plugins/org.apache.cordova.file/www/FileWriter.js
V/Telerik ( 1200): Extract file: /data/data/com.finys.prototype.insured/files/12590FAA-5EDD-4B12-856D-F52A0A1599F2/plugins/org.apache.cordova.file/www/Flags.js
V/Telerik ( 1200): Extract file: /data/data/com.finys.prototype.insured/files/12590FAA-5EDD-4B12-856D-F52A0A1599F2/plugins/org.apache.cordova.file/www/LocalFileSystem.js
V/Telerik ( 1200): Extract file: /data/data/com.finys.prototype.insured/files/12590FAA-5EDD-4B12-856D-F52A0A1599F2/plugins/org.apache.cordova.file/www/Metadata.js
V/Telerik ( 1200): Extract file: /data/data/com.finys.prototype.insured/files/12590FAA-5EDD-4B12-856D-F52A0A1599F2/plugins/org.apache.cordova.file/www/ProgressEvent.js
V/Telerik ( 1200): Extract file: /data/data/com.finys.prototype.insured/files/12590FAA-5EDD-4B12-856D-F52A0A1599F2/plugins/org.apache.cordova.file/www/android/FileSystem.js
V/Telerik ( 1200): Extract file: /data/data/com.finys.prototype.insured/files/12590FAA-5EDD-4B12-856D-F52A0A1599F2/plugins/org.apache.cordova.file/www/fileSystemPaths.js
V/Telerik ( 1200): Extract file: /data/data/com.finys.prototype.insured/files/12590FAA-5EDD-4B12-856D-F52A0A1599F2/plugins/org.apache.cordova.file/www/fileSystems-roots.js
V/Telerik ( 1200): Extract file: /data/data/com.finys.prototype.insured/files/12590FAA-5EDD-4B12-856D-F52A0A1599F2/plugins/org.apache.cordova.file/www/fileSystems.js
V/Telerik ( 1200): Extract file: /data/data/com.finys.prototype.insured/files/12590FAA-5EDD-4B12-856D-F52A0A1599F2/plugins/org.apache.cordova.file/www/requestFileSystem.js
V/Telerik ( 1200): Extract file: /data/data/com.finys.prototype.insured/files/12590FAA-5EDD-4B12-856D-F52A0A1599F2/plugins/org.apache.cordova.file/www/resolveLocalFileSystemURI.js
V/Telerik ( 1200): Extract file: /data/data/com.finys.prototype.insured/files/12590FAA-5EDD-4B12-856D-F52A0A1599F2/plugins/org.apache.cordova.globalization/www/GlobalizationError.js
V/Telerik ( 1200): Extract file: /data/data/com.finys.prototype.insured/files/12590FAA-5EDD-4B12-856D-F52A0A1599F2/plugins/org.apache.cordova.globalization/www/globalization.js
V/Telerik ( 1200): Extract file: /data/data/com.finys.prototype.insured/files/12590FAA-5EDD-4B12-856D-F52A0A1599F2/plugins/org.apache.cordova.inappbrowser/www/inappbrowser.js
V/Telerik ( 1200): Extract file: /data/data/com.finys.prototype.insured/files/12590FAA-5EDD-4B12-856D-F52A0A1599F2/plugins/org.apache.cordova.media-capture/www/CaptureAudioOptions.js
V/Telerik ( 1200): Extract file: /data/data/com.finys.prototype.insured/files/12590FAA-5EDD-4B12-856D-F52A0A1599F2/plugins/org.apache.cordova.media-capture/www/CaptureError.js
V/Telerik ( 1200): Extract file: /data/data/com.finys.prototype.insured/files/12590FAA-5EDD-4B12-856D-F52A0A1599F2/plugins/org.apache.cordova.media-capture/www/CaptureImageOptions.js
V/Telerik ( 1200): Extract file: /data/data/com.finys.prototype.insured/files/12590FAA-5EDD-4B12-856D-F52A0A1599F2/plugins/org.apache.cordova.media-capture/www/CaptureVideoOptions.js
V/Telerik ( 1200): Extract file: /data/data/com.finys.prototype.insured/files/12590FAA-5EDD-4B12-856D-F52A0A1599F2/plugins/org.apache.cordova.media-capture/www/MediaFile.js
V/Telerik ( 1200): Extract file: /data/data/com.finys.prototype.insured/files/12590FAA-5EDD-4B12-856D-F52A0A1599F2/plugins/org.apache.cordova.media-capture/www/MediaFileData.js
D/dalvikvm( 1200): GC_CONCURRENT freed 414K, 26% free 3444K/4620K, paused 11ms+19ms, total 95ms
V/Telerik ( 1200): Extract file: /data/data/com.finys.prototype.insured/files/12590FAA-5EDD-4B12-856D-F52A0A1599F2/plugins/org.apache.cordova.media-capture/www/capture.js
V/Telerik ( 1200): Extract file: /data/data/com.finys.prototype.insured/files/12590FAA-5EDD-4B12-856D-F52A0A1599F2/plugins/org.apache.cordova.media/www/Media.js
V/Telerik ( 1200): Extract file: /data/data/com.finys.prototype.insured/files/12590FAA-5EDD-4B12-856D-F52A0A1599F2/plugins/org.apache.cordova.media/www/MediaError.js
V/Telerik ( 1200): Extract file: /data/data/com.finys.prototype.insured/files/12590FAA-5EDD-4B12-856D-F52A0A1599F2/plugins/org.apache.cordova.network-information/www/Connection.js
V/Telerik ( 1200): Extract file: /data/data/com.finys.prototype.insured/files/12590FAA-5EDD-4B12-856D-F52A0A1599F2/plugins/org.apache.cordova.network-information/www/network.js
V/Telerik ( 1200): Extract file: /data/data/com.finys.prototype.insured/files/12590FAA-5EDD-4B12-856D-F52A0A1599F2/plugins/org.apache.cordova.splashscreen/www/splashscreen.js
V/Telerik ( 1200): Extract file: /data/data/com.finys.prototype.insured/files/12590FAA-5EDD-4B12-856D-F52A0A1599F2/plugins/org.apache.cordova.statusbar/www/statusbar.js
I/ActivityManager( 482): Delay finish: com.android.providers.downloads/.DownloadReceiver
V/Telerik ( 1200): Extract file: /data/data/com.finys.prototype.insured/files/12590FAA-5EDD-4B12-856D-F52A0A1599F2/plugins/org.apache.cordova.vibration/www/vibration.js
V/Telerik ( 1200): Extract file: /data/data/com.finys.prototype.insured/files/12590FAA-5EDD-4B12-856D-F52A0A1599F2/scripts/common.js
V/Telerik ( 1200): Extract file: /data/data/com.finys.prototype.insured/files/12590FAA-5EDD-4B12-856D-F52A0A1599F2/scripts/demo.js
V/Telerik ( 1200): Extract file: /data/data/com.finys.prototype.insured/files/12590FAA-5EDD-4B12-856D-F52A0A1599F2/scripts/finyscipher.js
V/Telerik ( 1200): Extract file: /data/data/com.finys.prototype.insured/files/12590FAA-5EDD-4B12-856D-F52A0A1599F2/scripts/incident.js
V/Telerik ( 1200): Extract file: /data/data/com.finys.prototype.insured/files/12590FAA-5EDD-4B12-856D-F52A0A1599F2/scripts/insured.js
V/Telerik ( 1200): Extract file: /data/data/com.finys.prototype.insured/files/12590FAA-5EDD-4B12-856D-F52A0A1599F2/scripts/junk.js
I/ActivityManager( 482): Resuming delayed broadcast
V/Telerik ( 1200): Extract file: /data/data/com.finys.prototype.insured/files/12590FAA-5EDD-4B12-856D-F52A0A1599F2/scripts/models.js
V/Telerik ( 1200): Extract file: /data/data/com.finys.prototype.insured/files/12590FAA-5EDD-4B12-856D-F52A0A1599F2/scripts/paypal.js
I/ActivityManager( 482): Delay finish: com.android.providers.media/.MediaScannerReceiver
V/Telerik ( 1200): Extract file: /data/data/com.finys.prototype.insured/files/12590FAA-5EDD-4B12-856D-F52A0A1599F2/styles/insured.css
V/Telerik ( 1200): Extract file: /data/data/com.finys.prototype.insured/files/12590FAA-5EDD-4B12-856D-F52A0A1599F2/styles/junk.css
V/Telerik ( 1200): Extract file: /data/data/com.finys.prototype.insured/files/12590FAA-5EDD-4B12-856D-F52A0A1599F2/styles/main.css
V/Telerik ( 1200): Extract file: /data/data/com.finys.prototype.insured/files/12590FAA-5EDD-4B12-856D-F52A0A1599F2/views/claimstips.html
V/Telerik ( 1200): Extract file: /data/data/com.finys.prototype.insured/files/12590FAA-5EDD-4B12-856D-F52A0A1599F2/views/contactus.html
V/Telerik ( 1200): Extract file: /data/data/com.finys.prototype.insured/files/12590FAA-5EDD-4B12-856D-F52A0A1599F2/views/datetest.html
V/Telerik ( 1200): Extract file: /data/data/com.finys.prototype.insured/files/12590FAA-5EDD-4B12-856D-F52A0A1599F2/views/incident.html
V/Telerik ( 1200): Extract file: /data/data/com.finys.prototype.insured/files/12590FAA-5EDD-4B12-856D-F52A0A1599F2/views/landing.html
V/Telerik ( 1200): Extract file: /data/data/com.finys.prototype.insured/files/12590FAA-5EDD-4B12-856D-F52A0A1599F2/views/paymentoptions.html
V/Telerik ( 1200): Extract file: /data/data/com.finys.prototype.insured/files/12590FAA-5EDD-4B12-856D-F52A0A1599F2/views/paypal.html
V/Telerik ( 1200): Extract file: /data/data/com.finys.prototype.insured/files/12590FAA-5EDD-4B12-856D-F52A0A1599F2/views/policyagent.html
V/Telerik ( 1200): Extract file: /data/data/com.finys.prototype.insured/files/12590FAA-5EDD-4B12-856D-F52A0A1599F2/views/policyinfo.html
V/Telerik ( 1200): Extract file: /data/data/com.finys.prototype.insured/files/12590FAA-5EDD-4B12-856D-F52A0A1599F2/views/policypayment.html
D/dalvikvm( 1200): GC_CONCURRENT freed 396K, 26% free 3434K/4620K, paused 67ms+13ms, total 304ms
V/Telerik ( 1200): Extract file: /data/data/com.finys.prototype.insured/files/12590FAA-5EDD-4B12-856D-F52A0A1599F2/views/verifyuser.html
D/Telerik ( 1200): com.Telerik.LiveSync bootstrapped package com.finys.prototype.insured.
D/CordovaWebView( 1200): >>> loadUrl(file:///data/data/com.finys.prototype.insured/files/12590FAA-5EDD-4B12-856D-F52A0A1599F2/index.html)
D/CordovaWebView( 1200): >>> loadUrlNow()
I/Choreographer( 482): Skipped 43 frames! The application may be doing too much work on its main thread.
I/Choreographer( 482): Skipped 56 frames! The application may be doing too much work on its main thread.
D/dalvikvm( 1200): GC_CONCURRENT freed 473K, 25% free 3472K/4620K, paused 26ms+7ms, total 86ms
D/dalvikvm( 1200): WAIT_FOR_CONCURRENT_GC blocked 45ms
I/Choreographer( 1200): Skipped 614 frames! The application may be doing too much work on its main thread.
D/CordovaWebViewClient( 1200): onPageStarted(file:///data/data/com.finys.prototype.insured/files/12590FAA-5EDD-4B12-856D-F52A0A1599F2/index.html)
D/JsMessageQueue( 1200): Set native->JS mode to null
D/CordovaActivity( 1200): onMessage(onPageStarted,file:///data/data/com.finys.prototype.insured/files/12590FAA-5EDD-4B12-856D-F52A0A1599F2/index.html)
I/Choreographer( 482): Skipped 83 frames! The application may be doing too much work on its main thread.
I/Choreographer( 482): Skipped 55 frames! The application may be doing too much work on its main thread.
D/AndroidRuntime( 1438):
D/AndroidRuntime( 1438): >>>>>> AndroidRuntime START com.android.internal.os.RuntimeInit <<<<<<
D/AndroidRuntime( 1440):
D/AndroidRuntime( 1440): >>>>>> AndroidRuntime START com.android.internal.os.RuntimeInit <<<<<<
D/AndroidRuntime( 1440): CheckJNI is ON
D/AndroidRuntime( 1438): CheckJNI is ON
D/dalvikvm( 1440): Trying to load lib libjavacore.so 0x0
D/dalvikvm( 1440): Added shared lib libjavacore.so 0x0
D/dalvikvm( 1438): Trying to load lib libjavacore.so 0x0
D/dalvikvm( 1440): Trying to load lib libnativehelper.so 0x0
D/dalvikvm( 1438): Added shared lib libjavacore.so 0x0
D/dalvikvm( 1440): Added shared lib libnativehelper.so 0x0
D/dalvikvm( 1440): No JNI_OnLoad found in libnativehelper.so 0x0, skipping init
D/dalvikvm( 1438): Trying to load lib libnativehelper.so 0x0
D/dalvikvm( 1438): Added shared lib libnativehelper.so 0x0
D/dalvikvm( 1438): No JNI_OnLoad found in libnativehelper.so 0x0, skipping init
D/dalvikvm( 1440): Note: class Landroid/app/ActivityManagerNative; has 179 unimplemented (abstract) methods
D/dalvikvm( 1438): Note: class Landroid/app/ActivityManagerNative; has 179 unimplemented (abstract) methods
E/memtrack( 1440): Couldn't load memtrack module (No such file or directory)
E/android.os.Debug( 1440): failed to load memtrack module: -2
E/memtrack( 1438): Couldn't load memtrack module (No such file or directory)
E/android.os.Debug( 1438): failed to load memtrack module: -2
D/AndroidRuntime( 1440): Calling main entry com.android.commands.pm.Pm
D/AndroidRuntime( 1438): Calling main entry com.android.commands.pm.Pm
I/ActivityManager( 482): Waited long enough for: ServiceRecord{b3023e88 u0 com.android.providers.media/.MediaScannerService}
I/ActivityManager( 482): Resuming delayed broadcast
D/AndroidRuntime( 1440): Shutting down VM
D/dalvikvm( 1440): GC_CONCURRENT freed 196K, 27% free 567K/768K, paused 3ms+4ms, total 92ms
D/AndroidRuntime( 1438): Shutting down VM
D/dalvikvm( 1438): GC_CONCURRENT freed 196K, 27% free 567K/768K, paused 24ms+22ms, total 63ms
I/ActivityManager( 482): Start proc com.android.mms for broadcast com.android.mms/.transaction.MmsSystemEventReceiver: pid=1478 uid=10009 gids={50009, 3003, 1028, 1015}
D/AndroidRuntime( 1476):
D/AndroidRuntime( 1476): >>>>>> AndroidRuntime START com.android.internal.os.RuntimeInit <<<<<<
D/AndroidRuntime( 1476): CheckJNI is ON
D/dalvikvm( 1476): Trying to load lib libjavacore.so 0x0
D/dalvikvm( 1476): Added shared lib libjavacore.so 0x0
D/dalvikvm( 1476): Trying to load lib libnativehelper.so 0x0
D/dalvikvm( 1476): Added shared lib libnativehelper.so 0x0
D/dalvikvm( 1476): No JNI_OnLoad found in libnativehelper.so 0x0, skipping init
