I/Choreographer( 482): Skipped 69 frames! The application may be doing too much work on its main thread.
I/Choreographer( 482): Skipped 77 frames! The application may be doing too much work on its main thread.
I/Choreographer( 482): Skipped 130 frames! The application may be doing too much work on its main thread.
I/Choreographer( 1200): Skipped 37 frames! The application may be doing too much work on its main thread.
I/Choreographer( 482): Skipped 104 frames! The application may be doing too much work on its main thread.
I/Choreographer( 1200): Skipped 133 frames! The application may be doing too much work on its main thread.
I/Choreographer( 1200): Skipped 32 frames! The application may be doing too much work on its main thread.
I/Choreographer( 1200): Skipped 78 frames! The application may be doing too much work on its main thread.
I/Choreographer( 1200): Skipped 43 frames! The application may be doing too much work on its main thread.
I/Choreographer( 1200): Skipped 33 frames! The application may be doing too much work on its main thread.
I/Choreographer( 1200): Skipped 30 frames! The application may be doing too much work on its main thread.
I/Choreographer( 1200): Skipped 123 frames! The application may be doing too much work on its main thread.
I/Choreographer( 1200): Skipped 30 frames! The application may be doing too much work on its main thread.
I/Choreographer( 1200): Skipped 52 frames! The application may be doing too much work on its main thread.
I/Choreographer( 1200): Skipped 41 frames! The application may be doing too much work on its main thread.
I/Choreographer( 1200): Skipped 64 frames! The application may be doing too much work on its main thread.
I/Choreographer( 1200): Skipped 36 frames! The application may be doing too much work on its main thread.
I/Choreographer( 1200): Skipped 30 frames! The application may be doing too much work on its main thread.
I/Choreographer( 1200): Skipped 57 frames! The application may be doing too much work on its main thread.
I/Choreographer( 1200): Skipped 47 frames! The application may be doing too much work on its main thread.
I/Choreographer( 1200): Skipped 40 frames! The application may be doing too much work on its main thread.
I/Choreographer( 1200): Skipped 42 frames! The application may be doing too much work on its main thread.
I/Choreographer( 1200): Skipped 30 frames! The application may be doing too much work on its main thread.
I/Choreographer( 1200): Skipped 35 frames! The application may be doing too much work on its main thread.
I/Choreographer( 1200): Skipped 50 frames! The application may be doing too much work on its main thread.
I/Choreographer( 1200): Skipped 31 frames! The application may be doing too much work on its main thread.
D/dalvikvm( 1200): GC_CONCURRENT freed 688K, 12% free 5688K/6440K, paused 170ms+124ms, total 1940ms
D/dalvikvm( 1200): WAIT_FOR_CONCURRENT_GC blocked 136ms
I/Choreographer( 1200): Skipped 71 frames! The application may be doing too much work on its main thread.
I/Choreographer( 1200): Skipped 31 frames! The application may be doing too much work on its main thread.
I/Choreographer( 1200): Skipped 30 frames! The application may be doing too much work on its main thread.
I/Choreographer( 1200): Skipped 32 frames! The application may be doing too much work on its main thread.
I/Choreographer( 1200): Skipped 41 frames! The application may be doing too much work on its main thread.
I/Choreographer( 1200): Skipped 33 frames! The application may be doing too much work on its main thread.
I/Choreographer( 1200): Skipped 53 frames! The application may be doing too much work on its main thread.
I/Choreographer( 1200): Skipped 51 frames! The application may be doing too much work on its main thread.
I/Choreographer( 1200): Skipped 36 frames! The application may be doing too much work on its main thread.
I/Choreographer( 1200): Skipped 93 frames! The application may be doing too much work on its main thread.
I/Choreographer( 1200): Skipped 79 frames! The application may be doing too much work on its main thread.
I/Choreographer( 1200): Skipped 75 frames! The application may be doing too much work on its main thread.
I/Choreographer( 1200): Skipped 57 frames! The application may be doing too much work on its main thread.
I/Choreographer( 1200): Skipped 46 frames! The application may be doing too much work on its main thread.
I/Choreographer( 1200): Skipped 34 frames! The application may be doing too much work on its main thread.
I/Choreographer( 1200): Skipped 50 frames! The application may be doing too much work on its main thread.
I/Choreographer( 1200): Skipped 34 frames! The application may be doing too much work on its main thread.
I/Choreographer( 1200): Skipped 30 frames! The application may be doing too much work on its main thread.
I/Choreographer( 1200): Skipped 43 frames! The application may be doing too much work on its main thread.
I/Choreographer( 846): Skipped 79 frames! The application may be doing too much work on its main thread.
I/Choreographer( 1200): Skipped 65 frames! The application may be doing too much work on its main thread.
I/Choreographer( 1200): Skipped 31 frames! The application may be doing too much work on its main thread.
I/Choreographer( 1200): Skipped 32 frames! The application may be doing too much work on its main thread.
I/Choreographer( 1200): Skipped 45 frames! The application may be doing too much work on its main thread.
I/Choreographer( 1200): Skipped 33 frames! The application may be doing too much work on its main thread.
I/Choreographer( 1200): Skipped 49 frames! The application may be doing too much work on its main thread.
I/Choreographer( 1200): Skipped 32 frames! The application may be doing too much work on its main thread.
I/Choreographer( 1200): Skipped 43 frames! The application may be doing too much work on its main thread.
I/Choreographer( 1200): Skipped 31 frames! The application may be doing too much work on its main thread.
I/Choreographer( 1200): Skipped 44 frames! The application may be doing too much work on its main thread.
I/Choreographer( 1200): Skipped 36 frames! The application may be doing too much work on its main thread.
I/Choreographer( 1200): Skipped 32 frames! The application may be doing too much work on its main thread.
I/Choreographer( 1200): Skipped 35 frames! The application may be doing too much work on its main thread.
I/Choreographer( 1200): Skipped 33 frames! The application may be doing too much work on its main thread.
I/Choreographer( 1200): Skipped 31 frames! The application may be doing too much work on its main thread.
I/Choreographer( 1200): Skipped 34 frames! The application may be doing too much work on its main thread.
I/Choreographer( 1200): Skipped 89 frames! The application may be doing too much work on its main thread.
I/Choreographer( 1200): Skipped 35 frames! The application may be doing too much work on its main thread.
I/Choreographer( 1200): Skipped 48 frames! The application may be doing too much work on its main thread.
I/Choreographer( 1200): Skipped 33 frames! The application may be doing too much work on its main thread.
I/Choreographer( 1200): Skipped 51 frames! The application may be doing too much work on its main thread.
I/Choreographer( 1200): Skipped 32 frames! The application may be doing too much work on its main thread.
I/Choreographer( 1200): Skipped 43 frames! The application may be doing too much work on its main thread.
I/Choreographer( 1200): Skipped 47 frames! The application may be doing too much work on its main thread.
I/Choreographer( 1200): Skipped 34 frames! The application may be doing too much work on its main thread.
I/Choreographer( 1200): Skipped 36 frames! The application may be doing too much work on its main thread.
I/Choreographer( 1200): Skipped 33 frames! The application may be doing too much work on its main thread.
I/Choreographer( 1200): Skipped 33 frames! The application may be doing too much work on its main thread.
I/Choreographer( 1200): Skipped 35 frames! The application may be doing too much work on its main thread.
I/Choreographer( 1200): Skipped 32 frames! The application may be doing too much work on its main thread.
I/Choreographer( 1200): Skipped 41 frames! The application may be doing too much work on its main thread.
I/Choreographer( 1200): Skipped 30 frames! The application may be doing too much work on its main thread.
I/Choreographer( 1200): Skipped 30 frames! The application may be doing too much work on its main thread.
W/paypal.sdk( 1200): cv SN:10 PayPal Debug-ID: 2c5adfa89d57b [sandbox, 2.10.0;release]
I/Choreographer( 1200): Skipped 36 frames! The application may be doing too much work on its main thread.
I/Choreographer( 1200): Skipped 37 frames! The application may be doing too much work on its main thread.
I/ActivityManager( 482): START u0 {cmp=com.finys.prototype.insured/com.paypal.android.sdk.payments.PaymentMethodActivity (has extras)} from pid 1200
I/Choreographer( 1200): Skipped 56 frames! The application may be doing too much work on its main thread.
I/Choreographer( 482): Skipped 42 frames! The application may be doing too much work on its main thread.
I/Choreographer( 1200): Skipped 308 frames! The application may be doing too much work on its main thread.
D/dalvikvm( 1200): GC_CONCURRENT freed 809K, 14% free 5877K/6772K, paused 148ms+97ms, total 841ms
D/dalvikvm( 1200): WAIT_FOR_CONCURRENT_GC blocked 509ms
I/Choreographer( 482): Skipped 34 frames! The application may be doing too much work on its main thread.
I/Choreographer( 1200): Skipped 1092 frames! The application may be doing too much work on its main thread.
I/Choreographer( 482): Skipped 31 frames! The application may be doing too much work on its main thread.
I/Choreographer( 482): Skipped 35 frames! The application may be doing too much work on its main thread.
I/Choreographer( 1200): Skipped 563 frames! The application may be doing too much work on its main thread.
I/Choreographer( 482): Skipped 41 frames! The application may be doing too much work on its main thread.
I/Choreographer( 482): Skipped 32 frames! The application may be doing too much work on its main thread.
I/Choreographer( 482): Skipped 32 frames! The application may be doing too much work on its main thread.
I/Choreographer( 1200): Skipped 408 frames! The application may be doing too much work on its main thread.
I/Choreographer( 482): Skipped 118 frames! The application may be doing too much work on its main thread.
I/ActivityManager( 482): Displayed com.finys.prototype.insured/com.paypal.android.sdk.payments.PaymentMethodActivity: +3s635ms
I/Choreographer( 482): Skipped 45 frames! The application may be doing too much work on its main thread.
D/dalvikvm( 1200): Trying to load lib /data/app-lib/com.finys.prototype.insured-1/libcardioDecider.so 0xb2d2e080
I/Choreographer( 482): Skipped 36 frames! The application may be doing too much work on its main thread.
I/Choreographer( 1200): Skipped 233 frames! The application may be doing too much work on its main thread.
I/Choreographer( 482): Skipped 71 frames! The application may be doing too much work on its main thread.
D/dalvikvm( 1200): Added shared lib /data/app-lib/com.finys.prototype.insured-1/libcardioDecider.so 0xb2d2e080
I/Choreographer( 482): Skipped 108 frames! The application may be doing too much work on its main thread.
D/dalvikvm( 1200): Trying to load lib /data/app-lib/com.finys.prototype.insured-1/libopencv_core.so 0xb2d2e080
I/Choreographer( 482): Skipped 46 frames! The application may be doing too much work on its main thread.
D/dalvikvm( 1200): Added shared lib /data/app-lib/com.finys.prototype.insured-1/libopencv_core.so 0xb2d2e080
D/dalvikvm( 1200): No JNI_OnLoad found in /data/app-lib/com.finys.prototype.insured-1/libopencv_core.so 0xb2d2e080, skipping init
D/dalvikvm( 1200): Trying to load lib /data/app-lib/com.finys.prototype.insured-1/libopencv_imgproc.so 0xb2d2e080
D/dalvikvm( 1200): Added shared lib /data/app-lib/com.finys.prototype.insured-1/libopencv_imgproc.so 0xb2d2e080
D/dalvikvm( 1200): No JNI_OnLoad found in /data/app-lib/com.finys.prototype.insured-1/libopencv_imgproc.so 0xb2d2e080, skipping init
D/dalvikvm( 1200): Trying to load lib /data/app-lib/com.finys.prototype.insured-1/libcardioRecognizer.so 0xb2d2e080
D/dalvikvm( 1200): Added shared lib /data/app-lib/com.finys.prototype.insured-1/libcardioRecognizer.so 0xb2d2e080
W/card.io ( 1200): - No camera found
E/SoundPool( 482): error loading /system/media/audio/ui/Effect_Tick.ogg
W/AudioService( 482): Soundpool could not load file: /system/media/audio/ui/Effect_Tick.ogg
E/SoundPool( 482): error loading /system/media/audio/ui/Effect_Tick.ogg
W/AudioService( 482): Soundpool could not load file: /system/media/audio/ui/Effect_Tick.ogg
E/SoundPool( 482): error loading /system/media/audio/ui/Effect_Tick.ogg
W/AudioService( 482): Soundpool could not load file: /system/media/audio/ui/Effect_Tick.ogg
E/SoundPool( 482): error loading /system/media/audio/ui/Effect_Tick.ogg
W/AudioService( 482): Soundpool could not load file: /system/media/audio/ui/Effect_Tick.ogg
E/SoundPool( 482): error loading /system/media/audio/ui/Effect_Tick.ogg
W/AudioService( 482): Soundpool could not load file: /system/media/audio/ui/Effect_Tick.ogg
E/SoundPool( 482): error loading /system/media/audio/ui/KeypressStandard.ogg
W/AudioService( 482): Soundpool could not load file: /system/media/audio/ui/KeypressStandard.ogg
E/SoundPool( 482): error loading /system/media/audio/ui/KeypressSpacebar.ogg
W/AudioService( 482): Soundpool could not load file: /system/media/audio/ui/KeypressSpacebar.ogg
E/SoundPool( 482): error loading /system/media/audio/ui/KeypressDelete.ogg
W/AudioService( 482): Soundpool could not load file: /system/media/audio/ui/KeypressDelete.ogg
E/SoundPool( 482): error loading /system/media/audio/ui/KeypressReturn.ogg
W/AudioService( 482): Soundpool could not load file: /system/media/audio/ui/KeypressReturn.ogg
E/SoundPool( 482): error loading /system/media/audio/ui/KeypressInvalid.ogg
W/AudioService( 482): Soundpool could not load file: /system/media/audio/ui/KeypressInvalid.ogg
W/AudioService( 482): onLoadSoundEffects(), Error -1 while loading samples
I/ActivityManager( 482): START u0 {cmp=com.finys.prototype.insured/com.paypal.android.sdk.payments.PaymentConfirmActivity (has extras)} from pid 1200
I/Choreographer( 1200): Skipped 66 frames! The application may be doing too much work on its main thread.
I/Choreographer( 482): Skipped 39 frames! The application may be doing too much work on its main thread.
I/ActivityManager( 482): START u0 {cmp=com.finys.prototype.insured/com.paypal.android.sdk.payments.LoginActivity (has extras)} from pid 1200
I/Choreographer( 482): Skipped 47 frames! The application may be doing too much work on its main thread.
I/Choreographer( 1200): Skipped 140 frames! The application may be doing too much work on its main thread.
W/ActivityManager( 482): Activity pause timeout for ActivityRecord{b303f408 u0 com.finys.prototype.insured/com.paypal.android.sdk.payments.PaymentConfirmActivity t2}
I/Choreographer( 482): Skipped 66 frames! The application may be doing too much work on its main thread.
I/Choreographer( 1200): Skipped 345 frames! The application may be doing too much work on its main thread.
I/Choreographer( 482): Skipped 48 frames! The application may be doing too much work on its main thread.
I/Choreographer( 482): Skipped 33 frames! The application may be doing too much work on its main thread.
I/Choreographer( 482): Skipped 30 frames! The application may be doing too much work on its main thread.
I/Choreographer( 482): Skipped 30 frames! The application may be doing too much work on its main thread.
I/Choreographer( 482): Skipped 111 frames! The application may be doing too much work on its main thread.
I/Choreographer( 482): Skipped 34 frames! The application may be doing too much work on its main thread.
D/dalvikvm( 1200): GC_FOR_ALLOC freed 353K, 9% free 6366K/6964K, paused 455ms, total 457ms
I/Choreographer( 482): Skipped 30 frames! The application may be doing too much work on its main thread.
I/Choreographer( 482): Skipped 34 frames! The application may be doing too much work on its main thread.
I/Choreographer( 482): Skipped 35 frames! The application may be doing too much work on its main thread.
I/Choreographer( 482): Skipped 45 frames! The application may be doing too much work on its main thread.
I/Choreographer( 482): Skipped 30 frames! The application may be doing too much work on its main thread.
I/Choreographer( 482): Skipped 36 frames! The application may be doing too much work on its main thread.
I/Choreographer( 1200): Skipped 1581 frames! The application may be doing too much work on its main thread.
I/Choreographer( 482): Skipped 68 frames! The application may be doing too much work on its main thread.
I/Choreographer( 482): Skipped 31 frames! The application may be doing too much work on its main thread.
I/Choreographer( 482): Skipped 35 frames! The application may be doing too much work on its main thread.
I/Choreographer( 482): Skipped 56 frames! The application may be doing too much work on its main thread.
D/dalvikvm( 482): GC_CONCURRENT freed 551K, 12% free 5667K/6368K, paused 34ms+100ms, total 2343ms
I/Choreographer( 482): Skipped 43 frames! The application may be doing too much work on its main thread.
I/Choreographer( 482): Skipped 33 frames! The application may be doing too much work on its main thread.
I/Choreographer( 482): Skipped 48 frames! The application may be doing too much work on its main thread.
I/Choreographer( 482): Skipped 50 frames! The application may be doing too much work on its main thread.
I/Choreographer( 482): Skipped 48 frames! The application may be doing too much work on its main thread.
I/Choreographer( 482): Skipped 37 frames! The application may be doing too much work on its main thread.
I/Choreographer( 482): Skipped 39 frames! The application may be doing too much work on its main thread.
I/Choreographer( 482): Skipped 34 frames! The application may be doing too much work on its main thread.
I/Choreographer( 482): Skipped 100 frames! The application may be doing too much work on its main thread.
I/Choreographer( 482): Skipped 57 frames! The application may be doing too much work on its main thread.
I/Choreographer( 482): Skipped 37 frames! The application may be doing too much work on its main thread.
I/Choreographer( 482): Skipped 52 frames! The application may be doing too much work on its main thread.
I/Choreographer( 482): Skipped 169 frames! The application may be doing too much work on its main thread.
I/Choreographer( 1200): Skipped 1271 frames! The application may be doing too much work on its main thread.
I/Choreographer( 482): Skipped 34 frames! The application may be doing too much work on its main thread.
I/Choreographer( 482): Skipped 30 frames! The application may be doing too much work on its main thread.
I/Choreographer( 482): Skipped 60 frames! The application may be doing too much work on its main thread.
I/ActivityManager( 482): Displayed com.finys.prototype.insured/com.paypal.android.sdk.payments.LoginActivity: +6s8ms (total +7s550ms)
I/Choreographer( 1200): Skipped 34 frames! The application may be doing too much work on its main thread.
I/Choreographer( 1200): Skipped 348 frames! The application may be doing too much work on its main thread.
I/LatinIME:LogUtils( 662): Dictionary info: dictionary = contacts.en_US.dict ; version = ? ; date = ?
E/SoundPool( 482): error loading /system/media/audio/ui/Effect_Tick.ogg
W/AudioService( 482): Soundpool could not load file: /system/media/audio/ui/Effect_Tick.ogg
E/SoundPool( 482): error loading /system/media/audio/ui/Effect_Tick.ogg
W/AudioService( 482): Soundpool could not load file: /system/media/audio/ui/Effect_Tick.ogg
E/SoundPool( 482): error loading /system/media/audio/ui/Effect_Tick.ogg
W/AudioService( 482): Soundpool could not load file: /system/media/audio/ui/Effect_Tick.ogg
E/SoundPool( 482): error loading /system/media/audio/ui/Effect_Tick.ogg
W/AudioService( 482): Soundpool could not load file: /system/media/audio/ui/Effect_Tick.ogg
E/SoundPool( 482): error loading /system/media/audio/ui/Effect_Tick.ogg
W/AudioService( 482): Soundpool could not load file: /system/media/audio/ui/Effect_Tick.ogg
E/SoundPool( 482): error loading /system/media/audio/ui/KeypressStandard.ogg
W/AudioService( 482): Soundpool could not load file: /system/media/audio/ui/KeypressStandard.ogg
E/SoundPool( 482): error loading /system/media/audio/ui/KeypressSpacebar.ogg
W/AudioService( 482): Soundpool could not load file: /system/media/audio/ui/KeypressSpacebar.ogg
E/SoundPool( 482): error loading /system/media/audio/ui/KeypressDelete.ogg
W/AudioService( 482): Soundpool could not load file: /system/media/audio/ui/KeypressDelete.ogg
E/SoundPool( 482): error loading /system/media/audio/ui/KeypressReturn.ogg
W/AudioService( 482): Soundpool could not load file: /system/media/audio/ui/KeypressReturn.ogg
E/SoundPool( 482): error loading /system/media/audio/ui/KeypressInvalid.ogg
W/AudioService( 482): Soundpool could not load file: /system/media/audio/ui/KeypressInvalid.ogg
W/AudioService( 482): onLoadSoundEffects(), Error -1 while loading samples
I/Choreographer( 1200): Skipped 93 frames! The application may be doing too much work on its main thread.
I/Choreographer( 482): Skipped 89 frames! The application may be doing too much work on its main thread.
I/Choreographer( 1200): Skipped 280 frames! The application may be doing too much work on its main thread.
I/Choreographer( 1200): Skipped 145 frames! The application may be doing too much work on its main thread.
I/Choreographer( 482): Skipped 31 frames! The application may be doing too much work on its main thread.
I/Choreographer( 1200): Skipped 117 frames! The application may be doing too much work on its main thread.
I/Choreographer( 482): Skipped 83 frames! The application may be doing too much work on its main thread.
I/Choreographer( 1200): Skipped 94 frames! The application may be doing too much work on its main thread.
I/Choreographer( 482): Skipped 63 frames! The application may be doing too much work on its main thread.
I/Choreographer( 482): Skipped 45 frames! The application may be doing too much work on its main thread.
I/Choreographer( 482): Skipped 35 frames! The application may be doing too much work on its main thread.
I/Choreographer( 1200): Skipped 176 frames! The application may be doing too much work on its main thread.
D/dalvikvm( 1200): GC_CONCURRENT freed 669K, 10% free 6921K/7676K, paused 278ms+19ms, total 1628ms
D/dalvikvm( 1200): WAIT_FOR_CONCURRENT_GC blocked 111ms
D/dalvikvm( 1200): WAIT_FOR_CONCURRENT_GC blocked 131ms
D/dalvikvm( 1200): WAIT_FOR_CONCURRENT_GC blocked 99ms
I/Choreographer( 1200): Skipped 300 frames! The application may be doing too much work on its main thread.
I/Choreographer( 1200): Skipped 45 frames! The application may be doing too much work on its main thread.
I/Choreographer( 1200): Skipped 36 frames! The application may be doing too much work on its main thread.
I/Choreographer( 1200): Skipped 48 frames! The application may be doing too much work on its main thread.
I/Choreographer( 1200): Skipped 69 frames! The application may be doing too much work on its main thread.
I/Choreographer( 1200): Skipped 34 frames! The application may be doing too much work on its main thread.
I/Choreographer( 1200): Skipped 30 frames! The application may be doing too much work on its main thread.
I/Choreographer( 1200): Skipped 79 frames! The application may be doing too much work on its main thread.
I/Choreographer( 1200): Skipped 35 frames! The application may be doing too much work on its main thread.
I/Choreographer( 1200): Skipped 45 frames! The application may be doing too much work on its main thread.
I/Choreographer( 1200): Skipped 73 frames! The application may be doing too much work on its main thread.
I/Choreographer( 1200): Skipped 49 frames! The application may be doing too much work on its main thread.
I/Choreographer( 1200): Skipped 47 frames! The application may be doing too much work on its main thread.
I/Choreographer( 1200): Skipped 145 frames! The application may be doing too much work on its main thread.
I/Choreographer( 1200): Skipped 38 frames! The application may be doing too much work on its main thread.
I/Choreographer( 1200): Skipped 43 frames! The application may be doing too much work on its main thread.
I/Choreographer( 1200): Skipped 163 frames! The application may be doing too much work on its main thread.
I/Choreographer( 1200): Skipped 30 frames! The application may be doing too much work on its main thread.
I/Choreographer( 1200): Skipped 61 frames! The application may be doing too much work on its main thread.
I/Choreographer( 1200): Skipped 30 frames! The application may be doing too much work on its main thread.
I/Choreographer( 1200): Skipped 32 frames! The application may be doing too much work on its main thread.
I/Choreographer( 1200): Skipped 51 frames! The application may be doing too much work on its main thread.
I/Choreographer( 1200): Skipped 70 frames! The application may be doing too much work on its main thread.
D/MobileDataStateTracker( 482): default: setPolicyDataEnable(enabled=true)
I/Choreographer( 1200): Skipped 34 frames! The application may be doing too much work on its main thread.
I/Choreographer( 1200): Skipped 58 frames! The application may be doing too much work on its main thread.
I/Choreographer( 1200): Skipped 39 frames! The application may be doing too much work on its main thread.
I/Choreographer( 1200): Skipped 36 frames! The application may be doing too much work on its main thread.
I/Choreographer( 1200): Skipped 54 frames! The application may be doing too much work on its main thread.
I/Choreographer( 1200): Skipped 49 frames! The application may be doing too much work on its main thread.
I/Choreographer( 1200): Skipped 49 frames! The application may be doing too much work on its main thread.
I/Choreographer( 1200): Skipped 42 frames! The application may be doing too much work on its main thread.
I/Choreographer( 1200): Skipped 56 frames! The application may be doing too much work on its main thread.
I/Choreographer( 1200): Skipped 46 frames! The application may be doing too much work on its main thread.
I/Choreographer( 1200): Skipped 53 frames! The application may be doing too much work on its main thread.
I/Choreographer( 1200): Skipped 85 frames! The application may be doing too much work on its main thread.
I/Choreographer( 1200): Skipped 30 frames! The application may be doing too much work on its main thread.
I/Choreographer( 1200): Skipped 85 frames! The application may be doing too much work on its main thread.
I/Choreographer( 1200): Skipped 53 frames! The application may be doing too much work on its main thread.
I/Choreographer( 1200): Skipped 114 frames! The application may be doing too much work on its main thread.
I/Choreographer( 1200): Skipped 34 frames! The application may be doing too much work on its main thread.
I/Choreographer( 1200): Skipped 31 frames! The application may be doing too much work on its main thread.
I/Choreographer( 1200): Skipped 73 frames! The application may be doing too much work on its main thread.
I/Choreographer( 1200): Skipped 39 frames! The application may be doing too much work on its main thread.
I/Choreographer( 1200): Skipped 62 frames! The application may be doing too much work on its main thread.
I/Choreographer( 1200): Skipped 36 frames! The application may be doing too much work on its main thread.
I/Choreographer( 1200): Skipped 47 frames! The application may be doing too much work on its main thread.
I/Choreographer( 1200): Skipped 47 frames! The application may be doing too much work on its main thread.
I/Choreographer( 1200): Skipped 50 frames! The application may be doing too much work on its main thread.
I/Choreographer( 1200): Skipped 36 frames! The application may be doing too much work on its main thread.
I/Choreographer( 1200): Skipped 44 frames! The application may be doing too much work on its main thread.
I/Choreographer( 1200): Skipped 44 frames! The application may be doing too much work on its main thread.
W/paypal.sdk( 1200): cq SN:21 PayPal Debug-ID: 666833f9a9645 [sandbox, 2.10.0;release]
I/Choreographer( 1200): Skipped 32 frames! The application may be doing too much work on its main thread.
I/Choreographer( 1200): Skipped 91 frames! The application may be doing too much work on its main thread.
I/Choreographer( 1200): Skipped 106 frames! The application may be doing too much work on its main thread.
I/Choreographer( 482): Skipped 33 frames! The application may be doing too much work on its main thread.
I/Choreographer( 482): Skipped 30 frames! The application may be doing too much work on its main thread.
I/Choreographer( 1200): Skipped 434 frames! The application may be doing too much work on its main thread.
I/Choreographer( 482): Skipped 70 frames! The application may be doing too much work on its main thread.
I/Choreographer( 482): Skipped 39 frames! The application may be doing too much work on its main thread.
I/Choreographer( 1200): Skipped 332 frames! The application may be doing too much work on its main thread.
I/Choreographer( 482): Skipped 48 frames! The application may be doing too much work on its main thread.
I/Choreographer( 482): Skipped 65 frames! The application may be doing too much work on its main thread.
I/Choreographer( 482): Skipped 115 frames! The application may be doing too much work on its main thread.
I/Choreographer( 482): Skipped 54 frames! The application may be doing too much work on its main thread.
I/Choreographer( 1200): Skipped 443 frames! The application may be doing too much work on its main thread.
I/Choreographer( 482): Skipped 147 frames! The application may be doing too much work on its main thread.
I/Choreographer( 1200): Skipped 271 frames! The application may be doing too much work on its main thread.
I/Choreographer( 482): Skipped 253 frames! The application may be doing too much work on its main thread.
I/Choreographer( 1200): Skipped 57 frames! The application may be doing too much work on its main thread.
I/Choreographer( 482): Skipped 73 frames! The application may be doing too much work on its main thread.
I/Choreographer( 482): Skipped 42 frames! The application may be doing too much work on its main thread.
I/Choreographer( 482): Skipped 34 frames! The application may be doing too much work on its main thread.
I/Choreographer( 482): Skipped 50 frames! The application may be doing too much work on its main thread.
I/Choreographer( 482): Skipped 69 frames! The application may be doing too much work on its main thread.
I/Choreographer( 1200): Skipped 158 frames! The application may be doing too much work on its main thread.
I/Choreographer( 482): Skipped 59 frames! The application may be doing too much work on its main thread.
I/Choreographer( 1200): Skipped 168 frames! The application may be doing too much work on its main thread.
I/Choreographer( 1200): Skipped 77 frames! The application may be doing too much work on its main thread.
I/Choreographer( 1200): Skipped 44 frames! The application may be doing too much work on its main thread.
I/Choreographer( 1200): Skipped 35 frames! The application may be doing too much work on its main thread.
I/Choreographer( 1200): Skipped 35 frames! The application may be doing too much work on its main thread.
I/Choreographer( 1200): Skipped 35 frames! The application may be doing too much work on its main thread.
I/Choreographer( 1200): Skipped 33 frames! The application may be doing too much work on its main thread.
I/Choreographer( 1200): Skipped 75 frames! The application may be doing too much work on its main thread.
I/Choreographer( 1200): Skipped 41 frames! The application may be doing too much work on its main thread.
I/Choreographer( 1200): Skipped 61 frames! The application may be doing too much work on its main thread.
I/Choreographer( 1200): Skipped 78 frames! The application may be doing too much work on its main thread.
I/Choreographer( 1200): Skipped 50 frames! The application may be doing too much work on its main thread.
I/Choreographer( 1200): Skipped 41 frames! The application may be doing too much work on its main thread.
I/Choreographer( 1200): Skipped 36 frames! The application may be doing too much work on its main thread.
I/Choreographer( 1200): Skipped 74 frames! The application may be doing too much work on its main thread.
I/Choreographer( 1200): Skipped 98 frames! The application may be doing too much work on its main thread.
I/Choreographer( 1200): Skipped 231 frames! The application may be doing too much work on its main thread.
I/Choreographer( 1200): Skipped 140 frames! The application may be doing too much work on its main thread.
I/Choreographer( 1200): Skipped 50 frames! The application may be doing too much work on its main thread.
I/Choreographer( 1200): Skipped 59 frames! The application may be doing too much work on its main thread.
I/Choreographer( 1200): Skipped 42 frames! The application may be doing too much work on its main thread.
I/Choreographer( 1200): Skipped 53 frames! The application may be doing too much work on its main thread.
I/Choreographer( 1200): Skipped 33 frames! The application may be doing too much work on its main thread.
I/Choreographer( 1200): Skipped 39 frames! The application may be doing too much work on its main thread.
I/Choreographer( 1200): Skipped 54 frames! The application may be doing too much work on its main thread.
I/Choreographer( 1200): Skipped 35 frames! The application may be doing too much work on its main thread.
I/Choreographer( 1200): Skipped 48 frames! The application may be doing too much work on its main thread.
I/Choreographer( 1200): Skipped 34 frames! The application may be doing too much work on its main thread.
I/Choreographer( 1200): Skipped 39 frames! The application may be doing too much work on its main thread.
I/Choreographer( 1200): Skipped 44 frames! The application may be doing too much work on its main thread.
I/Choreographer( 1200): Skipped 48 frames! The application may be doing too much work on its main thread.
I/Choreographer( 1200): Skipped 62 frames! The application may be doing too much work on its main thread.
I/Choreographer( 1200): Skipped 42 frames! The application may be doing too much work on its main thread.
I/Choreographer( 1200): Skipped 56 frames! The application may be doing too much work on its main thread.
I/Choreographer( 1200): Skipped 57 frames! The application may be doing too much work on its main thread.
I/Choreographer( 1200): Skipped 40 frames! The application may be doing too much work on its main thread.
I/Choreographer( 1200): Skipped 31 frames! The application may be doing too much work on its main thread.
I/Choreographer( 1200): Skipped 61 frames! The application may be doing too much work on its main thread.
I/Choreographer( 1200): Skipped 31 frames! The application may be doing too much work on its main thread.
I/Choreographer( 1200): Skipped 42 frames! The application may be doing too much work on its main thread.
I/Choreographer( 1200): Skipped 38 frames! The application may be doing too much work on its main thread.
I/Choreographer( 1200): Skipped 31 frames! The application may be doing too much work on its main thread.
I/Choreographer( 1200): Skipped 42 frames! The application may be doing too much work on its main thread.
I/Choreographer( 1200): Skipped 42 frames! The application may be doing too much work on its main thread.
W/paypal.sdk( 1200): ck SN:24 PayPal Debug-ID: d7803a0babb19 [sandbox, 2.10.0;release]
I/Choreographer( 1200): Skipped 69 frames! The application may be doing too much work on its main thread.
I/Choreographer( 482): Skipped 71 frames! The application may be doing too much work on its main thread.
I/Choreographer( 1200): Skipped 358 frames! The application may be doing too much work on its main thread.
I/Choreographer( 482): Skipped 37 frames! The application may be doing too much work on its main thread.
I/Choreographer( 482): Skipped 36 frames! The application may be doing too much work on its main thread.
I/Choreographer( 1200): Skipped 164 frames! The application may be doing too much work on its main thread.
I/Choreographer( 1200): Skipped 56 frames! The application may be doing too much work on its main thread.
E/SoundPool( 482): error loading /system/media/audio/ui/Effect_Tick.ogg
W/AudioService( 482): Soundpool could not load file: /system/media/audio/ui/Effect_Tick.ogg
E/SoundPool( 482): error loading /system/media/audio/ui/Effect_Tick.ogg
W/AudioService( 482): Soundpool could not load file: /system/media/audio/ui/Effect_Tick.ogg
E/SoundPool( 482): error loading /system/media/audio/ui/Effect_Tick.ogg
W/AudioService( 482): Soundpool could not load file: /system/media/audio/ui/Effect_Tick.ogg
E/SoundPool( 482): error loading /system/media/audio/ui/Effect_Tick.ogg
W/AudioService( 482): Soundpool could not load file: /system/media/audio/ui/Effect_Tick.ogg
E/SoundPool( 482): error loading /system/media/audio/ui/Effect_Tick.ogg
W/AudioService( 482): Soundpool could not load file: /system/media/audio/ui/Effect_Tick.ogg
E/SoundPool( 482): error loading /system/media/audio/ui/KeypressStandard.ogg
W/AudioService( 482): Soundpool could not load file: /system/media/audio/ui/KeypressStandard.ogg
I/Choreographer( 1200): Skipped 73 frames! The application may be doing too much work on its main thread.
E/SoundPool( 482): error loading /system/media/audio/ui/KeypressSpacebar.ogg
W/AudioService( 482): Soundpool could not load file: /system/media/audio/ui/KeypressSpacebar.ogg
E/SoundPool( 482): error loading /system/media/audio/ui/KeypressDelete.ogg
W/AudioService( 482): Soundpool could not load file: /system/media/audio/ui/KeypressDelete.ogg
E/SoundPool( 482): error loading /system/media/audio/ui/KeypressReturn.ogg
W/AudioService( 482): Soundpool could not load file: /system/media/audio/ui/KeypressReturn.ogg
E/SoundPool( 482): error loading /system/media/audio/ui/KeypressInvalid.ogg
I/Choreographer( 1200): Skipped 261 frames! The application may be doing too much work on its main thread.
I/Choreographer( 482): Skipped 49 frames! The application may be doing too much work on its main thread.
I/Choreographer( 1200): Skipped 32 frames! The application may be doing too much work on its main thread.
W/AudioService( 482): Soundpool could not load file: /system/media/audio/ui/KeypressInvalid.ogg
W/AudioService( 482): onLoadSoundEffects(), Error -1 while loading samples
I/Choreographer( 482): Skipped 47 frames! The application may be doing too much work on its main thread.
I/Choreographer( 1200): Skipped 70 frames! The application may be doing too much work on its main thread.
I/Choreographer( 482): Skipped 48 frames! The application may be doing too much work on its main thread.
I/Choreographer( 482): Skipped 61 frames! The application may be doing too much work on its main thread.
I/Choreographer( 1200): Skipped 119 frames! The application may be doing too much work on its main thread.
I/Choreographer( 482): Skipped 101 frames! The application may be doing too much work on its main thread.
I/Choreographer( 1200): Skipped 108 frames! The application may be doing too much work on its main thread.
I/Choreographer( 1200): Skipped 43 frames! The application may be doing too much work on its main thread.
I/Choreographer( 1200): Skipped 114 frames! The application may be doing too much work on its main thread.
I/Choreographer( 1200): Skipped 129 frames! The application may be doing too much work on its main thread.
I/Choreographer( 1200): Skipped 49 frames! The application may be doing too much work on its main thread.
I/Choreographer( 1200): Skipped 39 frames! The application may be doing too much work on its main thread.
I/Choreographer( 1200): Skipped 30 frames! The application may be doing too much work on its main thread.
I/Choreographer( 1200): Skipped 50 frames! The application may be doing too much work on its main thread.
I/Choreographer( 1200): Skipped 55 frames! The application may be doing too much work on its main thread.
I/Choreographer( 1200): Skipped 38 frames! The application may be doing too much work on its main thread.
I/Choreographer( 1200): Skipped 82 frames! The application may be doing too much work on its main thread.
I/Choreographer( 1200): Skipped 39 frames! The application may be doing too much work on its main thread.
I/Choreographer( 1200): Skipped 36 frames! The application may be doing too much work on its main thread.
I/Choreographer( 1200): Skipped 52 frames! The application may be doing too much work on its main thread.
D/dalvikvm( 1200): GC_CONCURRENT freed 1224K, 16% free 7000K/8308K, paused 193ms+124ms, total 1560ms
I/Choreographer( 1200): Skipped 62 frames! The application may be doing too much work on its main thread.
I/Choreographer( 1200): Skipped 54 frames! The application may be doing too much work on its main thread.
I/Choreographer( 1200): Skipped 42 frames! The application may be doing too much work on its main thread.
I/Choreographer( 1200): Skipped 47 frames! The application may be doing too much work on its main thread.
I/Choreographer( 1200): Skipped 38 frames! The application may be doing too much work on its main thread.
I/Choreographer( 1200): Skipped 54 frames! The application may be doing too much work on its main thread.
I/Choreographer( 1200): Skipped 91 frames! The application may be doing too much work on its main thread.
I/Choreographer( 1200): Skipped 41 frames! The application may be doing too much work on its main thread.
I/Choreographer( 1200): Skipped 65 frames! The application may be doing too much work on its main thread.
I/Choreographer( 1200): Skipped 341 frames! The application may be doing too much work on its main thread.
I/Choreographer( 1200): Skipped 59 frames! The application may be doing too much work on its main thread.
I/Choreographer( 1200): Skipped 50 frames! The application may be doing too much work on its main thread.
I/Choreographer( 1200): Skipped 48 frames! The application may be doing too much work on its main thread.
I/Choreographer( 1200): Skipped 56 frames! The application may be doing too much work on its main thread.
I/Choreographer( 1200): Skipped 48 frames! The application may be doing too much work on its main thread.
I/Choreographer( 1200): Skipped 52 frames! The application may be doing too much work on its main thread.
I/Choreographer( 1200): Skipped 37 frames! The application may be doing too much work on its main thread.
I/Choreographer( 1200): Skipped 120 frames! The application may be doing too much work on its main thread.
I/Choreographer( 1200): Skipped 41 frames! The application may be doing too much work on its main thread.
I/Choreographer( 1200): Skipped 50 frames! The application may be doing too much work on its main thread.
I/Choreographer( 1200): Skipped 53 frames! The application may be doing too much work on its main thread.
I/Choreographer( 1200): Skipped 57 frames! The application may be doing too much work on its main thread.
I/Choreographer( 1200): Skipped 55 frames! The application may be doing too much work on its main thread.
I/Choreographer( 1200): Skipped 52 frames! The application may be doing too much work on its main thread.
I/Choreographer( 1200): Skipped 42 frames! The application may be doing too much work on its main thread.
I/Choreographer( 1200): Skipped 34 frames! The application may be doing too much work on its main thread.
I/Choreographer( 1200): Skipped 44 frames! The application may be doing too much work on its main thread.
I/Choreographer( 1200): Skipped 41 frames! The application may be doing too much work on its main thread.
I/Choreographer( 1200): Skipped 53 frames! The application may be doing too much work on its main thread.
I/Choreographer( 1200): Skipped 34 frames! The application may be doing too much work on its main thread.
I/Choreographer( 1200): Skipped 42 frames! The application may be doing too much work on its main thread.
I/Choreographer( 1200): Skipped 43 frames! The application may be doing too much work on its main thread.
I/Choreographer( 1200): Skipped 42 frames! The application may be doing too much work on its main thread.
I/Choreographer( 1200): Skipped 34 frames! The application may be doing too much work on its main thread.
I/Choreographer( 1200): Skipped 37 frames! The application may be doing too much work on its main thread.
I/Choreographer( 1200): Skipped 39 frames! The application may be doing too much work on its main thread.
I/Choreographer( 1200): Skipped 36 frames! The application may be doing too much work on its main thread.
I/Choreographer( 1200): Skipped 64 frames! The application may be doing too much work on its main thread.
I/Choreographer( 1200): Skipped 33 frames! The application may be doing too much work on its main thread.
I/Choreographer( 1200): Skipped 46 frames! The application may be doing too much work on its main thread.
I/Choreographer( 1200): Skipped 31 frames! The application may be doing too much work on its main thread.
I/Choreographer( 1200): Skipped 35 frames! The application may be doing too much work on its main thread.
I/Choreographer( 1200): Skipped 35 frames! The application may be doing too much work on its main thread.
I/Choreographer( 1200): Skipped 34 frames! The application may be doing too much work on its main thread.
I/Choreographer( 1200): Skipped 58 frames! The application may be doing too much work on its main thread.
I/Choreographer( 1200): Skipped 81 frames! The application may be doing too much work on its main thread.
I/Choreographer( 1200): Skipped 123 frames! The application may be doing too much work on its main thread.
I/Choreographer( 1200): Skipped 30 frames! The application may be doing too much work on its main thread.
I/Choreographer( 1200): Skipped 60 frames! The application may be doing too much work on its main thread.
I/Choreographer( 1200): Skipped 40 frames! The application may be doing too much work on its main thread.
I/Choreographer( 1200): Skipped 40 frames! The application may be doing too much work on its main thread.
I/Choreographer( 1200): Skipped 31 frames! The application may be doing too much work on its main thread.
W/paypal.sdk( 1200): ch SN:25 PayPal Debug-ID: 2bc64f54ae7bb [sandbox, 2.10.0;release]
I/Choreographer( 1200): Skipped 40 frames! The application may be doing too much work on its main thread.
I/Choreographer( 1200): Skipped 56 frames! The application may be doing too much work on its main thread.
I/Choreographer( 1200): Skipped 42 frames! The application may be doing too much work on its main thread.
I/Choreographer( 1200): Skipped 49 frames! The application may be doing too much work on its main thread.
I/Choreographer( 1200): Skipped 35 frames! The application may be doing too much work on its main thread.
I/Choreographer( 1200): Skipped 48 frames! The application may be doing too much work on its main thread.
I/Choreographer( 1200): Skipped 30 frames! The application may be doing too much work on its main thread.
I/Choreographer( 1200): Skipped 61 frames! The application may be doing too much work on its main thread.
I/Choreographer( 1200): Skipped 63 frames! The application may be doing too much work on its main thread.
I/Choreographer( 1200): Skipped 62 frames! The application may be doing too much work on its main thread.
I/Choreographer( 1200): Skipped 42 frames! The application may be doing too much work on its main thread.
I/Choreographer( 1200): Skipped 42 frames! The application may be doing too much work on its main thread.
I/Choreographer( 1200): Skipped 47 frames! The application may be doing too much work on its main thread.
I/Choreographer( 1200): Skipped 63 frames! The application may be doing too much work on its main thread.
I/Choreographer( 1200): Skipped 35 frames! The application may be doing too much work on its main thread.
I/Choreographer( 1200): Skipped 41 frames! The application may be doing too much work on its main thread.
I/Choreographer( 1200): Skipped 63 frames! The application may be doing too much work on its main thread.
I/Choreographer( 1200): Skipped 92 frames! The application may be doing too much work on its main thread.
I/Choreographer( 1200): Skipped 43 frames! The application may be doing too much work on its main thread.
I/Choreographer( 1200): Skipped 51 frames! The application may be doing too much work on its main thread.
I/Choreographer( 1200): Skipped 49 frames! The application may be doing too much work on its main thread.
I/Choreographer( 1200): Skipped 47 frames! The application may be doing too much work on its main thread.
I/Choreographer( 1200): Skipped 44 frames! The application may be doing too much work on its main thread.
I/Choreographer( 1200): Skipped 74 frames! The application may be doing too much work on its main thread.
I/Choreographer( 1200): Skipped 55 frames! The application may be doing too much work on its main thread.
I/Choreographer( 1200): Skipped 44 frames! The application may be doing too much work on its main thread.
I/Choreographer( 1200): Skipped 43 frames! The application may be doing too much work on its main thread.
I/Choreographer( 1200): Skipped 36 frames! The application may be doing too much work on its main thread.
I/Choreographer( 1200): Skipped 88 frames! The application may be doing too much work on its main thread.
I/Choreographer( 1200): Skipped 138 frames! The application may be doing too much work on its main thread.
I/Choreographer( 1200): Skipped 253 frames! The application may be doing too much work on its main thread.
I/Choreographer( 1200): Skipped 170 frames! The application may be doing too much work on its main thread.
