I/Choreographer( 482): Skipped 44 frames! The application may be doing too much work on its main thread.
I/Choreographer( 482): Skipped 136 frames! The application may be doing too much work on its main thread.
I/Choreographer( 482): Skipped 120 frames! The application may be doing too much work on its main thread.
I/Choreographer( 482): Skipped 70 frames! The application may be doing too much work on its main thread.
I/Choreographer( 482): Skipped 46 frames! The application may be doing too much work on its main thread.
I/Choreographer( 482): Skipped 44 frames! The application may be doing too much work on its main thread.
I/Choreographer( 482): Skipped 33 frames! The application may be doing too much work on its main thread.
I/Choreographer( 482): Skipped 59 frames! The application may be doing too much work on its main thread.
I/Choreographer( 1200): Skipped 1232 frames! The application may be doing too much work on its main thread.
I/Choreographer( 1200): Skipped 60 frames! The application may be doing too much work on its main thread.
I/Choreographer( 1200): Skipped 121 frames! The application may be doing too much work on its main thread.
I/Choreographer( 1200): Skipped 97 frames! The application may be doing too much work on its main thread.
I/Choreographer( 1200): Skipped 46 frames! The application may be doing too much work on its main thread.
I/Choreographer( 482): Skipped 424 frames! The application may be doing too much work on its main thread.
I/Choreographer( 482): Skipped 81 frames! The application may be doing too much work on its main thread.
I/Choreographer( 482): Skipped 33 frames! The application may be doing too much work on its main thread.
I/Choreographer( 482): Skipped 110 frames! The application may be doing too much work on its main thread.
I/Choreographer( 482): Skipped 76 frames! The application may be doing too much work on its main thread.
I/Choreographer( 1200): Skipped 518 frames! The application may be doing too much work on its main thread.
I/Choreographer( 1200): Skipped 269 frames! The application may be doing too much work on its main thread.
I/Choreographer( 482): Skipped 59 frames! The application may be doing too much work on its main thread.
I/Choreographer( 482): Skipped 310 frames! The application may be doing too much work on its main thread.
W/IdleConnectionHandler( 1200): Removing a connection that never existed!
I/Choreographer( 1200): Skipped 880 frames! The application may be doing too much work on its main thread.
I/Choreographer( 1200): Skipped 39 frames! The application may be doing too much work on its main thread.
E/SoundPool( 482): error loading /system/media/audio/ui/Effect_Tick.ogg
W/AudioService( 482): Soundpool could not load file: /system/media/audio/ui/Effect_Tick.ogg
E/SoundPool( 482): error loading /system/media/audio/ui/Effect_Tick.ogg
W/AudioService( 482): Soundpool could not load file: /system/media/audio/ui/Effect_Tick.ogg
E/SoundPool( 482): error loading /system/media/audio/ui/Effect_Tick.ogg
W/AudioService( 482): Soundpool could not load file: /system/media/audio/ui/Effect_Tick.ogg
E/SoundPool( 482): error loading /system/media/audio/ui/Effect_Tick.ogg
W/AudioService( 482): Soundpool could not load file: /system/media/audio/ui/Effect_Tick.ogg
E/SoundPool( 482): error loading /system/media/audio/ui/Effect_Tick.ogg
W/AudioService( 482): Soundpool could not load file: /system/media/audio/ui/Effect_Tick.ogg
E/SoundPool( 482): error loading /system/media/audio/ui/KeypressStandard.ogg
W/AudioService( 482): Soundpool could not load file: /system/media/audio/ui/KeypressStandard.ogg
E/SoundPool( 482): error loading /system/media/audio/ui/KeypressSpacebar.ogg
W/AudioService( 482): Soundpool could not load file: /system/media/audio/ui/KeypressSpacebar.ogg
E/SoundPool( 482): error loading /system/media/audio/ui/KeypressDelete.ogg
W/AudioService( 482): Soundpool could not load file: /system/media/audio/ui/KeypressDelete.ogg
E/SoundPool( 482): error loading /system/media/audio/ui/KeypressReturn.ogg
W/AudioService( 482): Soundpool could not load file: /system/media/audio/ui/KeypressReturn.ogg
I/Choreographer( 1200): Skipped 107 frames! The application may be doing too much work on its main thread.
E/SoundPool( 482): error loading /system/media/audio/ui/KeypressInvalid.ogg
W/AudioService( 482): Soundpool could not load file: /system/media/audio/ui/KeypressInvalid.ogg
W/AudioService( 482): onLoadSoundEffects(), Error -1 while loading samples
W/InputMethodManagerService( 482): Window already focused, ignoring focus gain of: com.android.internal.view.IInputMethodClient$Stub$Proxy@b30a8640 attribute=null, token = android.os.BinderProxy@b302d948
I/Choreographer( 482): Skipped 50 frames! The application may be doing too much work on its main thread.
W/paypal.sdk( 1200): cv SN:48 PayPal Debug-ID: fef0bbd1e613a [sandbox, 2.10.0;release]
I/Choreographer( 482): Skipped 77 frames! The application may be doing too much work on its main thread.
W/PluginManager( 1200): THREAD WARNING: exec() call to PayPalMobile.destroy blocked the main thread for 70ms. Plugin should use CordovaInterface.getThreadPool().
D/dalvikvm( 482): GC_CONCURRENT freed 620K, 12% free 5697K/6412K, paused 207ms+55ms, total 1227ms
D/dalvikvm( 1200): GC_CONCURRENT freed 1039K, 22% free 6875K/8780K, paused 270ms+357ms, total 1610ms
I/Choreographer( 1200): Skipped 111 frames! The application may be doing too much work on its main thread.
I/Choreographer( 482): Skipped 37 frames! The application may be doing too much work on its main thread.
I/Choreographer( 482): Skipped 69 frames! The application may be doing too much work on its main thread.
I/Choreographer( 482): Skipped 125 frames! The application may be doing too much work on its main thread.
I/Choreographer( 1200): Skipped 56 frames! The application may be doing too much work on its main thread.
E/SoundPool( 482): error loading /system/media/audio/ui/Effect_Tick.ogg
W/AudioService( 482): Soundpool could not load file: /system/media/audio/ui/Effect_Tick.ogg
E/SoundPool( 482): error loading /system/media/audio/ui/Effect_Tick.ogg
W/AudioService( 482): Soundpool could not load file: /system/media/audio/ui/Effect_Tick.ogg
E/SoundPool( 482): error loading /system/media/audio/ui/Effect_Tick.ogg
W/AudioService( 482): Soundpool could not load file: /system/media/audio/ui/Effect_Tick.ogg
E/SoundPool( 482): error loading /system/media/audio/ui/Effect_Tick.ogg
W/InputMethodManagerService( 482): Window already focused, ignoring focus gain of: com.android.internal.view.IInputMethodClient$Stub$Proxy@b2f723a8 attribute=null, token = android.os.BinderProxy@b302d948
I/Choreographer( 482): Skipped 53 frames! The application may be doing too much work on its main thread.
W/AudioService( 482): Soundpool could not load file: /system/media/audio/ui/Effect_Tick.ogg
I/Choreographer( 482): Skipped 56 frames! The application may be doing too much work on its main thread.
E/SoundPool( 482): error loading /system/media/audio/ui/Effect_Tick.ogg
W/AudioService( 482): Soundpool could not load file: /system/media/audio/ui/Effect_Tick.ogg
E/SoundPool( 482): error loading /system/media/audio/ui/KeypressStandard.ogg
W/AudioService( 482): Soundpool could not load file: /system/media/audio/ui/KeypressStandard.ogg
E/SoundPool( 482): error loading /system/media/audio/ui/KeypressSpacebar.ogg
W/AudioService( 482): Soundpool could not load file: /system/media/audio/ui/KeypressSpacebar.ogg
E/SoundPool( 482): error loading /system/media/audio/ui/KeypressDelete.ogg
W/AudioService( 482): Soundpool could not load file: /system/media/audio/ui/KeypressDelete.ogg
E/SoundPool( 482): error loading /system/media/audio/ui/KeypressReturn.ogg
W/AudioService( 482): Soundpool could not load file: /system/media/audio/ui/KeypressReturn.ogg
E/SoundPool( 482): error loading /system/media/audio/ui/KeypressInvalid.ogg
W/AudioService( 482): Soundpool could not load file: /system/media/audio/ui/KeypressInvalid.ogg
W/AudioService( 482): onLoadSoundEffects(), Error -1 while loading samples
I/Choreographer( 482): Skipped 132 frames! The application may be doing too much work on its main thread.
I/Choreographer( 1200): Skipped 175 frames! The application may be doing too much work on its main thread.
I/Choreographer( 1200): Skipped 150 frames! The application may be doing too much work on its main thread.
I/Choreographer( 1200): Skipped 38 frames! The application may be doing too much work on its main thread.
I/Choreographer( 1200): Skipped 58 frames! The application may be doing too much work on its main thread.
I/Choreographer( 1200): Skipped 106 frames! The application may be doing too much work on its main thread.
I/Choreographer( 1200): Skipped 58 frames! The application may be doing too much work on its main thread.
I/Choreographer( 1200): Skipped 39 frames! The application may be doing too much work on its main thread.
I/Choreographer( 1200): Skipped 109 frames! The application may be doing too much work on its main thread.
I/Choreographer( 1200): Skipped 233 frames! The application may be doing too much work on its main thread.
I/ActivityManager( 482): START u0 {act=android.media.action.IMAGE_CAPTURE cmp=com.android.camera/.Camera (has extras)} from pid 1200
D/CordovaActivity( 1200): Paused the application!
D/CordovaWebView( 1200): Handle the pause
W/PluginManager( 1200): THREAD WARNING: exec() call to Camera.takePicture blocked the main thread for 337ms. Plugin should use CordovaInterface.getThreadPool().
I/Choreographer( 482): Skipped 55 frames! The application may be doing too much work on its main thread.
I/ActivityManager( 482): Start proc com.android.camera for activity com.android.camera/.Camera: pid=2443 uid=10030 gids={50030, 1028, 1015}
I/Choreographer( 482): Skipped 119 frames! The application may be doing too much work on its main thread.
I/Choreographer( 482): Skipped 31 frames! The application may be doing too much work on its main thread.
I/Choreographer( 482): Skipped 35 frames! The application may be doing too much work on its main thread.
I/Choreographer( 482): Skipped 79 frames! The application may be doing too much work on its main thread.
I/Choreographer( 482): Skipped 106 frames! The application may be doing too much work on its main thread.
I/Choreographer( 482): Skipped 31 frames! The application may be doing too much work on its main thread.
V/CameraHolder( 2443): open camera 0
E/CameraService( 60): CameraService::connect X (pid 2443) rejected (invalid cameraId 0).
W/CameraBase( 2443): An error occurred while connecting to camera: 0
E/CameraHolder( 2443): fail to connect Camera
E/CameraHolder( 2443): java.lang.RuntimeException: Fail to connect to camera service
E/CameraHolder( 2443): at android.hardware.Camera.native_setup(Native Method)
E/CameraHolder( 2443): at android.hardware.Camera.(Camera.java:351)
E/CameraHolder( 2443): at android.hardware.Camera.open(Camera.java:310)
E/CameraHolder( 2443): at com.android.camera.CameraHolder.open(CameraHolder.java:131)
E/CameraHolder( 2443): at com.android.camera.Util.openCamera(Util.java:267)
E/CameraHolder( 2443): at com.android.camera.Camera$4.run(Camera.java:1100)
E/CameraHolder( 2443): at java.lang.Thread.run(Thread.java:841)
W/dalvikvm( 2443): threadid=12: thread exiting with uncaught exception (group=0xb2a77ba8)
E/AndroidRuntime( 2443): FATAL EXCEPTION: Thread-81
E/AndroidRuntime( 2443): Process: com.android.camera, PID: 2443
E/AndroidRuntime( 2443): java.lang.RuntimeException: openCamera failed
E/AndroidRuntime( 2443): at com.android.camera.Util.openCamera(Util.java:272)
E/AndroidRuntime( 2443): at com.android.camera.Camera$4.run(Camera.java:1100)
E/AndroidRuntime( 2443): at java.lang.Thread.run(Thread.java:841)
E/AndroidRuntime( 2443): Caused by: com.android.camera.CameraHardwareException: java.lang.RuntimeException: Fail to connect to camera service
E/AndroidRuntime( 2443): at com.android.camera.CameraHolder.open(CameraHolder.java:135)
E/AndroidRuntime( 2443): at com.android.camera.Util.openCamera(Util.java:267)
E/AndroidRuntime( 2443): ... 2 more
E/AndroidRuntime( 2443): Caused by: java.lang.RuntimeException: Fail to connect to camera service
E/AndroidRuntime( 2443): at android.hardware.Camera.native_setup(Native Method)
E/AndroidRuntime( 2443): at android.hardware.Camera.(Camera.java:351)
E/AndroidRuntime( 2443): at android.hardware.Camera.open(Camera.java:310)
E/AndroidRuntime( 2443): at com.android.camera.CameraHolder.open(CameraHolder.java:131)
E/AndroidRuntime( 2443): ... 3 more
W/ActivityManager( 482): Force finishing activity com.android.camera/.Camera
D/dalvikvm( 482): GC_FOR_ALLOC freed 160K, 12% free 5714K/6440K, paused 237ms, total 248ms
I/dalvikvm-heap( 482): Grow heap (frag case) to 5.937MB for 281896-byte allocation
I/Choreographer( 1200): Skipped 343 frames! The application may be doing too much work on its main thread.
D/dalvikvm( 482): GC_FOR_ALLOC freed 7K, 11% free 5982K/6716K, paused 287ms, total 287ms
W/ActivityManager( 482): Activity pause timeout for ActivityRecord{b2fcdf60 u0 com.android.camera/.Camera t2 f}
D/CordovaActivity( 1200): Incoming Result
D/CordovaActivity( 1200): Request code = 34
D/CordovaActivity( 1200): We have a callback to send this result to
D/CordovaActivity( 1200): Resuming the App
I/Choreographer( 1200): Skipped 105 frames! The application may be doing too much work on its main thread.
I/Choreographer( 482): Skipped 302 frames! The application may be doing too much work on its main thread.
I/Choreographer( 1200): Skipped 112 frames! The application may be doing too much work on its main thread.
I/Choreographer( 482): Skipped 104 frames! The application may be doing too much work on its main thread.
I/Choreographer( 482): Skipped 44 frames! The application may be doing too much work on its main thread.
I/Choreographer( 482): Skipped 37 frames! The application may be doing too much work on its main thread.
I/Choreographer( 482): Skipped 32 frames! The application may be doing too much work on its main thread.
D/dalvikvm( 2443): GC_FOR_ALLOC freed 190K, 9% free 2879K/3156K, paused 1220ms, total 1220ms
I/Choreographer( 482): Skipped 88 frames! The application may be doing too much work on its main thread.
I/Choreographer( 482): Skipped 35 frames! The application may be doing too much work on its main thread.
I/Choreographer( 482): Skipped 101 frames! The application may be doing too much work on its main thread.
I/Choreographer( 482): Skipped 600 frames! The application may be doing too much work on its main thread.
I/Choreographer( 482): Skipped 93 frames! The application may be doing too much work on its main thread.
I/Choreographer( 482): Skipped 76 frames! The application may be doing too much work on its main thread.
I/Choreographer( 482): Skipped 34 frames! The application may be doing too much work on its main thread.
I/Choreographer( 482): Skipped 55 frames! The application may be doing too much work on its main thread.
I/Choreographer( 482): Skipped 53 frames! The application may be doing too much work on its main thread.
I/Choreographer( 482): Skipped 160 frames! The application may be doing too much work on its main thread.
I/Choreographer( 482): Skipped 426 frames! The application may be doing too much work on its main thread.
I/Choreographer( 482): Skipped 35 frames! The application may be doing too much work on its main thread.
D/dalvikvm( 2443): GC_CONCURRENT freed 31K, 6% free 3264K/3456K, paused 55ms+19ms, total 288ms
I/Process ( 2443): Sending signal. PID: 2443 SIG: 9
E/SoundPool( 482): error loading /system/media/audio/ui/Effect_Tick.ogg
W/AudioService( 482): Soundpool could not load file: /system/media/audio/ui/Effect_Tick.ogg
E/SoundPool( 482): error loading /system/media/audio/ui/Effect_Tick.ogg
W/AudioService( 482): Soundpool could not load file: /system/media/audio/ui/Effect_Tick.ogg
E/SoundPool( 482): error loading /system/media/audio/ui/Effect_Tick.ogg
W/AudioService( 482): Soundpool could not load file: /system/media/audio/ui/Effect_Tick.ogg
E/SoundPool( 482): error loading /system/media/audio/ui/Effect_Tick.ogg
W/AudioService( 482): Soundpool could not load file: /system/media/audio/ui/Effect_Tick.ogg
E/SoundPool( 482): error loading /system/media/audio/ui/Effect_Tick.ogg
W/AudioService( 482): Soundpool could not load file: /system/media/audio/ui/Effect_Tick.ogg
E/SoundPool( 482): error loading /system/media/audio/ui/KeypressStandard.ogg
W/AudioService( 482): Soundpool could not load file: /system/media/audio/ui/KeypressStandard.ogg
E/SoundPool( 482): error loading /system/media/audio/ui/KeypressSpacebar.ogg
W/AudioService( 482): Soundpool could not load file: /system/media/audio/ui/KeypressSpacebar.ogg
E/SoundPool( 482): error loading /system/media/audio/ui/KeypressDelete.ogg
W/AudioService( 482): Soundpool could not load file: /system/media/audio/ui/KeypressDelete.ogg
E/SoundPool( 482): error loading /system/media/audio/ui/KeypressReturn.ogg
W/AudioService( 482): Soundpool could not load file: /system/media/audio/ui/KeypressReturn.ogg
I/Choreographer( 482): Skipped 169 frames! The application may be doing too much work on its main thread.
E/SoundPool( 482): error loading /system/media/audio/ui/KeypressInvalid.ogg
W/AudioService( 482): Soundpool could not load file: /system/media/audio/ui/KeypressInvalid.ogg
W/InputMethodManagerService( 482): Window already focused, ignoring focus gain of: com.android.internal.view.IInputMethodClient$Stub$Proxy@b30241a8 attribute=null, token = android.os.BinderProxy@b302d948
W/AudioService( 482): onLoadSoundEffects(), Error -1 while loading samples
I/Choreographer( 482): Skipped 51 frames! The application may be doing too much work on its main thread.
I/Choreographer( 482): Skipped 140 frames! The application may be doing too much work on its main thread.
I/ActivityManager( 482): Process com.android.camera (pid 2443) has died.
I/Choreographer( 1200): Skipped 117 frames! The application may be doing too much work on its main thread.
I/ActivityManager( 482): START u0 {act=android.media.action.VIDEO_CAPTURE cmp=com.android.camera/.VideoCamera (has extras)} from pid 1200
D/CordovaActivity( 1200): Paused the application!
D/CordovaWebView( 1200): Handle the pause
W/PluginManager( 1200): THREAD WARNING: exec() call to Capture.captureVideo blocked the main thread for 329ms. Plugin should use CordovaInterface.getThreadPool().
I/Choreographer( 482): Skipped 39 frames! The application may be doing too much work on its main thread.
I/ActivityManager( 482): Start proc com.android.camera for activity com.android.camera/.VideoCamera: pid=2481 uid=10030 gids={50030, 1028, 1015}
I/Choreographer( 482): Skipped 30 frames! The application may be doing too much work on its main thread.
I/Choreographer( 1200): Skipped 33 frames! The application may be doing too much work on its main thread.
I/Choreographer( 482): Skipped 35 frames! The application may be doing too much work on its main thread.
I/Choreographer( 482): Skipped 71 frames! The application may be doing too much work on its main thread.
I/Choreographer( 482): Skipped 66 frames! The application may be doing too much work on its main thread.
I/Choreographer( 482): Skipped 65 frames! The application may be doing too much work on its main thread.
I/Choreographer( 482): Skipped 31 frames! The application may be doing too much work on its main thread.
V/CameraHolder( 2481): open camera 0
E/CameraService( 60): CameraService::connect X (pid 2481) rejected (invalid cameraId 0).
W/CameraBase( 2481): An error occurred while connecting to camera: 0
E/CameraHolder( 2481): fail to connect Camera
E/CameraHolder( 2481): java.lang.RuntimeException: Fail to connect to camera service
E/CameraHolder( 2481): at android.hardware.Camera.native_setup(Native Method)
E/CameraHolder( 2481): at android.hardware.Camera.(Camera.java:351)
E/CameraHolder( 2481): at android.hardware.Camera.open(Camera.java:310)
E/CameraHolder( 2481): at com.android.camera.CameraHolder.open(CameraHolder.java:131)
E/CameraHolder( 2481): at com.android.camera.Util.openCamera(Util.java:267)
E/CameraHolder( 2481): at com.android.camera.VideoCamera$1.run(VideoCamera.java:388)
E/CameraHolder( 2481): at java.lang.Thread.run(Thread.java:841)
W/dalvikvm( 2481): threadid=12: thread exiting with uncaught exception (group=0xb2a77ba8)
E/AndroidRuntime( 2481): FATAL EXCEPTION: Thread-87
E/AndroidRuntime( 2481): Process: com.android.camera, PID: 2481
E/AndroidRuntime( 2481): java.lang.RuntimeException: openCamera failed
E/AndroidRuntime( 2481): at com.android.camera.Util.openCamera(Util.java:272)
E/AndroidRuntime( 2481): at com.android.camera.VideoCamera$1.run(VideoCamera.java:388)
E/AndroidRuntime( 2481): at java.lang.Thread.run(Thread.java:841)
E/AndroidRuntime( 2481): Caused by: com.android.camera.CameraHardwareException: java.lang.RuntimeException: Fail to connect to camera service
E/AndroidRuntime( 2481): at com.android.camera.CameraHolder.open(CameraHolder.java:135)
E/AndroidRuntime( 2481): at com.android.camera.Util.openCamera(Util.java:267)
E/AndroidRuntime( 2481): ... 2 more
E/AndroidRuntime( 2481): Caused by: java.lang.RuntimeException: Fail to connect to camera service
E/AndroidRuntime( 2481): at android.hardware.Camera.native_setup(Native Method)
E/AndroidRuntime( 2481): at android.hardware.Camera.(Camera.java:351)
E/AndroidRuntime( 2481): at android.hardware.Camera.open(Camera.java:310)
E/AndroidRuntime( 2481): at com.android.camera.CameraHolder.open(CameraHolder.java:131)
E/AndroidRuntime( 2481): ... 3 more
W/ActivityManager( 482): Force finishing activity com.android.camera/.VideoCamera
I/Choreographer( 1200): Skipped 946 frames! The application may be doing too much work on its main thread.
I/Choreographer( 482): Skipped 122 frames! The application may be doing too much work on its main thread.
I/Choreographer( 482): Skipped 43 frames! The application may be doing too much work on its main thread.
W/ActivityManager( 482): Activity pause timeout for ActivityRecord{b2ff0340 u0 com.android.camera/.VideoCamera t2 f}
D/CordovaActivity( 1200): Incoming Result
D/CordovaActivity( 1200): Request code = 2
D/CordovaActivity( 1200): We have a callback to send this result to
D/CordovaActivity( 1200): Resuming the App
I/Choreographer( 482): Skipped 119 frames! The application may be doing too much work on its main thread.
I/Choreographer( 482): Skipped 190 frames! The application may be doing too much work on its main thread.
I/Choreographer( 1200): Skipped 176 frames! The application may be doing too much work on its main thread.
I/Choreographer( 482): Skipped 89 frames! The application may be doing too much work on its main thread.
I/Choreographer( 1200): Skipped 73 frames! The application may be doing too much work on its main thread.
I/Choreographer( 482): Skipped 70 frames! The application may be doing too much work on its main thread.
I/Choreographer( 482): Skipped 41 frames! The application may be doing too much work on its main thread.
D/dalvikvm( 2481): GC_CONCURRENT freed 221K, 10% free 2980K/3296K, paused 34ms+115ms, total 1481ms
D/dalvikvm( 2481): WAIT_FOR_CONCURRENT_GC blocked 1263ms
I/Choreographer( 482): Skipped 109 frames! The application may be doing too much work on its main thread.
I/Choreographer( 482): Skipped 34 frames! The application may be doing too much work on its main thread.
I/Choreographer( 482): Skipped 46 frames! The application may be doing too much work on its main thread.
I/Choreographer( 482): Skipped 66 frames! The application may be doing too much work on its main thread.
I/Choreographer( 482): Skipped 63 frames! The application may be doing too much work on its main thread.
I/Choreographer( 482): Skipped 52 frames! The application may be doing too much work on its main thread.
I/Choreographer( 482): Skipped 131 frames! The application may be doing too much work on its main thread.
I/Choreographer( 482): Skipped 38 frames! The application may be doing too much work on its main thread.
I/Choreographer( 482): Skipped 49 frames! The application may be doing too much work on its main thread.
I/Choreographer( 482): Skipped 75 frames! The application may be doing too much work on its main thread.
D/dalvikvm( 677): GC_CONCURRENT freed 402K, 15% free 3276K/3832K, paused 75ms+88ms, total 863ms
I/Choreographer( 482): Skipped 71 frames! The application may be doing too much work on its main thread.
I/Choreographer( 482): Skipped 45 frames! The application may be doing too much work on its main thread.
E/SoundPool( 482): error loading /system/media/audio/ui/Effect_Tick.ogg
W/AudioService( 482): Soundpool could not load file: /system/media/audio/ui/Effect_Tick.ogg
E/SoundPool( 482): error loading /system/media/audio/ui/Effect_Tick.ogg
W/AudioService( 482): Soundpool could not load file: /system/media/audio/ui/Effect_Tick.ogg
E/SoundPool( 482): error loading /system/media/audio/ui/Effect_Tick.ogg
W/AudioService( 482): Soundpool could not load file: /system/media/audio/ui/Effect_Tick.ogg
E/SoundPool( 482): error loading /system/media/audio/ui/Effect_Tick.ogg
W/AudioService( 482): Soundpool could not load file: /system/media/audio/ui/Effect_Tick.ogg
E/SoundPool( 482): error loading /system/media/audio/ui/Effect_Tick.ogg
W/AudioService( 482): Soundpool could not load file: /system/media/audio/ui/Effect_Tick.ogg
E/SoundPool( 482): error loading /system/media/audio/ui/KeypressStandard.ogg
W/AudioService( 482): Soundpool could not load file: /system/media/audio/ui/KeypressStandard.ogg
E/SoundPool( 482): error loading /system/media/audio/ui/KeypressSpacebar.ogg
W/AudioService( 482): Soundpool could not load file: /system/media/audio/ui/KeypressSpacebar.ogg
E/SoundPool( 482): error loading /system/media/audio/ui/KeypressDelete.ogg
W/AudioService( 482): Soundpool could not load file: /system/media/audio/ui/KeypressDelete.ogg
E/SoundPool( 482): error loading /system/media/audio/ui/KeypressReturn.ogg
W/AudioService( 482): Soundpool could not load file: /system/media/audio/ui/KeypressReturn.ogg
E/SoundPool( 482): error loading /system/media/audio/ui/KeypressInvalid.ogg
W/AudioService( 482): Soundpool could not load file: /system/media/audio/ui/KeypressInvalid.ogg
W/AudioService( 482): onLoadSoundEffects(), Error -1 while loading samples
I/Choreographer( 482): Skipped 131 frames! The application may be doing too much work on its main thread.
W/InputMethodManagerService( 482): Window already focused, ignoring focus gain of: com.android.internal.view.IInputMethodClient$Stub$Proxy@b2f8d250 attribute=null, token = android.os.BinderProxy@b302d948
I/Process ( 2481): Sending signal. PID: 2481 SIG: 9
I/Choreographer( 482): Skipped 33 frames! The application may be doing too much work on its main thread.
I/Choreographer( 482): Skipped 99 frames! The application may be doing too much work on its main thread.
I/ActivityManager( 482): Process com.android.camera (pid 2481) has died.
I/Choreographer( 482): Skipped 51 frames! The application may be doing too much work on its main thread.
W/UnimplementedWebViewApi( 1200): Unimplemented WebView method onKeyDown called from: android.webkit.WebView.onKeyDown(WebView.java:2178)
I/Choreographer( 846): Skipped 154 frames! The application may be doing too much work on its main thread.
E/SoundPool( 482): error loading /system/media/audio/ui/Effect_Tick.ogg
W/AudioService( 482): Soundpool could not load file: /system/media/audio/ui/Effect_Tick.ogg
E/SoundPool( 482): error loading /system/media/audio/ui/Effect_Tick.ogg
W/AudioService( 482): Soundpool could not load file: /system/media/audio/ui/Effect_Tick.ogg
E/SoundPool( 482): error loading /system/media/audio/ui/Effect_Tick.ogg
W/AudioService( 482): Soundpool could not load file: /system/media/audio/ui/Effect_Tick.ogg
E/SoundPool( 482): error loading /system/media/audio/ui/Effect_Tick.ogg
W/AudioService( 482): Soundpool could not load file: /system/media/audio/ui/Effect_Tick.ogg
E/SoundPool( 482): error loading /system/media/audio/ui/Effect_Tick.ogg
W/AudioService( 482): Soundpool could not load file: /system/media/audio/ui/Effect_Tick.ogg
E/SoundPool( 482): error loading /system/media/audio/ui/KeypressStandard.ogg
W/AudioService( 482): Soundpool could not load file: /system/media/audio/ui/KeypressStandard.ogg
E/SoundPool( 482): error loading /system/media/audio/ui/KeypressSpacebar.ogg
W/AudioService( 482): Soundpool could not load file: /system/media/audio/ui/KeypressSpacebar.ogg
E/SoundPool( 482): error loading /system/media/audio/ui/KeypressDelete.ogg
W/AudioService( 482): Soundpool could not load file: /system/media/audio/ui/KeypressDelete.ogg
E/SoundPool( 482): error loading /system/media/audio/ui/KeypressReturn.ogg
W/AudioService( 482): Soundpool could not load file: /system/media/audio/ui/KeypressReturn.ogg
E/SoundPool( 482): error loading /system/media/audio/ui/KeypressInvalid.ogg
W/AudioService( 482): Soundpool could not load file: /system/media/audio/ui/KeypressInvalid.ogg
W/AudioService( 482): onLoadSoundEffects(), Error -1 while loading samples
I/Choreographer( 846): Skipped 163 frames! The application may be doing too much work on its main thread.
I/Choreographer( 846): Skipped 54 frames! The application may be doing too much work on its main thread.
I/Choreographer( 846): Skipped 60 frames! The application may be doing too much work on its main thread.
I/Choreographer( 846): Skipped 32 frames! The application may be doing too much work on its main thread.
I/Choreographer( 1200): Skipped 103 frames! The application may be doing too much work on its main thread.
I/Choreographer( 1200): Skipped 60 frames! The application may be doing too much work on its main thread.
I/Choreographer( 1200): Skipped 71 frames! The application may be doing too much work on its main thread.
I/Choreographer( 1200): Skipped 35 frames! The application may be doing too much work on its main thread.
I/Choreographer( 1200): Skipped 75 frames! The application may be doing too much work on its main thread.
I/Choreographer( 1200): Skipped 59 frames! The application may be doing too much work on its main thread.
W/UnimplementedWebViewApi( 1200): Unimplemented WebView method onKeyDown called from: android.webkit.WebView.onKeyDown(WebView.java:2178)
I/Choreographer( 846): Skipped 262 frames! The application may be doing too much work on its main thread.
E/SoundPool( 482): error loading /system/media/audio/ui/Effect_Tick.ogg
W/AudioService( 482): Soundpool could not load file: /system/media/audio/ui/Effect_Tick.ogg
E/SoundPool( 482): error loading /system/media/audio/ui/Effect_Tick.ogg
W/AudioService( 482): Soundpool could not load file: /system/media/audio/ui/Effect_Tick.ogg
E/SoundPool( 482): error loading /system/media/audio/ui/Effect_Tick.ogg
W/AudioService( 482): Soundpool could not load file: /system/media/audio/ui/Effect_Tick.ogg
E/SoundPool( 482): error loading /system/media/audio/ui/Effect_Tick.ogg
W/AudioService( 482): Soundpool could not load file: /system/media/audio/ui/Effect_Tick.ogg
E/SoundPool( 482): error loading /system/media/audio/ui/Effect_Tick.ogg
W/AudioService( 482): Soundpool could not load file: /system/media/audio/ui/Effect_Tick.ogg
E/SoundPool( 482): error loading /system/media/audio/ui/KeypressStandard.ogg
W/AudioService( 482): Soundpool could not load file: /system/media/audio/ui/KeypressStandard.ogg
E/SoundPool( 482): error loading /system/media/audio/ui/KeypressSpacebar.ogg
W/AudioService( 482): Soundpool could not load file: /system/media/audio/ui/KeypressSpacebar.ogg
E/SoundPool( 482): error loading /system/media/audio/ui/KeypressDelete.ogg
W/AudioService( 482): Soundpool could not load file: /system/media/audio/ui/KeypressDelete.ogg
E/SoundPool( 482): error loading /system/media/audio/ui/KeypressReturn.ogg
W/AudioService( 482): Soundpool could not load file: /system/media/audio/ui/KeypressReturn.ogg
E/SoundPool( 482): error loading /system/media/audio/ui/KeypressInvalid.ogg
W/AudioService( 482): Soundpool could not load file: /system/media/audio/ui/KeypressInvalid.ogg
W/AudioService( 482): onLoadSoundEffects(), Error -1 while loading samples
I/Choreographer( 846): Skipped 242 frames! The application may be doing too much work on its main thread.
I/Choreographer( 846): Skipped 39 frames! The application may be doing too much work on its main thread.
I/Choreographer( 846): Skipped 45 frames! The application may be doing too much work on its main thread.
I/Choreographer( 1200): Skipped 313 frames! The application may be doing too much work on its main thread.
I/Choreographer( 1200): Skipped 40 frames! The application may be doing too much work on its main thread.
I/Choreographer( 1200): Skipped 68 frames! The application may be doing too much work on its main thread.
I/Choreographer( 1200): Skipped 93 frames! The application may be doing too much work on its main thread.
I/Choreographer( 1200): Skipped 66 frames! The application may be doing too much work on its main thread.
I/Choreographer( 846): Skipped 55 frames! The application may be doing too much work on its main thread.
W/UnimplementedWebViewApi( 1200): Unimplemented WebView method onKeyDown called from: android.webkit.WebView.onKeyDown(WebView.java:2178)
I/Choreographer( 846): Skipped 55 frames! The application may be doing too much work on its main thread.
E/SoundPool( 482): error loading /system/media/audio/ui/Effect_Tick.ogg
W/AudioService( 482): Soundpool could not load file: /system/media/audio/ui/Effect_Tick.ogg
E/SoundPool( 482): error loading /system/media/audio/ui/Effect_Tick.ogg
W/AudioService( 482): Soundpool could not load file: /system/media/audio/ui/Effect_Tick.ogg
E/SoundPool( 482): error loading /system/media/audio/ui/Effect_Tick.ogg
W/AudioService( 482): Soundpool could not load file: /system/media/audio/ui/Effect_Tick.ogg
E/SoundPool( 482): error loading /system/media/audio/ui/Effect_Tick.ogg
W/AudioService( 482): Soundpool could not load file: /system/media/audio/ui/Effect_Tick.ogg
E/SoundPool( 482): error loading /system/media/audio/ui/Effect_Tick.ogg
W/AudioService( 482): Soundpool could not load file: /system/media/audio/ui/Effect_Tick.ogg
E/SoundPool( 482): error loading /system/media/audio/ui/KeypressStandard.ogg
W/AudioService( 482): Soundpool could not load file: /system/media/audio/ui/KeypressStandard.ogg
E/SoundPool( 482): error loading /system/media/audio/ui/KeypressSpacebar.ogg
W/AudioService( 482): Soundpool could not load file: /system/media/audio/ui/KeypressSpacebar.ogg
E/SoundPool( 482): error loading /system/media/audio/ui/KeypressDelete.ogg
W/AudioService( 482): Soundpool could not load file: /system/media/audio/ui/KeypressDelete.ogg
E/SoundPool( 482): error loading /system/media/audio/ui/KeypressReturn.ogg
W/AudioService( 482): Soundpool could not load file: /system/media/audio/ui/KeypressReturn.ogg
E/SoundPool( 482): error loading /system/media/audio/ui/KeypressInvalid.ogg
W/AudioService( 482): Soundpool could not load file: /system/media/audio/ui/KeypressInvalid.ogg
W/AudioService( 482): onLoadSoundEffects(), Error -1 while loading samples
I/Choreographer( 846): Skipped 171 frames! The application may be doing too much work on its main thread.
I/Choreographer( 1200): Skipped 112 frames! The application may be doing too much work on its main thread.
I/Choreographer( 1200): Skipped 58 frames! The application may be doing too much work on its main thread.
I/Choreographer( 1200): Skipped 80 frames! The application may be doing too much work on its main thread.
I/Choreographer( 1200): Skipped 56 frames! The application may be doing too much work on its main thread.
W/PluginManager( 1200): THREAD WARNING: exec() call to Notification.confirm blocked the main thread for 42ms. Plugin should use CordovaInterface.getThreadPool().
I/Choreographer( 1200): Skipped 299 frames! The application may be doing too much work on its main thread.
I/Choreographer( 482): Skipped 42 frames! The application may be doing too much work on its main thread.
I/Choreographer( 482): Skipped 128 frames! The application may be doing too much work on its main thread.
I/Choreographer( 482): Skipped 42 frames! The application may be doing too much work on its main thread.
I/Choreographer( 1200): Skipped 66 frames! The application may be doing too much work on its main thread.
I/Choreographer( 1200): Skipped 108 frames! The application may be doing too much work on its main thread.
I/Choreographer( 1200): Skipped 111 frames! The application may be doing too much work on its main thread.
I/Choreographer( 1200): Skipped 77 frames! The application may be doing too much work on its main thread.
W/InputMethodManagerService( 482): Window already focused, ignoring focus gain of: com.android.internal.view.IInputMethodClient$Stub$Proxy@b30657e0 attribute=null, token = android.os.BinderProxy@b302d948
I/Choreographer( 482): Skipped 58 frames! The application may be doing too much work on its main thread.
E/SoundPool( 482): error loading /system/media/audio/ui/Effect_Tick.ogg
W/AudioService( 482): Soundpool could not load file: /system/media/audio/ui/Effect_Tick.ogg
E/SoundPool( 482): error loading /system/media/audio/ui/Effect_Tick.ogg
W/AudioService( 482): Soundpool could not load file: /system/media/audio/ui/Effect_Tick.ogg
E/SoundPool( 482): error loading /system/media/audio/ui/Effect_Tick.ogg
W/AudioService( 482): Soundpool could not load file: /system/media/audio/ui/Effect_Tick.ogg
E/SoundPool( 482): error loading /system/media/audio/ui/Effect_Tick.ogg
W/AudioService( 482): Soundpool could not load file: /system/media/audio/ui/Effect_Tick.ogg
E/SoundPool( 482): error loading /system/media/audio/ui/Effect_Tick.ogg
W/AudioService( 482): Soundpool could not load file: /system/media/audio/ui/Effect_Tick.ogg
E/SoundPool( 482): error loading /system/media/audio/ui/KeypressStandard.ogg
W/AudioService( 482): Soundpool could not load file: /system/media/audio/ui/KeypressStandard.ogg
E/SoundPool( 482): error loading /system/media/audio/ui/KeypressSpacebar.ogg
I/Choreographer( 482): Skipped 241 frames! The application may be doing too much work on its main thread.
W/AudioService( 482): Soundpool could not load file: /system/media/audio/ui/KeypressSpacebar.ogg
E/SoundPool( 482): error loading /system/media/audio/ui/KeypressDelete.ogg
W/AudioService( 482): Soundpool could not load file: /system/media/audio/ui/KeypressDelete.ogg
E/SoundPool( 482): error loading /system/media/audio/ui/KeypressReturn.ogg
W/AudioService( 482): Soundpool could not load file: /system/media/audio/ui/KeypressReturn.ogg
E/SoundPool( 482): error loading /system/media/audio/ui/KeypressInvalid.ogg
W/AudioService( 482): Soundpool could not load file: /system/media/audio/ui/KeypressInvalid.ogg
W/AudioService( 482): onLoadSoundEffects(), Error -1 while loading samples
I/Choreographer( 482): Skipped 192 frames! The application may be doing too much work on its main thread.
I/Choreographer( 1200): Skipped 38 frames! The application may be doing too much work on its main thread.
I/Choreographer( 1200): Skipped 36 frames! The application may be doing too much work on its main thread.
I/Choreographer( 1200): Skipped 64 frames! The application may be doing too much work on its main thread.
W/paypal.sdk( 1200): PayPalService created. PayPalSDK/PayPal-Android-SDK 2.10.0 (Android 4.4.4; unknown sdk; )
W/CordovaPlugin( 1200): Attempted to send a second callback for ID: PayPalMobile509020772
W/CordovaPlugin( 1200): Result was: "Paypal Service class destroyed, Activity is closed."
W/PluginManager( 1200): THREAD WARNING: exec() call to PayPalMobile.prepareToRender blocked the main thread for 205ms. Plugin should use CordovaInterface.getThreadPool().
D/dalvikvm( 1200): GC_CONCURRENT freed 2254K, 32% free 6013K/8780K, paused 36ms+27ms, total 686ms
D/dalvikvm( 1200): WAIT_FOR_CONCURRENT_GC blocked 84ms
W/CursorWrapperInner( 1200): Cursor finalized without prior close()
I/Choreographer( 1200): Skipped 224 frames! The application may be doing too much work on its main thread.
I/Choreographer( 1200): Skipped 358 frames! The application may be doing too much work on its main thread.
I/Choreographer( 482): Skipped 62 frames! The application may be doing too much work on its main thread.
I/Choreographer( 482): Skipped 31 frames! The application may be doing too much work on its main thread.
I/Choreographer( 482): Skipped 44 frames! The application may be doing too much work on its main thread.
I/Choreographer( 482): Skipped 41 frames! The application may be doing too much work on its main thread.
I/Choreographer( 1200): Skipped 1023 frames! The application may be doing too much work on its main thread.
I/Choreographer( 1200): Skipped 138 frames! The application may be doing too much work on its main thread.
I/Choreographer( 482): Skipped 57 frames! The application may be doing too much work on its main thread.
W/InputMethodManagerService( 482): Window already focused, ignoring focus gain of: com.android.internal.view.IInputMethodClient$Stub$Proxy@b30a08b8 attribute=null, token = android.os.BinderProxy@b302d948
E/SoundPool( 482): error loading /system/media/audio/ui/Effect_Tick.ogg
W/AudioService( 482): Soundpool could not load file: /system/media/audio/ui/Effect_Tick.ogg
E/SoundPool( 482): error loading /system/media/audio/ui/Effect_Tick.ogg
W/AudioService( 482): Soundpool could not load file: /system/media/audio/ui/Effect_Tick.ogg
I/Choreographer( 482): Skipped 76 frames! The application may be doing too much work on its main thread.
E/SoundPool( 482): error loading /system/media/audio/ui/Effect_Tick.ogg
W/AudioService( 482): Soundpool could not load file: /system/media/audio/ui/Effect_Tick.ogg
E/SoundPool( 482): error loading /system/media/audio/ui/Effect_Tick.ogg
W/AudioService( 482): Soundpool could not load file: /system/media/audio/ui/Effect_Tick.ogg
E/SoundPool( 482): error loading /system/media/audio/ui/Effect_Tick.ogg
W/AudioService( 482): Soundpool could not load file: /system/media/audio/ui/Effect_Tick.ogg
E/SoundPool( 482): error loading /system/media/audio/ui/KeypressStandard.ogg
I/Choreographer( 482): Skipped 72 frames! The application may be doing too much work on its main thread.
W/AudioService( 482): Soundpool could not load file: /system/media/audio/ui/KeypressStandard.ogg
E/SoundPool( 482): error loading /system/media/audio/ui/KeypressSpacebar.ogg
W/AudioService( 482): Soundpool could not load file: /system/media/audio/ui/KeypressSpacebar.ogg
E/SoundPool( 482): error loading /system/media/audio/ui/KeypressDelete.ogg
W/AudioService( 482): Soundpool could not load file: /system/media/audio/ui/KeypressDelete.ogg
E/SoundPool( 482): error loading /system/media/audio/ui/KeypressReturn.ogg
W/AudioService( 482): Soundpool could not load file: /system/media/audio/ui/KeypressReturn.ogg
E/SoundPool( 482): error loading /system/media/audio/ui/KeypressInvalid.ogg
W/AudioService( 482): Soundpool could not load file: /system/media/audio/ui/KeypressInvalid.ogg
W/AudioService( 482): onLoadSoundEffects(), Error -1 while loading samples
D/dalvikvm( 1200): GC_CONCURRENT freed 1019K, 29% free 6023K/8456K, paused 76ms+23ms, total 271ms
I/ActivityManager( 482): START u0 {cmp=com.finys.prototype.insured/com.paypal.android.sdk.payments.PaymentActivity (has extras)} from pid 1200
D/CordovaActivity( 1200): Paused the application!
D/CordovaWebView( 1200): Handle the pause
W/PluginManager( 1200): THREAD WARNING: exec() call to PayPalMobile.renderSinglePaymentUI blocked the main thread for 124ms. Plugin should use CordovaInterface.getThreadPool().
I/Choreographer( 482): Skipped 67 frames! The application may be doing too much work on its main thread.
I/Choreographer( 482): Skipped 48 frames! The application may be doing too much work on its main thread.
W/paypal.sdk( 1200): PayPalService created. PayPalSDK/PayPal-Android-SDK 2.10.0 (Android 4.4.4; unknown sdk; )
I/Choreographer( 482): Skipped 33 frames! The application may be doing too much work on its main thread.
I/Choreographer( 482): Skipped 41 frames! The application may be doing too much work on its main thread.
I/Choreographer( 482): Skipped 34 frames! The application may be doing too much work on its main thread.
I/Choreographer( 1200): Skipped 1105 frames! The application may be doing too much work on its main thread.
I/Choreographer( 482): Skipped 57 frames! The application may be doing too much work on its main thread.
W/PaymentActivity( 1200): Please add PayPalService.EXTRA_PAYPAL_CONFIGURATION to this activity for restart resiliency.
I/Choreographer( 1200): Skipped 100 frames! The application may be doing too much work on its main thread.
I/Choreographer( 482): Skipped 56 frames! The application may be doing too much work on its main thread.
I/Choreographer( 482): Skipped 32 frames! The application may be doing too much work on its main thread.
I/Choreographer( 482): Skipped 31 frames! The application may be doing too much work on its main thread.
I/Choreographer( 482): Skipped 62 frames! The application may be doing too much work on its main thread.
I/Choreographer( 482): Skipped 30 frames! The application may be doing too much work on its main thread.
I/Choreographer( 1200): Skipped 158 frames! The application may be doing too much work on its main thread.
I/Choreographer( 482): Skipped 188 frames! The application may be doing too much work on its main thread.
I/ActivityManager( 482): Displayed com.finys.prototype.insured/com.paypal.android.sdk.payments.PaymentActivity: +4s70ms (total +1m20s48ms)
I/Choreographer( 482): Skipped 51 frames! The application may be doing too much work on its main thread.
I/Choreographer( 482): Skipped 53 frames! The application may be doing too much work on its main thread.
I/Choreographer( 482): Skipped 74 frames! The application may be doing too much work on its main thread.
I/Choreographer( 1200): Skipped 345 frames! The application may be doing too much work on its main thread.
I/Choreographer( 482): Skipped 119 frames! The application may be doing too much work on its main thread.
I/Choreographer( 1200): Skipped 132 frames! The application may be doing too much work on its main thread.
I/Choreographer( 482): Skipped 42 frames! The application may be doing too much work on its main thread.
I/Choreographer( 482): Skipped 40 frames! The application may be doing too much work on its main thread.
I/Choreographer( 1200): Skipped 63 frames! The application may be doing too much work on its main thread.
I/Choreographer( 1200): Skipped 68 frames! The application may be doing too much work on its main thread.
I/Choreographer( 1200): Skipped 55 frames! The application may be doing too much work on its main thread.
I/Choreographer( 1200): Skipped 47 frames! The application may be doing too much work on its main thread.
D/dalvikvm( 1200): GC_CONCURRENT freed 884K, 27% free 6248K/8456K, paused 223ms+34ms, total 1461ms
D/dalvikvm( 1200): WAIT_FOR_CONCURRENT_GC blocked 225ms
D/dalvikvm( 1200): WAIT_FOR_CONCURRENT_GC blocked 249ms
D/dalvikvm( 1200): WAIT_FOR_CONCURRENT_GC blocked 258ms
D/dalvikvm( 1200): WAIT_FOR_CONCURRENT_GC blocked 227ms
I/Choreographer( 1200): Skipped 39 frames! The application may be doing too much work on its main thread.
I/Choreographer( 1200): Skipped 61 frames! The application may be doing too much work on its main thread.
I/Choreographer( 1200): Skipped 49 frames! The application may be doing too much work on its main thread.
I/Choreographer( 1200): Skipped 36 frames! The application may be doing too much work on its main thread.
I/Choreographer( 1200): Skipped 44 frames! The application may be doing too much work on its main thread.
I/Choreographer( 1200): Skipped 30 frames! The application may be doing too much work on its main thread.
I/Choreographer( 1200): Skipped 51 frames! The application may be doing too much work on its main thread.
I/Choreographer( 1200): Skipped 52 frames! The application may be doing too much work on its main thread.
I/Choreographer( 1200): Skipped 56 frames! The application may be doing too much work on its main thread.
I/Choreographer( 1200): Skipped 93 frames! The application may be doing too much work on its main thread.
I/Choreographer( 1200): Skipped 117 frames! The application may be doing too much work on its main thread.
I/Choreographer( 1200): Skipped 70 frames! The application may be doing too much work on its main thread.
I/Choreographer( 1200): Skipped 50 frames! The application may be doing too much work on its main thread.
I/Choreographer( 1200): Skipped 72 frames! The application may be doing too much work on its main thread.
I/Choreographer( 1200): Skipped 46 frames! The application may be doing too much work on its main thread.
I/Choreographer( 1200): Skipped 38 frames! The application may be doing too much work on its main thread.
I/Choreographer( 1200): Skipped 40 frames! The application may be doing too much work on its main thread.
I/Choreographer( 1200): Skipped 39 frames! The application may be doing too much work on its main thread.
I/Choreographer( 1200): Skipped 32 frames! The application may be doing too much work on its main thread.
I/Choreographer( 1200): Skipped 68 frames! The application may be doing too much work on its main thread.
I/Choreographer( 1200): Skipped 30 frames! The application may be doing too much work on its main thread.
I/Choreographer( 1200): Skipped 39 frames! The application may be doing too much work on its main thread.
I/Choreographer( 1200): Skipped 52 frames! The application may be doing too much work on its main thread.
I/Choreographer( 1200): Skipped 101 frames! The application may be doing too much work on its main thread.
I/Choreographer( 1200): Skipped 39 frames! The application may be doing too much work on its main thread.
I/Choreographer( 1200): Skipped 31 frames! The application may be doing too much work on its main thread.
I/Choreographer( 1200): Skipped 34 frames! The application may be doing too much work on its main thread.
I/Choreographer( 1200): Skipped 34 frames! The application may be doing too much work on its main thread.
